000
CDUS43 KGLD 040047 RRA
CLIHLC

CLIMATE REPORT
NATIONAL WEATHER SERVICE GOODLAND
644 PM MDT THU AUG 3 2017

...................................

...THE HILL CITY KS CLIMATE SUMMARY FOR AUGUST 3 2017...
VALID TODAY AS OF 0600 PM LOCAL TIME.

CLIMATE NORMAL PERIOD 1981 TO 2010
CLIMATE RECORD PERIOD 1896 TO 2017


WEATHER ITEM   OBSERVED TIME   RECORD YEAR NORMAL DEPARTURE LAST
                VALUE   (LST)  VALUE       VALUE  FROM      YEAR
                                                  NORMAL
..................................................................
TEMPERATURE (F)
 TODAY
  MAXIMUM         76    459 PM 110    1934  92    -16       97
  MINIMUM         62    644 AM  46    1974  66     -4       70
  AVERAGE         69                        79    -10       84

PRECIPITATION (IN)
  TODAY            T                         0.10  -0.10     0.00
  MONTH TO DATE    0.11                      0.29  -0.18     0.00
  SINCE JUN 1      4.68                      6.76  -2.08     2.86
  SINCE JAN 1     15.96                     15.26   0.70    15.80

..................................................................


THE HILL CITY KS CLIMATE NORMALS FOR TOMORROW
                         NORMAL    RECORD    YEAR
 MAXIMUM TEMPERATURE (F)   92       108      1934
 MINIMUM TEMPERATURE (F)   66        44      1974


-  INDICATES NEGATIVE NUMBERS.
R  INDICATES RECORD WAS SET OR TIED.
MM INDICATES DATA IS MISSING.
T  INDICATES TRACE AMOUNT.


$$
