000
CDUS43 KGLD 230746 RRA
CLIHLC

CLIMATE REPORT
NATIONAL WEATHER SERVICE GOODLAND
141 AM MDT SUN AUG 23 2015

...................................

...THE HILL CITY KS CLIMATE SUMMARY FOR AUGUST 22 2015...

CLIMATE NORMAL PERIOD 1981 TO 2010
CLIMATE RECORD PERIOD 1896 TO 2015


WEATHER ITEM   OBSERVED TIME   RECORD YEAR NORMAL DEPARTURE LAST
                VALUE   (LST)  VALUE       VALUE  FROM      YEAR
                                                  NORMAL
..................................................................
TEMPERATURE (F)
 YESTERDAY
  MAXIMUM         98    352 PM 107    1938  89      9       95
  MINIMUM         64   1159 PM  44    1923  62      2       68
  AVERAGE         81                        76      5       82

PRECIPITATION (IN)
  YESTERDAY        0.00                      0.09  -0.09     0.72
  MONTH TO DATE    1.00                      2.05  -1.05     2.33
  SINCE JUN 1      8.24                      8.52  -0.28    11.06
  SINCE JAN 1     15.77                     17.02  -1.25    16.00

..................................................................


THE HILL CITY KS CLIMATE NORMALS FOR TODAY
                         NORMAL    RECORD    YEAR
 MAXIMUM TEMPERATURE (F)   89       109      1943
 MINIMUM TEMPERATURE (F)   62        44      1911



-  INDICATES NEGATIVE NUMBERS.
R  INDICATES RECORD WAS SET OR TIED.
MM INDICATES DATA IS MISSING.
T  INDICATES TRACE AMOUNT.

$$
