581
CDUS43 KGLD 220045
CLIHLC

CLIMATE REPORT
NATIONAL WEATHER SERVICE GOODLAND
643 PM MDT THU JUL 21 2016

...................................

...THE HILL CITY KS CLIMATE SUMMARY FOR JULY 21 2016...
VALID TODAY AS OF 0600 PM LOCAL TIME.

CLIMATE NORMAL PERIOD 1981 TO 2010
CLIMATE RECORD PERIOD 1896 TO 2016


WEATHER ITEM   OBSERVED TIME   RECORD YEAR NORMAL DEPARTURE LAST
                VALUE   (LST)  VALUE       VALUE  FROM      YEAR
                                                  NORMAL
..................................................................
TEMPERATURE (F)
 TODAY
  MAXIMUM        101    459 PM 110    1934  93      8       88
  MINIMUM         73    611 AM  48    1970  66      7       60
  AVERAGE         87                        80      7       74

PRECIPITATION (IN)
  TODAY            0.00                      0.12  -0.12     0.00
  MONTH TO DATE    1.70                      2.51  -0.81     5.63
  SINCE JUN 1      2.26                      5.27  -3.01     6.41
  SINCE JAN 1     15.20                     13.77   1.43    13.94

..................................................................


THE HILL CITY KS CLIMATE NORMALS FOR TOMORROW
                         NORMAL    RECORD    YEAR
 MAXIMUM TEMPERATURE (F)   93       108      1934
 MINIMUM TEMPERATURE (F)   66        49      1909


-  INDICATES NEGATIVE NUMBERS.
R  INDICATES RECORD WAS SET OR TIED.
MM INDICATES DATA IS MISSING.
T  INDICATES TRACE AMOUNT.


$$
