000
CDUS43 KGLD 070738
CLIHLC

CLIMATE REPORT
NATIONAL WEATHER SERVICE GOODLAND
135 AM MDT SUN SEP 7 2014


...................................

...THE HILL CITY KS CLIMATE SUMMARY FOR SEPTEMBER 6 2014...

CLIMATE NORMAL PERIOD 1981 TO 2010
CLIMATE RECORD PERIOD 1896 TO 2014


WEATHER ITEM   OBSERVED TIME   RECORD YEAR NORMAL DEPARTURE LAST
                VALUE   (LST)  VALUE       VALUE  FROM      YEAR
                                                  NORMAL
..................................................................
TEMPERATURE (F)
 YESTERDAY
  MAXIMUM         75    437 PM 107    1939  86    -11      103
  MINIMUM         47    630 AM  36    1956  57    -10       64
  AVERAGE         61                        72    -11       84

PRECIPITATION (IN)
  YESTERDAY        0.00                      0.07  -0.07     0.00
  MONTH TO DATE    0.09                      0.49  -0.40     0.00
  SINCE SEP 1      0.09                      0.49  -0.40     0.00
  SINCE JAN 1     19.91                     18.37   1.54    12.94

..................................................................


THE HILL CITY KS CLIMATE NORMALS FOR TODAY
                         NORMAL    RECORD    YEAR
 MAXIMUM TEMPERATURE (F)   85       106      1971
 MINIMUM TEMPERATURE (F)   57        34      1910



-  INDICATES NEGATIVE NUMBERS.
R  INDICATES RECORD WAS SET OR TIED.
MM INDICATES DATA IS MISSING.
T  INDICATES TRACE AMOUNT.

$$
