000
CDUS43 KGLD 220051
CLIHLC

WRKCLIHLC 000
TTAA00 KGLD 220050

CLIMATE REPORT
NATIONAL WEATHER SERVICE GOODLAND
648 PM MDT SUN JUN 21 2015
...................................

...THE HILL CITY KS CLIMATE SUMMARY FOR JUNE 21 2015...
VALID TODAY AS OF 0600 PM LOCAL TIME.

CLIMATE NORMAL PERIOD 1981 TO 2010
CLIMATE RECORD PERIOD 1896 TO 2015

WEATHER ITEM   OBSERVED TIME   RECORD YEAR NORMAL DEPARTURE LAST
                VALUE   (LST)  VALUE       VALUE  FROM      YEAR
                                                  NORMAL
..................................................................
TEMPERATURE (F)
 TODAY
  MAXIMUM        102    453 PM 106    1988  88     14       93
                                      1936
  MINIMUM         66    546 AM  47    1972  61      5       65
  AVERAGE         84                        75      9       79

PRECIPITATION (IN)
  TODAY            0.00                      0.10  -0.10      T
  MONTH TO DATE    0.78                      2.01  -1.23     4.76
  SINCE JUN 1      0.78                      2.01  -1.23     4.76
  SINCE JAN 1      8.31                     10.51  -2.20     9.70

..................................................................

THE HILL CITY KS CLIMATE NORMALS FOR TOMORROW
                         NORMAL    RECORD    YEAR
 MAXIMUM TEMPERATURE (F)   89       105      1988
 MINIMUM TEMPERATURE (F)   62        43      1985

-  INDICATES NEGATIVE NUMBERS.
R  INDICATES RECORD WAS SET OR TIED.
MM INDICATES DATA IS MISSING.
T  INDICATES TRACE AMOUNT.

$$
