000
CDUS43 KGLD 100738
CLIHLC

CLIMATE REPORT
NATIONAL WEATHER SERVICE GOODLAND
135 AM MDT TUE MAY 10 2016

...................................

...THE HILL CITY KS CLIMATE SUMMARY FOR MAY 9 2016...

CLIMATE NORMAL PERIOD 1981 TO 2010
CLIMATE RECORD PERIOD 1896 TO 2016


WEATHER ITEM   OBSERVED TIME   RECORD YEAR NORMAL DEPARTURE LAST
                VALUE   (LST)  VALUE       VALUE  FROM      YEAR
                                                  NORMAL
..................................................................
TEMPERATURE (F)
 YESTERDAY
  MAXIMUM         76    526 PM  97    2011  73      3       66
  MINIMUM         48    404 AM  32    1997  47      1       53
  AVERAGE         62                        60      2       60

PRECIPITATION (IN)
  YESTERDAY        T                         0.12  -0.12     0.23
  MONTH TO DATE    0.46                      1.02  -0.56     1.14
  SINCE MAR 1      7.38                      4.77   2.61     4.75
  SINCE JAN 1      8.27                      5.74   2.53     5.17

..................................................................


THE HILL CITY KS CLIMATE NORMALS FOR TODAY
                         NORMAL    RECORD    YEAR
 MAXIMUM TEMPERATURE (F)   74        96      1914
 MINIMUM TEMPERATURE (F)   48        30      1981


-  INDICATES NEGATIVE NUMBERS.
R  INDICATES RECORD WAS SET OR TIED.
MM INDICATES DATA IS MISSING.
T  INDICATES TRACE AMOUNT.


$$
