000
CDUS43 KGLD 290748 RRA
CLIHLC

CLIMATE REPORT
NATIONAL WEATHER SERVICE GOODLAND
1239 AM MST TUE NOV 29 2016


...................................

...THE HILL CITY KS CLIMATE SUMMARY FOR NOVEMBER 28 2016...

CLIMATE NORMAL PERIOD 1981 TO 2010
CLIMATE RECORD PERIOD 1896 TO 2016


WEATHER ITEM   OBSERVED TIME   RECORD YEAR NORMAL DEPARTURE LAST
                VALUE   (LST)  VALUE       VALUE  FROM      YEAR
                                                  NORMAL
..................................................................
TEMPERATURE (F)
 YESTERDAY
  MAXIMUM         57    353 PM  80    2014  47     10       30
  MINIMUM         32    937 PM -11    1952  22     10       24
  AVERAGE         45                        35     10       27

PRECIPITATION (IN)
  YESTERDAY        0.00                      0.02  -0.02     0.00
  MONTH TO DATE    0.45                      0.91  -0.46     1.27
  SINCE SEP 1      9.28                      4.31   4.97     3.72
  SINCE JAN 1     28.81                     22.19   6.62    19.53

..................................................................

THE HILL CITY KS CLIMATE NORMALS FOR TODAY
                         NORMAL    RECORD    YEAR
 MAXIMUM TEMPERATURE (F)   47        79      2014
 MINIMUM TEMPERATURE (F)   22        -1      1976
                                             1952



-  INDICATES NEGATIVE NUMBERS.
R  INDICATES RECORD WAS SET OR TIED.
MM INDICATES DATA IS MISSING.
T  INDICATES TRACE AMOUNT.

$$
