000
CDUS43 KGLD 080039 RRB
CLIHLC

CLIMATE REPORT
NATIONAL WEATHER SERVICE GOODLAND
637 PM MDT SUN AUG 7 2016

...................................

...THE HILL CITY KS CLIMATE SUMMARY FOR AUGUST 7 2016...
VALID TODAY AS OF 0600 PM LOCAL TIME.

CLIMATE NORMAL PERIOD 1981 TO 2010
CLIMATE RECORD PERIOD 1896 TO 2016


WEATHER ITEM   OBSERVED TIME   RECORD YEAR NORMAL DEPARTURE LAST
                VALUE   (LST)  VALUE       VALUE  FROM      YEAR
                                                  NORMAL
..................................................................
TEMPERATURE (F)
 TODAY
  MAXIMUM         73    459 PM 109    1938  91    -18       97
  MINIMUM         65    756 AM  50    1989  65      0       63
  AVERAGE         69                        78     -9       80

PRECIPITATION (IN)
  TODAY            0.89                      0.10   0.79     0.09
  MONTH TO DATE    1.47                      0.67   0.80     0.38
  SINCE JUN 1      4.33                      7.14  -2.81     7.62
  SINCE JAN 1     17.27                     15.64   1.63    15.15

..................................................................


THE HILL CITY KS CLIMATE NORMALS FOR TOMORROW
                         NORMAL    RECORD    YEAR
 MAXIMUM TEMPERATURE (F)   91       112      1934
 MINIMUM TEMPERATURE (F)   65        46      1989



-  INDICATES NEGATIVE NUMBERS.
R  INDICATES RECORD WAS SET OR TIED.
MM INDICATES DATA IS MISSING.
T  INDICATES TRACE AMOUNT.

$$
