000
CDUS43 KGLD 170811 RRA
CLIHLC

CLIMATE REPORT
NATIONAL WEATHER SERVICE GOODLAND
208 AM MDT WED MAY 17 2017
...................................

...THE HILL CITY KS CLIMATE SUMMARY FOR MAY 16 2017...

CLIMATE NORMAL PERIOD 1981 TO 2010
CLIMATE RECORD PERIOD 1896 TO 2017

WEATHER ITEM   OBSERVED TIME   RECORD YEAR NORMAL DEPARTURE LAST
                VALUE   (LST)  VALUE       VALUE  FROM      YEAR
                                                  NORMAL
..................................................................
TEMPERATURE (F)
 YESTERDAY
  MAXIMUM         90    231 PM  96    2001  75     15       49
  MINIMUM         57   1159 PM  31    1923  50      7       45
                                      1983
  AVERAGE         74                        63     11       47

PRECIPITATION (IN)
  YESTERDAY        0.55                      0.13   0.42     1.17
  MONTH TO DATE    1.44                      1.90  -0.46     2.20
  SINCE MAR 1      7.16                      5.65   1.51     9.12
  SINCE JAN 1      8.23                      6.62   1.61    10.01

..................................................................

THE HILL CITY KS CLIMATE NORMALS FOR TODAY
                         NORMAL    RECORD    YEAR
 MAXIMUM TEMPERATURE (F)   76       103      1927
 MINIMUM TEMPERATURE (F)   50        30      1945

-  INDICATES NEGATIVE NUMBERS.
R  INDICATES RECORD WAS SET OR TIED.
MM INDICATES DATA IS MISSING.
T  INDICATES TRACE AMOUNT.

$$
