466
CDUS43 KGLD 150747 RRB
CLIHLC

CLIMATE REPORT
NATIONAL WEATHER SERVICE GOODLAND
1244 AM MST WED FEB 15 2017


...................................

...THE HILL CITY KS CLIMATE SUMMARY FOR FEBRUARY 14 2017...

CLIMATE NORMAL PERIOD 1981 TO 2010
CLIMATE RECORD PERIOD 1896 TO 2017


WEATHER ITEM   OBSERVED TIME   RECORD YEAR NORMAL DEPARTURE LAST
                VALUE   (LST)  VALUE       VALUE  FROM      YEAR
                                                  NORMAL
..................................................................
TEMPERATURE (F)
 YESTERDAY
  MAXIMUM         55    402 PM  79    1954  46      9       54
  MINIMUM         26   1159 PM  -3    2007  19      7       24
  AVERAGE         41                        32      9       39

PRECIPITATION (IN)
  YESTERDAY        0.00                      0.01  -0.01     0.00
  MONTH TO DATE    0.01                      0.25  -0.24     0.56
  SINCE DEC 1      1.49                      1.39   0.10     2.70
  SINCE JAN 1      1.07                      0.70   0.37     0.84

..................................................................


THE HILL CITY KS CLIMATE NORMALS FOR TODAY
                         NORMAL    RECORD    YEAR
 MAXIMUM TEMPERATURE (F)   46        78      1921
 MINIMUM TEMPERATURE (F)   20        -6      2007



-  INDICATES NEGATIVE NUMBERS.
R  INDICATES RECORD WAS SET OR TIED.
MM INDICATES DATA IS MISSING.
T  INDICATES TRACE AMOUNT.

$$
