000
CDUS43 KGLD 120041 RRA
CLIHLC

CLIMATE REPORT
NATIONAL WEATHER SERVICE GOODLAND
537 PM MST TUE NOV 11 2014


...................................

...THE HILL CITY KS CLIMATE SUMMARY FOR NOVEMBER 11 2014...
VALID TODAY AS OF 0500 PM LOCAL TIME.

CLIMATE NORMAL PERIOD 1981 TO 2010
CLIMATE RECORD PERIOD 1896 TO 2014


WEATHER ITEM   OBSERVED TIME   RECORD YEAR NORMAL DEPARTURE LAST
                VALUE   (LST)  VALUE       VALUE  FROM      YEAR
                                                  NORMAL
..................................................................
TEMPERATURE (F)
 TODAY
  MAXIMUM         27    316 PM  78    2007  56    -29       48
                                      1971
  MINIMUM         11    744 AM   0    1911  29    -18       25
  AVERAGE         19                        43    -24       37

PRECIPITATION (IN)
  TODAY            0.00                      0.03  -0.03     0.00
  MONTH TO DATE    T                         0.44  -0.44     0.69
  SINCE SEP 1      1.61                      3.84  -2.23     4.62
  SINCE JAN 1     21.43                     21.72  -0.29    17.56

..................................................................

THE HILL CITY KS CLIMATE NORMALS FOR TOMORROW
                         NORMAL    RECORD    YEAR
 MAXIMUM TEMPERATURE (F)   56        77      1952
 MINIMUM TEMPERATURE (F)   29         2      1940

-  INDICATES NEGATIVE NUMBERS.
R  INDICATES RECORD WAS SET OR TIED.
MM INDICATES DATA IS MISSING.
T  INDICATES TRACE AMOUNT.

$$
