490
CDUS43 KGLD 190806 RRA
CLIHLC

CLIMATE REPORT
NATIONAL WEATHER SERVICE GOODLAND
203 AM MDT FRI MAY 19 2017
...................................

...THE HILL CITY KS CLIMATE SUMMARY FOR MAY 18 2017...

CLIMATE NORMAL PERIOD 1981 TO 2010
CLIMATE RECORD PERIOD 1896 TO 2017

WEATHER ITEM   OBSERVED TIME   RECORD YEAR NORMAL DEPARTURE LAST
                VALUE   (LST)  VALUE       VALUE  FROM      YEAR
                                                  NORMAL
..................................................................
TEMPERATURE (F)
 YESTERDAY
  MAXIMUM         59    438 PM 101    1996  76    -17       70
  MINIMUM         50    645 AM  31    2002  51     -1       42
  AVERAGE         55                        63     -8       56

PRECIPITATION (IN)
  YESTERDAY        0.12                      0.15  -0.03     0.00
  MONTH TO DATE    1.70                      2.19  -0.49     2.21
  SINCE MAR 1      7.42                      5.94   1.48     9.13
  SINCE JAN 1      8.49                      6.91   1.58    10.02

..................................................................

THE HILL CITY KS CLIMATE NORMALS FOR TODAY
                         NORMAL    RECORD    YEAR
 MAXIMUM TEMPERATURE (F)   76        99      2006
 MINIMUM TEMPERATURE (F)   51        30      1931

-  INDICATES NEGATIVE NUMBERS.
R  INDICATES RECORD WAS SET OR TIED.
MM INDICATES DATA IS MISSING.
T  INDICATES TRACE AMOUNT.

$$
