000
CDUS43 KGLD 130038 RRA
CLIHLC

CLIMATE REPORT
NATIONAL WEATHER SERVICE GOODLAND
536 PM MST SUN FEB 12 2017

...................................

...THE HILL CITY KS CLIMATE SUMMARY FOR FEBRUARY 12 2017...
VALID TODAY AS OF 0500 PM LOCAL TIME.

CLIMATE NORMAL PERIOD 1981 TO 2010
CLIMATE RECORD PERIOD 1896 TO 2017


WEATHER ITEM   OBSERVED TIME   RECORD YEAR NORMAL DEPARTURE LAST
                VALUE   (LST)  VALUE       VALUE  FROM      YEAR
                                                  NORMAL
..................................................................
TEMPERATURE (F)
 TODAY
  MAXIMUM         51    456 PM  80    1962  45      6       40
  MINIMUM         31    736 AM  -6    1965  19     12       24
  AVERAGE         41                        32      9       32

PRECIPITATION (IN)
  TODAY            0.00                      0.02  -0.02     0.00
  MONTH TO DATE    0.00                      0.22  -0.22     0.56
  SINCE DEC 1      1.48                      1.36   0.12     2.70
  SINCE JAN 1      1.06                      0.67   0.39     0.84

..................................................................


THE HILL CITY KS CLIMATE NORMALS FOR TOMORROW
                         NORMAL    RECORD    YEAR
 MAXIMUM TEMPERATURE (F)   45        75      1967
                                             1954
 MINIMUM TEMPERATURE (F)   19         1      1986



-  INDICATES NEGATIVE NUMBERS.
R  INDICATES RECORD WAS SET OR TIED.
MM INDICATES DATA IS MISSING.
T  INDICATES TRACE AMOUNT.

$$
