000
CDUS43 KGLD 200049
CLIHLC

CLIMATE REPORT
NATIONAL WEATHER SERVICE GOODLAND
642 PM MDT SAT JUL 19 2014

...................................

...THE HILL CITY KS CLIMATE SUMMARY FOR JULY 19 2014...
VALID TODAY AS OF 0600 PM LOCAL TIME.

CLIMATE NORMAL PERIOD 1981 TO 2010
CLIMATE RECORD PERIOD 1896 TO 2014

WEATHER ITEM   OBSERVED TIME   RECORD YEAR NORMAL DEPARTURE LAST
                VALUE   (LST)  VALUE       VALUE  FROM      YEAR
                                                  NORMAL
..................................................................
TEMPERATURE (F)
 TODAY
  MAXIMUM         82    459 PM 112    1934  93    -11       99
  MINIMUM         65    406 AM  55    2009  66     -1       71
  AVERAGE         74                        80     -6       85

PRECIPITATION (IN)
  TODAY            0.00                      0.11  -0.11     0.02
  MONTH TO DATE    1.79                      2.28  -0.49     0.23
  SINCE JUN 1      8.72                      5.04   3.68     2.91
  SINCE JAN 1     13.66                     13.54   0.12     7.25

..................................................................

THE HILL CITY KS CLIMATE NORMALS FOR TOMORROW
                         NORMAL    RECORD    YEAR
 MAXIMUM TEMPERATURE (F)   93       112      1939
 MINIMUM TEMPERATURE (F)   66        55      1988
                                             1913

-  INDICATES NEGATIVE NUMBERS.
R  INDICATES RECORD WAS SET OR TIED.
MM INDICATES DATA IS MISSING.
T  INDICATES TRACE AMOUNT.

$$
