000
CDUS43 KGLD 211844
CLIHLC

CLIMATE REPORT
NATIONAL WEATHER SERVICE GOODLAND
1243 PM MDT TUE JUL 21 2015


...................................

...THE HILL CITY KS CLIMATE SUMMARY FOR JULY 20 2015...

CLIMATE NORMAL PERIOD 1981 TO 2010
CLIMATE RECORD PERIOD 1896 TO 2015


WEATHER ITEM   OBSERVED TIME   RECORD YEAR NORMAL DEPARTURE LAST
                VALUE   (LST)  VALUE       VALUE  FROM      YEAR
                                                  NORMAL
..................................................................
TEMPERATURE (F)
 YESTERDAY
  MAXIMUM         93    243 PM 112    1939  93      0      101
  MINIMUM         69   1159 PM  55    1988  66      3       68
                                      1913
  AVERAGE         81                        80      1       85

PRECIPITATION (IN)
  YESTERDAY        0.02                      0.11  -0.09     0.00
  MONTH TO DATE    5.63                      2.39   3.24     1.79
  SINCE JUN 1      6.41                      5.15   1.26     8.72
  SINCE JAN 1     13.94                     13.65   0.29    13.66

..................................................................


THE HILL CITY KS CLIMATE NORMALS FOR TODAY
                         NORMAL    RECORD    YEAR
 MAXIMUM TEMPERATURE (F)   93       110      1934
 MINIMUM TEMPERATURE (F)   66        48      1970



-  INDICATES NEGATIVE NUMBERS.
R  INDICATES RECORD WAS SET OR TIED.
MM INDICATES DATA IS MISSING.
T  INDICATES TRACE AMOUNT.

$$
