000
CDUS43 KGLD 070101
CLIHLC

CLIMATE REPORT
NATIONAL WEATHER SERVICE GOODLAND
654 PM MDT SUN APR 6 2014


...................................

...THE HILL CITY KS CLIMATE SUMMARY FOR APRIL 6 2014...
VALID TODAY AS OF 0600 PM LOCAL TIME.

CLIMATE NORMAL PERIOD 1981 TO 2010
CLIMATE RECORD PERIOD 1896 TO 2014


WEATHER ITEM   OBSERVED TIME   RECORD YEAR NORMAL DEPARTURE LAST
                VALUE   (LST)  VALUE       VALUE  FROM      YEAR
                                                  NORMAL
..................................................................
TEMPERATURE (F)
 TODAY
  MAXIMUM         67    459 PM  90    1954  62      5       76
  MINIMUM         41    722 AM  13    1994  34      7       46
  AVERAGE         54                        48      6       61

PRECIPITATION (IN)
  TODAY            0.00                      0.05  -0.05     0.00
  MONTH TO DATE    0.08                      0.31  -0.23     0.00
  SINCE MAR 1      0.27                      1.94  -1.67     0.79
  SINCE JAN 1      0.73                      2.91  -2.18     1.98

..................................................................


THE HILL CITY KS CLIMATE NORMALS FOR TOMORROW
                         NORMAL    RECORD    YEAR
 MAXIMUM TEMPERATURE (F)   63        91      1978
 MINIMUM TEMPERATURE (F)   35        14      2009


-  INDICATES NEGATIVE NUMBERS.
R  INDICATES RECORD WAS SET OR TIED.
MM INDICATES DATA IS MISSING.
T  INDICATES TRACE AMOUNT.

$$
