000
CDUS43 KGLD 050745 RRA
CLIHLC

CLIMATE REPORT
NATIONAL WEATHER SERVICE GOODLAND
142 AM MDT SAT AUG 5 2017


...................................

...THE HILL CITY KS CLIMATE SUMMARY FOR AUGUST 4 2017...

CLIMATE NORMAL PERIOD 1981 TO 2010
CLIMATE RECORD PERIOD 1896 TO 2017


WEATHER ITEM   OBSERVED TIME   RECORD YEAR NORMAL DEPARTURE LAST
                VALUE   (LST)  VALUE       VALUE  FROM      YEAR
                                                  NORMAL
..................................................................
TEMPERATURE (F)
 YESTERDAY
  MAXIMUM         83    343 PM 108    1934  92     -9       98
  MINIMUM         52    601 AM  44    1974  66    -14       68
  AVERAGE         68                        79    -11       83

PRECIPITATION (IN)
  YESTERDAY        0.00                      0.09  -0.09     0.06
  MONTH TO DATE    0.11                      0.38  -0.27     0.06
  SINCE JUN 1      4.68                      6.85  -2.17     2.92
  SINCE JAN 1     15.96                     15.35   0.61    15.86

..................................................................


THE HILL CITY KS CLIMATE NORMALS FOR TODAY
                         NORMAL    RECORD    YEAR
 MAXIMUM TEMPERATURE (F)   92       111      1934
 MINIMUM TEMPERATURE (F)   66        50      2012



-  INDICATES NEGATIVE NUMBERS.
R  INDICATES RECORD WAS SET OR TIED.
MM INDICATES DATA IS MISSING.
T  INDICATES TRACE AMOUNT.

$$
