000
CDUS43 KGLD 190745
CLIHLC

CLIMATE REPORT
NATIONAL WEATHER SERVICE GOODLAND
138 AM MDT WED AUG 19 2015

...................................

...THE HILL CITY KS CLIMATE SUMMARY FOR AUGUST 18 2015...

CLIMATE NORMAL PERIOD 1981 TO 2010
CLIMATE RECORD PERIOD 1896 TO 2015


WEATHER ITEM   OBSERVED TIME   RECORD YEAR NORMAL DEPARTURE LAST
                VALUE   (LST)  VALUE       VALUE  FROM      YEAR
                                                  NORMAL
..................................................................
TEMPERATURE (F)
 YESTERDAY
  MAXIMUM         80    432 PM 111    1934  90    -10       93
  MINIMUM         60   1159 PM  52    1981  63     -3       63
  AVERAGE         70                        76     -6       78

PRECIPITATION (IN)
  YESTERDAY        T                         0.10  -0.10     0.18
  MONTH TO DATE    1.00                      1.70  -0.70     1.58
  SINCE JUN 1      8.24                      8.17   0.07    10.31
  SINCE JAN 1     15.77                     16.67  -0.90    15.25

..................................................................


THE HILL CITY KS CLIMATE NORMALS FOR TODAY
                         NORMAL    RECORD    YEAR
 MAXIMUM TEMPERATURE (F)   90       107      1938
 MINIMUM TEMPERATURE (F)   63        46      1927



-  INDICATES NEGATIVE NUMBERS.
R  INDICATES RECORD WAS SET OR TIED.
MM INDICATES DATA IS MISSING.
T  INDICATES TRACE AMOUNT.

$$
