000
CDUS43 KGLD 100108 RRB
CLIHLC

CLIMATE REPORT
NATIONAL WEATHER SERVICE GOODLAND
706 PM MDT FRI JUN 9 2017

...................................

...THE HILL CITY KS CLIMATE SUMMARY FOR JUNE 9 2017...
VALID TODAY AS OF 0600 PM LOCAL TIME.

CLIMATE NORMAL PERIOD 1981 TO 2010
CLIMATE RECORD PERIOD 1896 TO 2017

WEATHER ITEM   OBSERVED TIME   RECORD YEAR NORMAL DEPARTURE LAST
                VALUE   (LST)  VALUE       VALUE  FROM      YEAR
                                                  NORMAL
..................................................................
TEMPERATURE (F)
 TODAY
  MAXIMUM         90    444 PM 109    1933  84      6       96
  MINIMUM         60    503 AM  43    1966  58      2       68
  AVERAGE         75                        71      4       82

PRECIPITATION (IN)
  TODAY            0.00                      0.09  -0.09     0.00
  MONTH TO DATE    0.17                      0.94  -0.77     0.01
  SINCE JUN 1      0.17                      0.94  -0.77     0.01
  SINCE JAN 1     11.45                      9.44   2.01    12.95

..................................................................

THE HILL CITY KS CLIMATE NORMALS FOR TOMORROW
                         NORMAL    RECORD    YEAR
 MAXIMUM TEMPERATURE (F)   84       109      1933
 MINIMUM TEMPERATURE (F)   58        39      1931

-  INDICATES NEGATIVE NUMBERS.
R  INDICATES RECORD WAS SET OR TIED.
MM INDICATES DATA IS MISSING.
T  INDICATES TRACE AMOUNT.

$$
