000
CDUS43 KGLD 210752
CLIHLC

CLIMATE REPORT
NATIONAL WEATHER SERVICE GOODLAND
144 AM MDT MON JUL 21 2014


...................................

...THE HILL CITY KS CLIMATE SUMMARY FOR JULY 20 2014...

CLIMATE NORMAL PERIOD 1981 TO 2010
CLIMATE RECORD PERIOD 1896 TO 2014


WEATHER ITEM   OBSERVED TIME   RECORD YEAR NORMAL DEPARTURE LAST
                VALUE   (LST)  VALUE       VALUE  FROM      YEAR
                                                  NORMAL
..................................................................
TEMPERATURE (F)
 YESTERDAY
  MAXIMUM        101    411 PM 112    1939  93      8       93
  MINIMUM         68    451 AM  55    1988  66      2       63
                                      1913
  AVERAGE         85                        80      5       78

PRECIPITATION (IN)
  YESTERDAY        0.00                      0.11  -0.11      T
  MONTH TO DATE    1.79                      2.39  -0.60     0.23
  SINCE JUN 1      8.72                      5.15   3.57     2.91
  SINCE JAN 1     13.66                     13.65   0.01     7.25

..................................................................


THE HILL CITY KS CLIMATE NORMALS FOR TODAY
                         NORMAL    RECORD    YEAR
 MAXIMUM TEMPERATURE (F)   93       110      1934
 MINIMUM TEMPERATURE (F)   66        48      1970



-  INDICATES NEGATIVE NUMBERS.
R  INDICATES RECORD WAS SET OR TIED.
MM INDICATES DATA IS MISSING.
T  INDICATES TRACE AMOUNT.

$$
