000
CDUS43 KGLD 070751 RRB
CLIHLC

CLIMATE REPORT
NATIONAL WEATHER SERVICE GOODLAND
1246 AM MST SAT JAN 7 2017

...................................

...THE HILL CITY KS CLIMATE SUMMARY FOR JANUARY 6 2017...

CLIMATE NORMAL PERIOD 1981 TO 2010
CLIMATE RECORD PERIOD 1896 TO 2017


WEATHER ITEM   OBSERVED TIME   RECORD YEAR NORMAL DEPARTURE LAST
                VALUE   (LST)  VALUE       VALUE  FROM      YEAR
                                                  NORMAL
..................................................................
TEMPERATURE (F)
 YESTERDAY
  MAXIMUM         23    325 PM  64    2006  42    -19       39
                                      1935
                                      1928
  MINIMUM         -7   1234 AM -19    1912  16    -23       33
  AVERAGE          8                        29    -21       36

PRECIPITATION (IN)
  YESTERDAY        0.00                      0.01  -0.01     0.00
  MONTH TO DATE    0.04                      0.05  -0.01     0.00
  SINCE DEC 1      0.46                      0.74  -0.28     1.86
  SINCE JAN 1      0.04                      0.05  -0.01     0.00

..................................................................


THE HILL CITY KS CLIMATE NORMALS FOR TODAY
                         NORMAL    RECORD    YEAR
 MAXIMUM TEMPERATURE (F)   42        72      1965
 MINIMUM TEMPERATURE (F)   16       -13      1912



-  INDICATES NEGATIVE NUMBERS.
R  INDICATES RECORD WAS SET OR TIED.
MM INDICATES DATA IS MISSING.
T  INDICATES TRACE AMOUNT.

$$
