000
CDUS43 KGLD 200747 RRA
CLIHLC

CLIMATE REPORT
NATIONAL WEATHER SERVICE GOODLAND
1245 AM MST FRI FEB 20 2015


...................................

...THE HILL CITY KS CLIMATE SUMMARY FOR FEBRUARY 19 2015...

CLIMATE NORMAL PERIOD 1981 TO 2010
CLIMATE RECORD PERIOD 1896 TO 2015


WEATHER ITEM   OBSERVED TIME   RECORD YEAR NORMAL DEPARTURE LAST
                VALUE   (LST)  VALUE       VALUE  FROM      YEAR
                                                  NORMAL
..................................................................
TEMPERATURE (F)
 YESTERDAY
  MAXIMUM         50    458 PM  73    2004  47      3       58
                                      1986
  MINIMUM         13    732 AM   3    2006  21     -8       28
                                      1955
  AVERAGE         32                        34     -2       43

PRECIPITATION (IN)
  YESTERDAY        0.00                      0.02  -0.02     0.00
  MONTH TO DATE    T                         0.34  -0.34     0.22
  SINCE DEC 1      0.75                      1.48  -0.73     0.38
  SINCE JAN 1      0.23                      0.79  -0.56     0.32

..................................................................







THE HILL CITY KS CLIMATE NORMALS FOR TODAY
                         NORMAL    RECORD    YEAR
 MAXIMUM TEMPERATURE (F)   47        78      1981
 MINIMUM TEMPERATURE (F)   21         4      1978



-  INDICATES NEGATIVE NUMBERS.
R  INDICATES RECORD WAS SET OR TIED.
MM INDICATES DATA IS MISSING.
T  INDICATES TRACE AMOUNT.




$$
