000
CDUS43 KGLD 300758
CLIHLC

CLIMATE REPORT
NATIONAL WEATHER SERVICE GOODLAND
154 AM MDT SUN MAR 30 2014


...................................

...THE HILL CITY KS CLIMATE SUMMARY FOR MARCH 29 2014...

CLIMATE NORMAL PERIOD 1981 TO 2010
CLIMATE RECORD PERIOD 1896 TO 2014


WEATHER ITEM   OBSERVED TIME   RECORD YEAR NORMAL DEPARTURE LAST
                VALUE   (LST)  VALUE       VALUE  FROM      YEAR
                                                  NORMAL
..................................................................
TEMPERATURE (F)
 YESTERDAY
  MAXIMUM         71    348 PM  91    1986  60     11       73
                                      1943
  MINIMUM         17    629 AM  11    1987  32    -15       30
  AVERAGE         44                        46     -2       52

PRECIPITATION (IN)
  YESTERDAY        0.00                      0.07  -0.07     0.31
  MONTH TO DATE    0.19                      1.48  -1.29     0.63
  SINCE MAR 1      0.19                      1.48  -1.29     0.63
  SINCE JAN 1      0.65                      2.45  -1.80     1.82

..................................................................


THE HILL CITY KS CLIMATE NORMALS FOR TODAY
                         NORMAL    RECORD    YEAR
 MAXIMUM TEMPERATURE (F)   60        93      1943
 MINIMUM TEMPERATURE (F)   32        -1      1987


-  INDICATES NEGATIVE NUMBERS.
R  INDICATES RECORD WAS SET OR TIED.
MM INDICATES DATA IS MISSING.
T  INDICATES TRACE AMOUNT.

$$
