081
CDUS43 KGLD 180742
CLIHLC

CLIMATE REPORT
NATIONAL WEATHER SERVICE GOODLAND
138 AM MDT SAT MAR 18 2017


...................................

...THE HILL CITY KS CLIMATE SUMMARY FOR MARCH 17 2017...

CLIMATE NORMAL PERIOD 1981 TO 2010
CLIMATE RECORD PERIOD 1896 TO 2017


WEATHER ITEM   OBSERVED TIME   RECORD YEAR NORMAL DEPARTURE LAST
                VALUE   (LST)  VALUE       VALUE  FROM      YEAR
                                                  NORMAL
..................................................................
TEMPERATURE (F)
 YESTERDAY
  MAXIMUM         72    432 PM  86    2012  56     16       57
                                      1994
  MINIMUM         38   1156 PM   9    1958  28     10       31
  AVERAGE         55                        42     13       44

PRECIPITATION (IN)
  YESTERDAY        0.00                      0.06  -0.06     0.06
  MONTH TO DATE    0.08                      0.79  -0.71     0.12
  SINCE MAR 1      0.08                      0.79  -0.71     0.12
  SINCE JAN 1      1.15                      1.76  -0.61     1.01

..................................................................


THE HILL CITY KS CLIMATE NORMALS FOR TODAY
                         NORMAL    RECORD    YEAR
 MAXIMUM TEMPERATURE (F)   57        91      1928
 MINIMUM TEMPERATURE (F)   28        -3      1958



-  INDICATES NEGATIVE NUMBERS.
R  INDICATES RECORD WAS SET OR TIED.
MM INDICATES DATA IS MISSING.
T  INDICATES TRACE AMOUNT.

$$
