000
CDUS43 KGLD 190743
CLIHLC

CLIMATE REPORT
NATIONAL WEATHER SERVICE GOODLAND
1239 AM MST THU FEB 19 2015


...................................

...THE HILL CITY KS CLIMATE SUMMARY FOR FEBRUARY 18 2015...

CLIMATE NORMAL PERIOD 1981 TO 2010
CLIMATE RECORD PERIOD 1896 TO 2015


WEATHER ITEM   OBSERVED TIME   RECORD YEAR NORMAL DEPARTURE LAST
                VALUE   (LST)  VALUE       VALUE  FROM      YEAR
                                                  NORMAL
..................................................................
TEMPERATURE (F)
 YESTERDAY
  MAXIMUM         35    459 PM  75    1986  47    -12       70
  MINIMUM         12    217 AM  -6    1978  20     -8       33
  AVERAGE         24                        34    -10       52

PRECIPITATION (IN)
  YESTERDAY        0.00                      0.02  -0.02     0.00
  MONTH TO DATE    T                         0.32  -0.32     0.22
  SINCE DEC 1      0.75                      1.46  -0.71     0.38
  SINCE JAN 1      0.23                      0.77  -0.54     0.32

..................................................................







THE HILL CITY KS CLIMATE NORMALS FOR TODAY
                         NORMAL    RECORD    YEAR
 MAXIMUM TEMPERATURE (F)   47        73      2004
                                             1986
 MINIMUM TEMPERATURE (F)   21         3      2006
                                             1955



-  INDICATES NEGATIVE NUMBERS.
R  INDICATES RECORD WAS SET OR TIED.
MM INDICATES DATA IS MISSING.
T  INDICATES TRACE AMOUNT.




$$
