000
CDUS43 KGLD 210807 RRA
CLIHLC

CLIMATE REPORT
NATIONAL WEATHER SERVICE GOODLAND
204 AM MDT THU MAY 21 2015

...................................

...THE HILL CITY KS CLIMATE SUMMARY FOR MAY 20 2015...

CLIMATE NORMAL PERIOD 1981 TO 2010
CLIMATE RECORD PERIOD 1896 TO 2015


WEATHER ITEM   OBSERVED TIME   RECORD YEAR NORMAL DEPARTURE LAST
                VALUE   (LST)  VALUE       VALUE  FROM      YEAR
                                                  NORMAL
..................................................................
TEMPERATURE (F)
 YESTERDAY
  MAXIMUM         55    551 PM  99    1956  77    -22       87
  MINIMUM         42    533 AM  31    1931  51     -9       61
  AVERAGE         49                        64    -15       74

PRECIPITATION (IN)
  YESTERDAY        T                         0.13  -0.13     0.00
  MONTH TO DATE    2.37                      2.43  -0.06     0.02
  SINCE MAR 1      5.98                      6.18  -0.20     3.59
  SINCE JAN 1      6.40                      7.15  -0.75     4.05

..................................................................


THE HILL CITY KS CLIMATE NORMALS FOR TODAY
                         NORMAL    RECORD    YEAR
 MAXIMUM TEMPERATURE (F)   77        99      2005
 MINIMUM TEMPERATURE (F)   52        30      1931


-  INDICATES NEGATIVE NUMBERS.
R  INDICATES RECORD WAS SET OR TIED.
MM INDICATES DATA IS MISSING.
T  INDICATES TRACE AMOUNT.


$$
