000
CDUS43 KGLD 280750 RRA
CLIHLC

CLIMATE REPORT
NATIONAL WEATHER SERVICE GOODLAND
1246 AM MST TUE NOV 28 2017

...................................

...THE HILL CITY KS CLIMATE SUMMARY FOR NOVEMBER 27 2017...

CLIMATE NORMAL PERIOD 1981 TO 2010
CLIMATE RECORD PERIOD 1896 TO 2017


WEATHER ITEM   OBSERVED TIME   RECORD YEAR NORMAL DEPARTURE LAST
                VALUE   (LST)  VALUE       VALUE  FROM      YEAR
                                                  NORMAL
..................................................................
TEMPERATURE (F)
 YESTERDAY
  MAXIMUM         79R   218 PM  76    2009  48     31       68
  MINIMUM         35    406 AM  -4    1952  23     12       30
  AVERAGE         57                        35     22       49

PRECIPITATION (IN)
  YESTERDAY        0.00                      0.02  -0.02     0.08
  MONTH TO DATE    0.10                      0.89  -0.79     0.45
  SINCE SEP 1      6.80                      4.29   2.51     9.28
  SINCE JAN 1     24.63                     22.17   2.46    28.81

..................................................................

THE HILL CITY KS CLIMATE NORMALS FOR TODAY
                         NORMAL    RECORD    YEAR
 MAXIMUM TEMPERATURE (F)   47        80      2014
 MINIMUM TEMPERATURE (F)   22       -11      1952



-  INDICATES NEGATIVE NUMBERS.
R  INDICATES RECORD WAS SET OR TIED.
MM INDICATES DATA IS MISSING.
T  INDICATES TRACE AMOUNT.




$$
