000
CDUS43 KGLD 100740
CLIHLC

CLIMATE REPORT
NATIONAL WEATHER SERVICE GOODLAND
138 AM MDT SUN AUG 10 2014


...................................

...THE HILL CITY KS CLIMATE SUMMARY FOR AUGUST 9 2014...

CLIMATE NORMAL PERIOD 1981 TO 2010
CLIMATE RECORD PERIOD 1896 TO 2014


WEATHER ITEM   OBSERVED TIME   RECORD YEAR NORMAL DEPARTURE LAST
                VALUE   (LST)  VALUE       VALUE  FROM      YEAR
                                                  NORMAL
..................................................................
TEMPERATURE (F)
 YESTERDAY
  MAXIMUM         94    506 PM 112    1937  91      3       82
  MINIMUM         66    635 AM  46    1989  65      1       61
  AVERAGE         80                        78      2       72

PRECIPITATION (IN)
  YESTERDAY        T                         0.11  -0.11     0.00
  MONTH TO DATE    0.78                      0.87  -0.09     0.61
  SINCE JUN 1      9.51                      7.34   2.17     8.45
  SINCE JAN 1     14.45                     15.84  -1.39    12.79

..................................................................

THE HILL CITY KS CLIMATE NORMALS FOR TODAY
                         NORMAL    RECORD    YEAR
 MAXIMUM TEMPERATURE (F)   91       109      1936
 MINIMUM TEMPERATURE (F)   65        46      1985



-  INDICATES NEGATIVE NUMBERS.
R  INDICATES RECORD WAS SET OR TIED.
MM INDICATES DATA IS MISSING.
T  INDICATES TRACE AMOUNT.




$$
