000
CDUS43 KGLD 060740
CLIHLC

CLIMATE REPORT
NATIONAL WEATHER SERVICE GOODLAND
136 AM MDT SUN APR 6 2014

...................................

...THE HILL CITY KS CLIMATE SUMMARY FOR APRIL 5 2014...

CLIMATE NORMAL PERIOD 1981 TO 2010
CLIMATE RECORD PERIOD 1896 TO 2014

WEATHER ITEM   OBSERVED TIME   RECORD YEAR NORMAL DEPARTURE LAST
                VALUE   (LST)  VALUE       VALUE  FROM      YEAR
                                                  NORMAL
..................................................................
TEMPERATURE (F)
 YESTERDAY
  MAXIMUM         67    348 PM  93    1967  62      5       79
  MINIMUM         34    435 AM  11    1968  34      0       38
  AVERAGE         51                        48      3       59

PRECIPITATION (IN)
  YESTERDAY        T                         0.06  -0.06     0.00
  MONTH TO DATE    0.08                      0.26  -0.18     0.00
  SINCE MAR 1      0.27                      1.89  -1.62     0.79
  SINCE JAN 1      0.73                      2.86  -2.13     1.98

..................................................................

THE HILL CITY KS CLIMATE NORMALS FOR TODAY
                         NORMAL    RECORD    YEAR
 MAXIMUM TEMPERATURE (F)   62        90      1954
 MINIMUM TEMPERATURE (F)   34        13      1994

-  INDICATES NEGATIVE NUMBERS.
R  INDICATES RECORD WAS SET OR TIED.
MM INDICATES DATA IS MISSING.
T  INDICATES TRACE AMOUNT.

$$
