737
CDUS43 KGLD 270757
CLIHLC

CLIMATE REPORT
NATIONAL WEATHER SERVICE GOODLAND
151 AM MDT WED APR 27 2016
...................................

...THE HILL CITY KS CLIMATE SUMMARY FOR APRIL 26 2016...

CLIMATE NORMAL PERIOD 1981 TO 2010
CLIMATE RECORD PERIOD 1896 TO 2016

WEATHER ITEM   OBSERVED TIME   RECORD YEAR NORMAL DEPARTURE LAST
                VALUE   (LST)  VALUE       VALUE  FROM      YEAR
                                                  NORMAL
..................................................................
TEMPERATURE (F)
 YESTERDAY
  MAXIMUM         80    409 PM  93    1955  69     11       51
  MINIMUM         53   1159 PM  19    1907  42     11       46
  AVERAGE         67                        55     12       49

PRECIPITATION (IN)
  YESTERDAY        0.00                      0.08  -0.08     0.00
  MONTH TO DATE    5.56                      1.78   3.78     3.55
  SINCE MAR 1      5.76                      3.41   2.35     3.61
  SINCE JAN 1      6.65                      4.38   2.27     4.03

..................................................................

THE HILL CITY KS CLIMATE NORMALS FOR TODAY
                         NORMAL    RECORD    YEAR
 MAXIMUM TEMPERATURE (F)   69        97      1911
 MINIMUM TEMPERATURE (F)   42        25      1924

-  INDICATES NEGATIVE NUMBERS.
R  INDICATES RECORD WAS SET OR TIED.
MM INDICATES DATA IS MISSING.
T  INDICATES TRACE AMOUNT.

$$
