000
CDUS43 KGLD 200051
CLIHLC

CLIMATE REPORT
NATIONAL WEATHER SERVICE GOODLAND
548 PM MST SAT NOV 19 2016
...................................

...THE HILL CITY KS CLIMATE SUMMARY FOR NOVEMBER 19 2016...
VALID TODAY AS OF 0500 PM LOCAL TIME.

CLIMATE NORMAL PERIOD 1981 TO 2010
CLIMATE RECORD PERIOD 1896 TO 2016

WEATHER ITEM   OBSERVED TIME   RECORD YEAR NORMAL DEPARTURE LAST
                VALUE   (LST)  VALUE       VALUE  FROM      YEAR
                                                  NORMAL
..................................................................
TEMPERATURE (F)
 TODAY
  MAXIMUM         48    234 PM  85    2007  52     -4       50
  MINIMUM         15    632 AM   5    1921  26    -11       25
  AVERAGE         32                        39     -7       38

PRECIPITATION (IN)
  TODAY            0.00                      0.03  -0.03     0.00
  MONTH TO DATE    0.36                      0.69  -0.33     1.12
  SINCE SEP 1      9.19                      4.09   5.10     3.57
  SINCE JAN 1     28.72                     21.97   6.75    19.38

..................................................................

THE HILL CITY KS CLIMATE NORMALS FOR TOMORROW
                         NORMAL    RECORD    YEAR
 MAXIMUM TEMPERATURE (F)   51        73      2003
                                             1955
 MINIMUM TEMPERATURE (F)   26         5      1985

-  INDICATES NEGATIVE NUMBERS.
R  INDICATES RECORD WAS SET OR TIED.
MM INDICATES DATA IS MISSING.
T  INDICATES TRACE AMOUNT.

$$
