000
CDUS43 KGLD 010745
CLIHLC

CLIMATE REPORT
NATIONAL WEATHER SERVICE GOODLAND
139 AM MDT TUE APR 1 2014


...................................

...THE HILL CITY KS CLIMATE SUMMARY FOR MARCH 31 2014...

CLIMATE NORMAL PERIOD 1981 TO 2010
CLIMATE RECORD PERIOD 1896 TO 2014


WEATHER ITEM   OBSERVED TIME   RECORD YEAR NORMAL DEPARTURE LAST
                VALUE   (LST)  VALUE       VALUE  FROM      YEAR
                                                  NORMAL
..................................................................
TEMPERATURE (F)
 YESTERDAY
  MAXIMUM         65    322 AM  93    1946  61      4       68
  MINIMUM         31   1159 PM   0    1987  32     -1       37
  AVERAGE         48                        46      2       53

PRECIPITATION (IN)
  YESTERDAY        0.00                      0.08  -0.08     0.00
  MONTH TO DATE    0.19                      1.63  -1.44     0.79
  SINCE MAR 1      0.19                      1.63  -1.44     0.79
  SINCE JAN 1      0.65                      2.60  -1.95     1.98

..................................................................


THE HILL CITY KS CLIMATE NORMALS FOR TODAY
                         NORMAL    RECORD    YEAR
 MAXIMUM TEMPERATURE (F)   61        92      2012
                                             1940
 MINIMUM TEMPERATURE (F)   33        15      2009


-  INDICATES NEGATIVE NUMBERS.
R  INDICATES RECORD WAS SET OR TIED.
MM INDICATES DATA IS MISSING.
T  INDICATES TRACE AMOUNT.

$$
