985
CDUS43 KGLD 110747 RRA
CLIHLC

CLIMATE REPORT
NATIONAL WEATHER SERVICE GOODLAND
1243 AM MST WED JAN 11 2017

...................................

...THE HILL CITY KS CLIMATE SUMMARY FOR JANUARY 10 2017...

CLIMATE NORMAL PERIOD 1981 TO 2010
CLIMATE RECORD PERIOD 1896 TO 2017


WEATHER ITEM   OBSERVED TIME   RECORD YEAR NORMAL DEPARTURE LAST
                VALUE   (LST)  VALUE       VALUE  FROM      YEAR
                                                  NORMAL
..................................................................
TEMPERATURE (F)
 YESTERDAY
  MAXIMUM         55    345 PM  78    1990  42     13       43
  MINIMUM         33   1255 AM -14    1988  17     16        2
  AVERAGE         44                        29     15       23

PRECIPITATION (IN)
  YESTERDAY        0.01                      0.01   0.00     0.00
  MONTH TO DATE    0.05                      0.08  -0.03     0.16
  SINCE DEC 1      0.47                      0.77  -0.30     2.02
  SINCE JAN 1      0.05                      0.08  -0.03     0.16

..................................................................


THE HILL CITY KS CLIMATE NORMALS FOR TODAY
                         NORMAL    RECORD    YEAR
 MAXIMUM TEMPERATURE (F)   42        78      1990
 MINIMUM TEMPERATURE (F)   17       -22      1918



-  INDICATES NEGATIVE NUMBERS.
R  INDICATES RECORD WAS SET OR TIED.
MM INDICATES DATA IS MISSING.
T  INDICATES TRACE AMOUNT.

$$
