000
CDUS43 KGLD 150042
CLIHLC

CLIMATE REPORT
NATIONAL WEATHER SERVICE GOODLAND
637 PM MDT THU MAY 14 2015

...................................

...THE HILL CITY KS CLIMATE SUMMARY FOR MAY 14 2015...
VALID TODAY AS OF 0600 PM LOCAL TIME.

CLIMATE NORMAL PERIOD 1981 TO 2010
CLIMATE RECORD PERIOD 1896 TO 2015


WEATHER ITEM   OBSERVED TIME   RECORD YEAR NORMAL DEPARTURE LAST
                VALUE   (LST)  VALUE       VALUE  FROM      YEAR
                                                  NORMAL
..................................................................
TEMPERATURE (F)
 TODAY
  MAXIMUM         80    459 PM 100    2013  75      5       70
  MINIMUM         54    437 AM  28    1953  49      5       40
  AVERAGE         67                        62      5       55

PRECIPITATION (IN)
  TODAY            0.01                      0.12  -0.11      T
  MONTH TO DATE    1.50                      1.63  -0.13     0.02
  SINCE MAR 1      5.11                      5.38  -0.27     3.59
  SINCE JAN 1      5.53                      6.35  -0.82     4.05

..................................................................


THE HILL CITY KS CLIMATE NORMALS FOR TOMORROW
                         NORMAL    RECORD    YEAR
 MAXIMUM TEMPERATURE (F)   75        97      1931
 MINIMUM TEMPERATURE (F)   50        27      1907


-  INDICATES NEGATIVE NUMBERS.
R  INDICATES RECORD WAS SET OR TIED.
MM INDICATES DATA IS MISSING.
T  INDICATES TRACE AMOUNT.


$$
