000
CDUS43 KGLD 050855
CLIHLC

CLIMATE REPORT
NATIONAL WEATHER SERVICE GOODLAND
252 AM MDT TUE JUL 5 2016
...................................

...THE HILL CITY KS CLIMATE SUMMARY FOR JULY 4 2016...

CLIMATE NORMAL PERIOD 1981 TO 2010
CLIMATE RECORD PERIOD 1896 TO 2016

WEATHER ITEM   OBSERVED TIME   RECORD YEAR NORMAL DEPARTURE LAST
                VALUE   (LST)  VALUE       VALUE  FROM      YEAR
                                                  NORMAL
..................................................................
TEMPERATURE (F)
 YESTERDAY
  MAXIMUM        100    529 PM 108    1937  92      8       96
                                      1936
  MINIMUM         64    353 AM  47    1997  64      0       62
  AVERAGE         82                        78      4       79

PRECIPITATION (IN)
  YESTERDAY        0.00                      0.10  -0.10     0.00
  MONTH TO DATE    0.06                      0.39  -0.33     0.11
  SINCE JUN 1      0.62                      3.15  -2.53     0.89
  SINCE JAN 1     13.56                     11.65   1.91     8.42

..................................................................

THE HILL CITY KS CLIMATE NORMALS FOR TODAY
                         NORMAL    RECORD    YEAR
 MAXIMUM TEMPERATURE (F)   92       110      1966
 MINIMUM TEMPERATURE (F)   65        45      1924

-  INDICATES NEGATIVE NUMBERS.
R  INDICATES RECORD WAS SET OR TIED.
MM INDICATES DATA IS MISSING.
T  INDICATES TRACE AMOUNT.

$$
