000
CDUS43 KGLD 170049 RRA
CLIHLC

CLIMATE REPORT
NATIONAL WEATHER SERVICE GOODLAND
646 PM MDT SAT MAY 16 2015
...................................

...THE HILL CITY KS CLIMATE SUMMARY FOR MAY 16 2015...
VALID TODAY AS OF 0600 PM LOCAL TIME.

CLIMATE NORMAL PERIOD 1981 TO 2010
CLIMATE RECORD PERIOD 1896 TO 2015

WEATHER ITEM   OBSERVED TIME   RECORD YEAR NORMAL DEPARTURE LAST
                VALUE   (LST)  VALUE       VALUE  FROM      YEAR
                                                  NORMAL
..................................................................
TEMPERATURE (F)
 TODAY
  MAXIMUM         72    329 PM  96    2001  75     -3       67
  MINIMUM         60    730 AM  31    1923  50     10       34
                                      1983
  AVERAGE         66                        63      3       51

PRECIPITATION (IN)
  TODAY            0.02                      0.13  -0.11      T
  MONTH TO DATE    1.52                      1.90  -0.38     0.02
  SINCE MAR 1      5.13                      5.65  -0.52     3.59
  SINCE JAN 1      5.55                      6.62  -1.07     4.05

..................................................................

THE HILL CITY KS CLIMATE NORMALS FOR TOMORROW
                         NORMAL    RECORD    YEAR
 MAXIMUM TEMPERATURE (F)   76       103      1927
 MINIMUM TEMPERATURE (F)   50        30      1945

-  INDICATES NEGATIVE NUMBERS.
R  INDICATES RECORD WAS SET OR TIED.
MM INDICATES DATA IS MISSING.
T  INDICATES TRACE AMOUNT.

$$
