000
CDUS43 KGLD 070750 RRA
CLIHLC

CLIMATE REPORT
NATIONAL WEATHER SERVICE GOODLAND
1247 AM MST TUE NOV 7 2017

...................................

...THE HILL CITY KS CLIMATE SUMMARY FOR NOVEMBER 6 2017...

CLIMATE NORMAL PERIOD 1981 TO 2010
CLIMATE RECORD PERIOD 1896 TO 2017


WEATHER ITEM   OBSERVED TIME   RECORD YEAR NORMAL DEPARTURE LAST
                VALUE   (LST)  VALUE       VALUE  FROM      YEAR
                                                  NORMAL
..................................................................
TEMPERATURE (F)
 YESTERDAY
  MAXIMUM         43    453 PM  86    1980  59    -16       67
  MINIMUM         26    429 AM   8    1959  32     -6       52
  AVERAGE         35                        45    -10       60

PRECIPITATION (IN)
  YESTERDAY        0.00                      0.03  -0.03     0.05
  MONTH TO DATE    0.00                      0.28  -0.28     0.05
  SINCE SEP 1      6.70                      3.68   3.02     8.88
  SINCE JAN 1     24.53                     21.56   2.97    28.41

..................................................................


THE HILL CITY KS CLIMATE NORMALS FOR TODAY
                         NORMAL    RECORD    YEAR
 MAXIMUM TEMPERATURE (F)   58        83      2010
 MINIMUM TEMPERATURE (F)   31         8      1991


-  INDICATES NEGATIVE NUMBERS.
R  INDICATES RECORD WAS SET OR TIED.
MM INDICATES DATA IS MISSING.
T  INDICATES TRACE AMOUNT.


$$
