000
CDUS43 KGLD 110750
CLIHLC

CLIMATE REPORT
NATIONAL WEATHER SERVICE GOODLAND
147 AM MDT MON AUG 11 2014

...................................

...THE HILL CITY KS CLIMATE SUMMARY FOR AUGUST 10 2014...

CLIMATE NORMAL PERIOD 1981 TO 2010
CLIMATE RECORD PERIOD 1896 TO 2014

WEATHER ITEM   OBSERVED TIME   RECORD YEAR NORMAL DEPARTURE LAST
                VALUE   (LST)  VALUE       VALUE  FROM      YEAR
                                                  NORMAL
..................................................................
TEMPERATURE (F)
 YESTERDAY
  MAXIMUM         90    342 PM 109    1936  91     -1       83
  MINIMUM         62    425 AM  46    1985  65     -3       58
  AVERAGE         76                        78     -2       71

PRECIPITATION (IN)
  YESTERDAY        0.00                      0.09  -0.09     0.00
  MONTH TO DATE    0.78                      0.96  -0.18     0.61
  SINCE JUN 1      9.51                      7.43   2.08     8.45
  SINCE JAN 1     14.45                     15.93  -1.48    12.79

..................................................................

THE HILL CITY KS CLIMATE NORMALS FOR TODAY
                         NORMAL    RECORD    YEAR
 MAXIMUM TEMPERATURE (F)   91       112      1936
 MINIMUM TEMPERATURE (F)   65        49      1979

-  INDICATES NEGATIVE NUMBERS.
R  INDICATES RECORD WAS SET OR TIED.
MM INDICATES DATA IS MISSING.
T  INDICATES TRACE AMOUNT.

$$
