000
CDUS43 KGLD 130043
CLIHLC

CLIMATE REPORT
NATIONAL WEATHER SERVICE GOODLAND
640 PM MDT SUN OCT 12 2014


...................................

...THE HILL CITY KS CLIMATE SUMMARY FOR OCTOBER 12 2014...
VALID TODAY AS OF 0600 PM LOCAL TIME.

CLIMATE NORMAL PERIOD 1981 TO 2010
CLIMATE RECORD PERIOD 1896 TO 2014


WEATHER ITEM   OBSERVED TIME   RECORD YEAR NORMAL DEPARTURE LAST
                VALUE   (LST)  VALUE       VALUE  FROM      YEAR
                                                  NORMAL
..................................................................
TEMPERATURE (F)
 TODAY
  MAXIMUM         63    405 PM  95    1975  70     -7       67
  MINIMUM         44    346 AM  19    1917  41      3       40
  AVERAGE         54                        56     -2       54

PRECIPITATION (IN)
  TODAY            0.00                      0.06  -0.06     0.00
  MONTH TO DATE    0.75                      0.64   0.11     0.35
  SINCE SEP 1      1.53                      2.52  -0.99     3.22
  SINCE JAN 1     21.35                     20.40   0.95    16.16

..................................................................

THE HILL CITY KS CLIMATE NORMALS FOR TOMORROW
                         NORMAL    RECORD    YEAR
 MAXIMUM TEMPERATURE (F)   69        92      1975
                                             1950
 MINIMUM TEMPERATURE (F)   41        26      1917



-  INDICATES NEGATIVE NUMBERS.
R  INDICATES RECORD WAS SET OR TIED.
MM INDICATES DATA IS MISSING.
T  INDICATES TRACE AMOUNT.




$$
