927
CDUS43 KGLD 190040 RRA
CLIHLC

CLIMATE REPORT
NATIONAL WEATHER SERVICE GOODLAND
636 PM MDT MON APR 18 2016
...................................

...THE HILL CITY KS CLIMATE SUMMARY FOR APRIL 18 2016...
VALID TODAY AS OF 0600 PM LOCAL TIME.

CLIMATE NORMAL PERIOD 1981 TO 2010
CLIMATE RECORD PERIOD 1896 TO 2016

WEATHER ITEM   OBSERVED TIME   RECORD YEAR NORMAL DEPARTURE LAST
                VALUE   (LST)  VALUE       VALUE  FROM      YEAR
                                                  NORMAL
..................................................................
TEMPERATURE (F)
 TODAY
  MAXIMUM         57    450 PM  97    1948  66     -9       72
  MINIMUM         41    706 AM  20    1912  39      2       43
  AVERAGE         49                        52     -3       58

PRECIPITATION (IN)
  TODAY            0.00                      0.07  -0.07     0.16
  MONTH TO DATE    5.31                      1.11   4.20     1.91
  SINCE MAR 1      5.51                      2.74   2.77     1.97
  SINCE JAN 1      6.40                      3.71   2.69     2.39

..................................................................

THE HILL CITY KS CLIMATE NORMALS FOR TOMORROW
                         NORMAL    RECORD    YEAR
 MAXIMUM TEMPERATURE (F)   67        94      1946
 MINIMUM TEMPERATURE (F)   39        23      1953

-  INDICATES NEGATIVE NUMBERS.
R  INDICATES RECORD WAS SET OR TIED.
MM INDICATES DATA IS MISSING.
T  INDICATES TRACE AMOUNT.

$$
