000
CDUS43 KGLD 080748
CLIHLC

CLIMATE REPORT
NATIONAL WEATHER SERVICE GOODLAND
141 AM MDT MON SEP 8 2014


...................................

...THE HILL CITY KS CLIMATE SUMMARY FOR SEPTEMBER 7 2014...

CLIMATE NORMAL PERIOD 1981 TO 2010
CLIMATE RECORD PERIOD 1896 TO 2014


WEATHER ITEM   OBSERVED TIME   RECORD YEAR NORMAL DEPARTURE LAST
                VALUE   (LST)  VALUE       VALUE  FROM      YEAR
                                                  NORMAL
..................................................................
TEMPERATURE (F)
 YESTERDAY
  MAXIMUM         81    506 PM 106    1971  85     -4      105
  MINIMUM         49    618 AM  34    1910  57     -8       69
  AVERAGE         65                        71     -6       87

PRECIPITATION (IN)
  YESTERDAY        0.00                      0.06  -0.06     0.00
  MONTH TO DATE    0.09                      0.55  -0.46     0.00
  SINCE SEP 1      0.09                      0.55  -0.46     0.00
  SINCE JAN 1     19.91                     18.43   1.48    12.94

..................................................................


THE HILL CITY KS CLIMATE NORMALS FOR TODAY
                         NORMAL    RECORD    YEAR
 MAXIMUM TEMPERATURE (F)   85       103      2013
 MINIMUM TEMPERATURE (F)   57        43      1910


-  INDICATES NEGATIVE NUMBERS.
R  INDICATES RECORD WAS SET OR TIED.
MM INDICATES DATA IS MISSING.
T  INDICATES TRACE AMOUNT.

$$
