000
CDUS43 KGLD 200100
CLIHLC

CLIMATE REPORT
NATIONAL WEATHER SERVICE GOODLAND
655 PM MDT WED AUG 19 2015
...................................

...THE HILL CITY KS CLIMATE SUMMARY FOR AUGUST 19 2015...
VALID TODAY AS OF 0600 PM LOCAL TIME.

CLIMATE NORMAL PERIOD 1981 TO 2010
CLIMATE RECORD PERIOD 1896 TO 2015

WEATHER ITEM   OBSERVED TIME   RECORD YEAR NORMAL DEPARTURE LAST
                VALUE   (LST)  VALUE       VALUE  FROM      YEAR
                                                  NORMAL
..................................................................
TEMPERATURE (F)
 TODAY
  MAXIMUM         80    409 PM 107    1938  90    -10       98
  MINIMUM         55    638 AM  46    1927  63     -8       62
  AVERAGE         68                        76     -8       80

PRECIPITATION (IN)
  TODAY            0.00                      0.09  -0.09     0.00
  MONTH TO DATE    1.00                      1.79  -0.79     1.58
  SINCE JUN 1      8.24                      8.26  -0.02    10.31
  SINCE JAN 1     15.77                     16.76  -0.99    15.25

..................................................................

THE HILL CITY KS CLIMATE NORMALS FOR TOMORROW
                         NORMAL    RECORD    YEAR
 MAXIMUM TEMPERATURE (F)   90       109      1911
 MINIMUM TEMPERATURE (F)   63        49      2012

-  INDICATES NEGATIVE NUMBERS.
R  INDICATES RECORD WAS SET OR TIED.
MM INDICATES DATA IS MISSING.
T  INDICATES TRACE AMOUNT.

$$
