000
CDUS43 KGLD 110739 RRA
CLIHLC

CLIMATE REPORT
NATIONAL WEATHER SERVICE GOODLAND
136 AM MDT SAT OCT 11 2014


...................................

...THE HILL CITY KS CLIMATE SUMMARY FOR OCTOBER 10 2014...

CLIMATE NORMAL PERIOD 1981 TO 2010
CLIMATE RECORD PERIOD 1896 TO 2014


WEATHER ITEM   OBSERVED TIME   RECORD YEAR NORMAL DEPARTURE LAST
                VALUE   (LST)  VALUE       VALUE  FROM      YEAR
                                                  NORMAL
..................................................................
TEMPERATURE (F)
 YESTERDAY
  MAXIMUM         55   1218 AM  96    1920  71    -16       86
  MINIMUM         38   1159 PM  25    2009  42     -4       51
  AVERAGE         47                        56     -9       69

PRECIPITATION (IN)
  YESTERDAY        0.36                      0.05   0.31     0.34
  MONTH TO DATE    0.75                      0.52   0.23     0.35
  SINCE SEP 1      1.53                      2.40  -0.87     3.22
  SINCE JAN 1     21.35                     20.28   1.07    16.16

..................................................................


THE HILL CITY KS CLIMATE NORMALS FOR TODAY
                         NORMAL    RECORD    YEAR
 MAXIMUM TEMPERATURE (F)   70        94      1975
 MINIMUM TEMPERATURE (F)   42        24      1987



-  INDICATES NEGATIVE NUMBERS.
R  INDICATES RECORD WAS SET OR TIED.
MM INDICATES DATA IS MISSING.
T  INDICATES TRACE AMOUNT.

$$
