000
CDUS43 KGLD 210110 RRA
CLIHLC

CLIMATE REPORT
NATIONAL WEATHER SERVICE GOODLAND
601 PM MST FRI JAN 20 2017
...................................

...THE HILL CITY KS CLIMATE SUMMARY FOR JANUARY 20 2017...
VALID TODAY AS OF 0600 PM LOCAL TIME.

CLIMATE NORMAL PERIOD 1981 TO 2010
CLIMATE RECORD PERIOD 1896 TO 2017


WEATHER ITEM   OBSERVED TIME   RECORD YEAR NORMAL DEPARTURE LAST
                VALUE   (LST)  VALUE       VALUE  FROM      YEAR
                                                  NORMAL
..................................................................
TEMPERATURE (F)
 TODAY
  MAXIMUM         45    350 PM  72    1986  42      3       33
  MINIMUM         37    706 AM -17    1962  17     20       17
  AVERAGE         41                        29     12       25

PRECIPITATION (IN)
  TODAY            0.00                      0.02  -0.02     0.11
  MONTH TO DATE    1.06                      0.22   0.84     0.27
  SINCE DEC 1      1.48                      0.91   0.57     2.13
  SINCE JAN 1      1.06                      0.22   0.84     0.27

..................................................................


THE HILL CITY KS CLIMATE NORMALS FOR TOMORROW
                         NORMAL    RECORD    YEAR
 MAXIMUM TEMPERATURE (F)   42        76      1986
 MINIMUM TEMPERATURE (F)   17       -16      1966

-  INDICATES NEGATIVE NUMBERS.
R  INDICATES RECORD WAS SET OR TIED.
MM INDICATES DATA IS MISSING.
T  INDICATES TRACE AMOUNT.


$$
