000
CDUS43 KGLD 130743 RRA
CLIHLC

CLIMATE REPORT
NATIONAL WEATHER SERVICE GOODLAND
1237 AM MST SAT FEB 13 2016

...................................

...THE HILL CITY KS CLIMATE SUMMARY FOR FEBRUARY 12 2016...

CLIMATE NORMAL PERIOD 1981 TO 2010
CLIMATE RECORD PERIOD 1896 TO 2016


WEATHER ITEM   OBSERVED TIME   RECORD YEAR NORMAL DEPARTURE LAST
                VALUE   (LST)  VALUE       VALUE  FROM      YEAR
                                                  NORMAL
..................................................................
TEMPERATURE (F)
 YESTERDAY
  MAXIMUM         40   1222 AM  80    1962  45     -5       37
  MINIMUM         24    741 AM  -6    1965  19      5       20
  AVERAGE         32                        32      0       29

PRECIPITATION (IN)
  YESTERDAY        0.00                      0.02  -0.02     0.00
  MONTH TO DATE    0.56                      0.22   0.34      T
  SINCE DEC 1      2.70                      1.36   1.34     0.75
  SINCE JAN 1      0.84                      0.67   0.17     0.23

..................................................................

THE HILL CITY KS CLIMATE NORMALS FOR TODAY
                         NORMAL    RECORD    YEAR
 MAXIMUM TEMPERATURE (F)   45        75      1967
                                             1954
 MINIMUM TEMPERATURE (F)   19         1      1986



-  INDICATES NEGATIVE NUMBERS.
R  INDICATES RECORD WAS SET OR TIED.
MM INDICATES DATA IS MISSING.
T  INDICATES TRACE AMOUNT.




$$
