125
CDUS43 KGLD 160759 RRB
CLIHLC

CLIMATE REPORT
NATIONAL WEATHER SERVICE GOODLAND
157 AM MDT MON MAY 16 2016
...................................

...THE HILL CITY KS CLIMATE SUMMARY FOR MAY 15 2016...

CLIMATE NORMAL PERIOD 1981 TO 2010
CLIMATE RECORD PERIOD 1896 TO 2016

WEATHER ITEM   OBSERVED TIME   RECORD YEAR NORMAL DEPARTURE LAST
                VALUE   (LST)  VALUE       VALUE  FROM      YEAR
                                                  NORMAL
..................................................................
TEMPERATURE (F)
 YESTERDAY
  MAXIMUM         56    302 PM  97    1931  75    -19       80
  MINIMUM         45   1143 PM  27    1907  50     -5       62
  AVERAGE         51                        62    -11       71

PRECIPITATION (IN)
  YESTERDAY        0.04                      0.14  -0.10     0.00
  MONTH TO DATE    1.03                      1.77  -0.74     1.50
  SINCE MAR 1      7.95                      5.52   2.43     5.11
  SINCE JAN 1      8.84                      6.49   2.35     5.53

..................................................................

THE HILL CITY KS CLIMATE NORMALS FOR TODAY
                         NORMAL    RECORD    YEAR
 MAXIMUM TEMPERATURE (F)   75        96      2001
 MINIMUM TEMPERATURE (F)   50        31      1923
                                             1983

-  INDICATES NEGATIVE NUMBERS.
R  INDICATES RECORD WAS SET OR TIED.
MM INDICATES DATA IS MISSING.
T  INDICATES TRACE AMOUNT.

$$
