000
CDUS43 KGLD 190815
CLIHLC

CLIMATE REPORT
NATIONAL WEATHER SERVICE GOODLAND
110 AM MST MON JAN 19 2015


...................................

...THE HILL CITY KS CLIMATE SUMMARY FOR JANUARY 18 2015...

CLIMATE NORMAL PERIOD 1981 TO 2010
CLIMATE RECORD PERIOD 1896 TO 2015


WEATHER ITEM   OBSERVED TIME   RECORD YEAR NORMAL DEPARTURE LAST
                VALUE   (LST)  VALUE       VALUE  FROM      YEAR
                                                  NORMAL
..................................................................
TEMPERATURE (F)
 YESTERDAY
  MAXIMUM         62    324 PM  71    1920  42     20       51
  MINIMUM         24    703 AM -15    1940  17      7       19
  AVERAGE         43                        29     14       35

PRECIPITATION (IN)
  YESTERDAY        0.00                      0.02  -0.02     0.00
  MONTH TO DATE    0.01                      0.19  -0.18     0.03
  SINCE DEC 1      0.53                      0.88  -0.35     0.09
  SINCE JAN 1      0.01                      0.19  -0.18     0.03

..................................................................

THE HILL CITY KS CLIMATE NORMALS FOR TODAY
                         NORMAL    RECORD    YEAR
 MAXIMUM TEMPERATURE (F)   42        69      2014
 MINIMUM TEMPERATURE (F)   17       -19      1943



-  INDICATES NEGATIVE NUMBERS.
R  INDICATES RECORD WAS SET OR TIED.
MM INDICATES DATA IS MISSING.
T  INDICATES TRACE AMOUNT.

$$
