000
CDUS43 KGLD 010753
CLIHLC

CLIMATE REPORT
NATIONAL WEATHER SERVICE GOODLAND
1245 AM MST SUN JAN 1 2017


...................................

...THE HILL CITY KS CLIMATE SUMMARY FOR DECEMBER 31 2016...

CLIMATE NORMAL PERIOD 1981 TO 2010
CLIMATE RECORD PERIOD 1896 TO 2016


WEATHER ITEM   OBSERVED TIME   RECORD YEAR NORMAL DEPARTURE LAST
                VALUE   (LST)  VALUE       VALUE  FROM      YEAR
                                                  NORMAL
..................................................................
TEMPERATURE (F)
 YESTERDAY
  MAXIMUM         44    301 PM  64    1999  41      3       37
                                      1950
  MINIMUM         21    816 PM -15    1990  16      5       15
  AVERAGE         33                        29      4       26

PRECIPITATION (IN)
  YESTERDAY        0.00                      0.02  -0.02     0.00
  MONTH TO DATE    0.39                      0.69  -0.30     1.86
  SINCE DEC 1      0.39                      0.69  -0.30     1.86
  SINCE JAN 1     29.20                     22.92   6.28    21.41

..................................................................


THE HILL CITY KS CLIMATE NORMALS FOR TODAY
                         NORMAL    RECORD    YEAR
 MAXIMUM TEMPERATURE (F)   41        72      1939
 MINIMUM TEMPERATURE (F)   16       -16      1974


-  INDICATES NEGATIVE NUMBERS.
R  INDICATES RECORD WAS SET OR TIED.
MM INDICATES DATA IS MISSING.
T  INDICATES TRACE AMOUNT.

$$
