000
CDUS43 KGLD 290748
CLIHLC

CLIMATE REPORT
NATIONAL WEATHER SERVICE GOODLAND
142 AM MDT SAT MAR 29 2014


...................................

...THE HILL CITY KS CLIMATE SUMMARY FOR MARCH 28 2014...

CLIMATE NORMAL PERIOD 1981 TO 2010
CLIMATE RECORD PERIOD 1896 TO 2014


WEATHER ITEM   OBSERVED TIME   RECORD YEAR NORMAL DEPARTURE LAST
                VALUE   (LST)  VALUE       VALUE  FROM      YEAR
                                                  NORMAL
..................................................................
TEMPERATURE (F)
 YESTERDAY
  MAXIMUM         66    431 PM  90    1963  60      6       67
  MINIMUM         24    425 AM   3    1970  32     -8       24
  AVERAGE         45                        46     -1       46

PRECIPITATION (IN)
  YESTERDAY        0.02                      0.07  -0.05     0.00
  MONTH TO DATE    0.19                      1.41  -1.22     0.32
  SINCE MAR 1      0.19                      1.41  -1.22     0.32
  SINCE JAN 1      0.65                      2.38  -1.73     1.51

..................................................................


THE HILL CITY KS CLIMATE NORMALS FOR TODAY
                         NORMAL    RECORD    YEAR
 MAXIMUM TEMPERATURE (F)   60        91      1986
                                             1943
 MINIMUM TEMPERATURE (F)   32        11      1987


-  INDICATES NEGATIVE NUMBERS.
R  INDICATES RECORD WAS SET OR TIED.
MM INDICATES DATA IS MISSING.
T  INDICATES TRACE AMOUNT.

$$
