000
CDUS43 KGLD 110050
CLIHLC

CLIMATE REPORT
NATIONAL WEATHER SERVICE GOODLAND
546 PM MST FRI MAR 10 2017


...................................

...THE HILL CITY KS CLIMATE SUMMARY FOR MARCH 10 2017...
VALID TODAY AS OF 0500 PM LOCAL TIME.

CLIMATE NORMAL PERIOD 1981 TO 2010
CLIMATE RECORD PERIOD 1896 TO 2017


WEATHER ITEM   OBSERVED TIME   RECORD YEAR NORMAL DEPARTURE LAST
                VALUE   (LST)  VALUE       VALUE  FROM      YEAR
                                                  NORMAL
..................................................................
TEMPERATURE (F)
 TODAY
  MAXIMUM         38    459 PM  94    1989  54    -16       68
  MINIMUM         23    441 AM  -5    1998  26     -3       35
  AVERAGE         31                        40     -9       52

PRECIPITATION (IN)
  TODAY            0.00                      0.05  -0.05      T
  MONTH TO DATE    0.00                      0.40  -0.40     0.06
  SINCE MAR 1      0.00                      0.40  -0.40     0.06
  SINCE JAN 1      1.07                      1.37  -0.30     0.95

..................................................................


THE HILL CITY KS CLIMATE NORMALS FOR TOMORROW
                         NORMAL    RECORD    YEAR
 MAXIMUM TEMPERATURE (F)   54        83      1989
 MINIMUM TEMPERATURE (F)   26        -1      1998



-  INDICATES NEGATIVE NUMBERS.
R  INDICATES RECORD WAS SET OR TIED.
MM INDICATES DATA IS MISSING.
T  INDICATES TRACE AMOUNT.

$$
