000
CDUS43 KGLD 180051
CLIHLC

CLIMATE REPORT
NATIONAL WEATHER SERVICE GOODLAND
544 PM MST THU NOV 17 2016
...................................

...THE HILL CITY KS CLIMATE SUMMARY FOR NOVEMBER 17 2016...
VALID TODAY AS OF 0500 PM LOCAL TIME.

CLIMATE NORMAL PERIOD 1981 TO 2010
CLIMATE RECORD PERIOD 1896 TO 2016

WEATHER ITEM   OBSERVED TIME   RECORD YEAR NORMAL DEPARTURE LAST
                VALUE   (LST)  VALUE       VALUE  FROM      YEAR
                                                  NORMAL
..................................................................
TEMPERATURE (F)
 TODAY
  MAXIMUM         64   1209 AM  82    1943  53     11       51
  MINIMUM         43    754 AM   0    1959  27     16       34
  AVERAGE         54                        40     14       43

PRECIPITATION (IN)
  TODAY            0.00                      0.04  -0.04     0.45
  MONTH TO DATE    0.30                      0.63  -0.33     1.10
  SINCE SEP 1      9.13                      4.03   5.10     3.55
  SINCE JAN 1     28.66                     21.91   6.75    19.36

..................................................................

THE HILL CITY KS CLIMATE NORMALS FOR TOMORROW
                         NORMAL    RECORD    YEAR
 MAXIMUM TEMPERATURE (F)   52        80      1908
 MINIMUM TEMPERATURE (F)   26         2      2014

-  INDICATES NEGATIVE NUMBERS.
R  INDICATES RECORD WAS SET OR TIED.
MM INDICATES DATA IS MISSING.
T  INDICATES TRACE AMOUNT.

$$
