000
CDUS43 KGLD 120801
CLIHLC

CLIMATE REPORT
NATIONAL WEATHER SERVICE GOODLAND
157 AM MDT TUE MAY 12 2015
...................................

...THE HILL CITY KS CLIMATE SUMMARY FOR MAY 11 2015...

CLIMATE NORMAL PERIOD 1981 TO 2010
CLIMATE RECORD PERIOD 1896 TO 2015

WEATHER ITEM   OBSERVED TIME   RECORD YEAR NORMAL DEPARTURE LAST
                VALUE   (LST)  VALUE       VALUE  FROM      YEAR
                                                  NORMAL
..................................................................
TEMPERATURE (F)
 YESTERDAY
  MAXIMUM         63    457 PM  96    1962  74    -11       84
  MINIMUM         36   1118 PM  28    1979  48    -12       51
  AVERAGE         50                        61    -11       68

PRECIPITATION (IN)
  YESTERDAY        0.00                      0.12  -0.12     0.00
  MONTH TO DATE    1.14                      1.26  -0.12      T
  SINCE MAR 1      4.75                      5.01  -0.26     3.57
  SINCE JAN 1      5.17                      5.98  -0.81     4.03

..................................................................

THE HILL CITY KS CLIMATE NORMALS FOR TODAY
                         NORMAL    RECORD    YEAR
 MAXIMUM TEMPERATURE (F)   74       100      1956
 MINIMUM TEMPERATURE (F)   48        33      1971
                                             1953


-  INDICATES NEGATIVE NUMBERS.
R  INDICATES RECORD WAS SET OR TIED.
MM INDICATES DATA IS MISSING.
T  INDICATES TRACE AMOUNT.

$$
