000
CDUS43 KGLD 100745
CLIHLC

CLIMATE REPORT
NATIONAL WEATHER SERVICE GOODLAND
138 AM MDT WED SEP 10 2014


...................................

...THE HILL CITY KS CLIMATE SUMMARY FOR SEPTEMBER 9 2014...

CLIMATE NORMAL PERIOD 1981 TO 2010
CLIMATE RECORD PERIOD 1896 TO 2014


WEATHER ITEM   OBSERVED TIME   RECORD YEAR NORMAL DEPARTURE LAST
                VALUE   (LST)  VALUE       VALUE  FROM      YEAR
                                                  NORMAL
..................................................................
TEMPERATURE (F)
 YESTERDAY
  MAXIMUM         97    417 PM 102    1955  85     12       97
  MINIMUM         68   1159 PM  37    1943  56     12       73
  AVERAGE         83                        70     13       85

PRECIPITATION (IN)
  YESTERDAY        0.06                      0.06   0.00     0.00
  MONTH TO DATE    0.15                      0.68  -0.53     0.00
  SINCE SEP 1      0.15                      0.68  -0.53     0.00
  SINCE JAN 1     19.97                     18.56   1.41    12.94

..................................................................


THE HILL CITY KS CLIMATE NORMALS FOR TODAY
                         NORMAL    RECORD    YEAR
 MAXIMUM TEMPERATURE (F)   84       101      1938
 MINIMUM TEMPERATURE (F)   56        35      1959


-  INDICATES NEGATIVE NUMBERS.
R  INDICATES RECORD WAS SET OR TIED.
MM INDICATES DATA IS MISSING.
T  INDICATES TRACE AMOUNT.

$$
