000
CDUS43 KGLD 220042 RRA
CLIHLC

CLIMATE REPORT
NATIONAL WEATHER SERVICE GOODLAND
538 PM MST WED JAN 21 2015

...................................

...THE HILL CITY KS CLIMATE SUMMARY FOR JANUARY 21 2015...
VALID TODAY AS OF 0500 PM LOCAL TIME.

CLIMATE NORMAL PERIOD 1981 TO 2010
CLIMATE RECORD PERIOD 1896 TO 2015

WEATHER ITEM   OBSERVED TIME   RECORD YEAR NORMAL DEPARTURE LAST
                VALUE   (LST)  VALUE       VALUE  FROM      YEAR
                                                  NORMAL
..................................................................
TEMPERATURE (F)
 TODAY
  MAXIMUM         47    312 PM  76    1986  42      5       49
  MINIMUM         27    614 AM -16    1966  17     10        3
  AVERAGE         37                        29      8       26

PRECIPITATION (IN)
  TODAY            0.00                      0.01  -0.01     0.00
  MONTH TO DATE    0.01                      0.23  -0.22     0.03
  SINCE DEC 1      0.53                      0.92  -0.39     0.09
  SINCE JAN 1      0.01                      0.23  -0.22     0.03

..................................................................

THE HILL CITY KS CLIMATE NORMALS FOR TOMORROW
                         NORMAL    RECORD    YEAR
 MAXIMUM TEMPERATURE (F)   42        81      1943
 MINIMUM TEMPERATURE (F)   17       -17      1966

-  INDICATES NEGATIVE NUMBERS.
R  INDICATES RECORD WAS SET OR TIED.
MM INDICATES DATA IS MISSING.
T  INDICATES TRACE AMOUNT.

$$
