000
CDUS43 KGLD 270752
CLIHLC

CLIMATE REPORT
NATIONAL WEATHER SERVICE GOODLAND
147 AM MDT SAT JUN 27 2015
...................................

...THE HILL CITY KS CLIMATE SUMMARY FOR JUNE 26 2015...

CLIMATE NORMAL PERIOD 1981 TO 2010
CLIMATE RECORD PERIOD 1896 TO 2015

WEATHER ITEM   OBSERVED TIME   RECORD YEAR NORMAL DEPARTURE LAST
                VALUE   (LST)  VALUE       VALUE  FROM      YEAR
                                                  NORMAL
..................................................................
TEMPERATURE (F)
 YESTERDAY
  MAXIMUM         88    411 PM 115    2012  90     -2       87
  MINIMUM         62   1155 PM  44    1958  63     -1       62
  AVERAGE         75                        76     -1       75

PRECIPITATION (IN)
  YESTERDAY        T                         0.09  -0.09     1.02
  MONTH TO DATE    0.78                      2.47  -1.69     6.33
  SINCE JUN 1      0.78                      2.47  -1.69     6.33
  SINCE JAN 1      8.31                     10.97  -2.66    11.27

..................................................................

THE HILL CITY KS CLIMATE NORMALS FOR TODAY
                         NORMAL    RECORD    YEAR
 MAXIMUM TEMPERATURE (F)   90       115      2012
 MINIMUM TEMPERATURE (F)   63        42      1985

-  INDICATES NEGATIVE NUMBERS.
R  INDICATES RECORD WAS SET OR TIED.
MM INDICATES DATA IS MISSING.
T  INDICATES TRACE AMOUNT.

$$
