000
CDUS43 KGLD 060045 RRA
CLIHLC

CLIMATE REPORT
NATIONAL WEATHER SERVICE GOODLAND
636 PM MDT TUE JUL 5 2016
...................................

...THE HILL CITY KS CLIMATE SUMMARY FOR JULY 5 2016...
VALID TODAY AS OF 0600 PM LOCAL TIME.

CLIMATE NORMAL PERIOD 1981 TO 2010
CLIMATE RECORD PERIOD 1896 TO 2016

WEATHER ITEM   OBSERVED TIME   RECORD YEAR NORMAL DEPARTURE LAST
                VALUE   (LST)  VALUE       VALUE  FROM      YEAR
                                                  NORMAL
..................................................................
TEMPERATURE (F)
 TODAY
  MAXIMUM        103    230 PM 110    1966  92     11      105
  MINIMUM         64    214 AM  45    1924  65     -1       73
  AVERAGE         84                        78      6       89

PRECIPITATION (IN)
  TODAY            0.00                      0.10  -0.10      T
  MONTH TO DATE    0.06                      0.49  -0.43     0.11
  SINCE JUN 1      0.62                      3.25  -2.63     0.89
  SINCE JAN 1     13.56                     11.75   1.81     8.42

..................................................................

THE HILL CITY KS CLIMATE NORMALS FOR TOMORROW
                         NORMAL    RECORD    YEAR
 MAXIMUM TEMPERATURE (F)   93       109      2001
 MINIMUM TEMPERATURE (F)   65        50      1985

-  INDICATES NEGATIVE NUMBERS.
R  INDICATES RECORD WAS SET OR TIED.
MM INDICATES DATA IS MISSING.
T  INDICATES TRACE AMOUNT.

$$
