000
CDUS43 KGLD 090746
CLIHLC

CLIMATE REPORT
NATIONAL WEATHER SERVICE GOODLAND
139 AM MDT SAT AUG 9 2014


...................................

...THE HILL CITY KS CLIMATE SUMMARY FOR AUGUST 8 2014...

CLIMATE NORMAL PERIOD 1981 TO 2010
CLIMATE RECORD PERIOD 1896 TO 2014


WEATHER ITEM   OBSERVED TIME   RECORD YEAR NORMAL DEPARTURE LAST
                VALUE   (LST)  VALUE       VALUE  FROM      YEAR
                                                  NORMAL
..................................................................
TEMPERATURE (F)
 YESTERDAY
  MAXIMUM         89    505 PM 112    1934  91     -2       78
  MINIMUM         65    638 AM  46    1989  65      0       63
  AVERAGE         77                        78     -1       71

PRECIPITATION (IN)
  YESTERDAY        0.03                      0.09  -0.06     0.07
  MONTH TO DATE    0.78                      0.76   0.02     0.61
  SINCE JUN 1      9.51                      7.23   2.28     8.45
  SINCE JAN 1     14.45                     15.73  -1.28    12.79

..................................................................

THE HILL CITY KS CLIMATE NORMALS FOR TODAY
                         NORMAL    RECORD    YEAR
 MAXIMUM TEMPERATURE (F)   91       112      1937
 MINIMUM TEMPERATURE (F)   65        46      1989



-  INDICATES NEGATIVE NUMBERS.
R  INDICATES RECORD WAS SET OR TIED.
MM INDICATES DATA IS MISSING.
T  INDICATES TRACE AMOUNT.




$$
