000
CDUS43 KGLD 050058
CLIHLC

CLIMATE REPORT
NATIONAL WEATHER SERVICE GOODLAND
647 PM MDT TUE APR 4 2017

...................................

...THE HILL CITY KS CLIMATE SUMMARY FOR APRIL 4 2017...
VALID TODAY AS OF 0600 PM LOCAL TIME.

CLIMATE NORMAL PERIOD 1981 TO 2010
CLIMATE RECORD PERIOD 1896 TO 2017

WEATHER ITEM   OBSERVED TIME   RECORD YEAR NORMAL DEPARTURE LAST
                VALUE   (LST)  VALUE       VALUE  FROM      YEAR
                                                  NORMAL
..................................................................
TEMPERATURE (F)
 TODAY
  MAXIMUM         53    423 PM  94    1929  62     -9       73
  MINIMUM         36    241 AM  19    1968  34      2       36
  AVERAGE         45                        48     -3       55

PRECIPITATION (IN)
  TODAY            0.00                      0.05  -0.05     0.00
  MONTH TO DATE    0.51                      0.20   0.31     0.00
  SINCE MAR 1      2.61                      1.83   0.78     0.20
  SINCE JAN 1      3.68                      2.80   0.88     1.09

..................................................................

THE HILL CITY KS CLIMATE NORMALS FOR TOMORROW
                         NORMAL    RECORD    YEAR
 MAXIMUM TEMPERATURE (F)   62        93      1967
 MINIMUM TEMPERATURE (F)   34        11      1968

-  INDICATES NEGATIVE NUMBERS.
R  INDICATES RECORD WAS SET OR TIED.
MM INDICATES DATA IS MISSING.
T  INDICATES TRACE AMOUNT.

$$
