000
CDUS43 KGLD 010040 RRA
CLIHLC

CLIMATE REPORT
NATIONAL WEATHER SERVICE GOODLAND
537 PM MST SUN JAN 31 2016

...................................

...THE HILL CITY KS CLIMATE SUMMARY FOR JANUARY 31 2016...
VALID TODAY AS OF 0500 PM LOCAL TIME.

CLIMATE NORMAL PERIOD 1981 TO 2010
CLIMATE RECORD PERIOD 1896 TO 2016


WEATHER ITEM   OBSERVED TIME   RECORD YEAR NORMAL DEPARTURE LAST
                VALUE   (LST)  VALUE       VALUE  FROM      YEAR
                                                  NORMAL
..................................................................
TEMPERATURE (F)
 TODAY
  MAXIMUM         52    400 PM  82    1989  43      9       40
  MINIMUM         33    543 AM -14    1918  18     15       32
  AVERAGE         43                        30     13       36

PRECIPITATION (IN)
  TODAY            0.00                      0.02  -0.02     0.16
  MONTH TO DATE    0.28                      0.45  -0.17     0.23
  SINCE DEC 1      2.14                      1.14   1.00     0.75
  SINCE JAN 1      0.28                      0.45  -0.17     0.23

..................................................................


THE HILL CITY KS CLIMATE NORMALS FOR TOMORROW
                         NORMAL    RECORD    YEAR
 MAXIMUM TEMPERATURE (F)   43        82      1989
 MINIMUM TEMPERATURE (F)   18       -19      1951



-  INDICATES NEGATIVE NUMBERS.
R  INDICATES RECORD WAS SET OR TIED.
MM INDICATES DATA IS MISSING.
T  INDICATES TRACE AMOUNT.

$$
