000
CDUS43 KGLD 110758
CLIHLC

CLIMATE REPORT
NATIONAL WEATHER SERVICE GOODLAND
1249 AM MST THU DEC 11 2014


...................................

...THE HILL CITY KS CLIMATE SUMMARY FOR DECEMBER 10 2014...

CLIMATE NORMAL PERIOD 1981 TO 2010
CLIMATE RECORD PERIOD 1896 TO 2014


WEATHER ITEM   OBSERVED TIME   RECORD YEAR NORMAL DEPARTURE LAST
                VALUE   (LST)  VALUE       VALUE  FROM      YEAR
                                                  NORMAL
..................................................................
TEMPERATURE (F)
 YESTERDAY
  MAXIMUM         40    402 PM  70    1990  43     -3       42
  MINIMUM         20    144 AM -15    1919  19      1       MM
  AVERAGE         30                        31     -1       MM

PRECIPITATION (IN)
  YESTERDAY        0.00                      0.03  -0.03     0.00
  MONTH TO DATE    0.00                      0.35  -0.35     0.05
  SINCE DEC 1      0.00                      0.35  -0.35     0.05
  SINCE JAN 1     21.45                     22.58  -1.13    17.61

..................................................................

THE HILL CITY KS CLIMATE NORMALS FOR TODAY
                         NORMAL    RECORD    YEAR
 MAXIMUM TEMPERATURE (F)   43        72      1939
 MINIMUM TEMPERATURE (F)   18        -8      1932



-  INDICATES NEGATIVE NUMBERS.
R  INDICATES RECORD WAS SET OR TIED.
MM INDICATES DATA IS MISSING.
T  INDICATES TRACE AMOUNT.

$$
