000
CDUS43 KGLD 250810
CLIHLC

CLIMATE REPORT
NATIONAL WEATHER SERVICE GOODLAND
103 AM MST SAT NOV 25 2017


...................................

...THE HILL CITY KS CLIMATE SUMMARY FOR NOVEMBER 24 2017...

CLIMATE NORMAL PERIOD 1981 TO 2010
CLIMATE RECORD PERIOD 1896 TO 2017


WEATHER ITEM   OBSERVED TIME   RECORD YEAR NORMAL DEPARTURE LAST
                VALUE   (LST)  VALUE       VALUE  FROM      YEAR
                                                  NORMAL
..................................................................
TEMPERATURE (F)
 YESTERDAY
  MAXIMUM         83R  1220 PM  83    2017  49     34       52
  MINIMUM         41   1159 PM  -1    1950  24     17       23
  AVERAGE         62                        37     25       38

PRECIPITATION (IN)
  YESTERDAY        0.00                      0.02  -0.02     0.00
  MONTH TO DATE    0.10                      0.82  -0.72     0.37
  SINCE SEP 1      6.80                      4.22   2.58     9.20
  SINCE JAN 1     24.63                     22.10   2.53    28.73

..................................................................


THE HILL CITY KS CLIMATE NORMALS FOR TODAY
                         NORMAL    RECORD    YEAR
 MAXIMUM TEMPERATURE (F)   49        78      1960
 MINIMUM TEMPERATURE (F)   24         5      1975


-  INDICATES NEGATIVE NUMBERS.
R  INDICATES RECORD WAS SET OR TIED.
MM INDICATES DATA IS MISSING.
T  INDICATES TRACE AMOUNT.

$$
