000
CDUS43 KGLD 180048 RRA
CLIHLC

CLIMATE REPORT
NATIONAL WEATHER SERVICE GOODLAND
642 PM MDT MON AUG 17 2015

...................................

...THE HILL CITY KS CLIMATE SUMMARY FOR AUGUST 17 2015...
VALID TODAY AS OF 0600 PM LOCAL TIME.

CLIMATE NORMAL PERIOD 1981 TO 2010
CLIMATE RECORD PERIOD 1896 TO 2015

WEATHER ITEM   OBSERVED TIME   RECORD YEAR NORMAL DEPARTURE LAST
                VALUE   (LST)  VALUE       VALUE  FROM      YEAR
                                                  NORMAL
..................................................................
TEMPERATURE (F)
 TODAY
  MAXIMUM         87    209 PM 107    1946  90     -3      100
  MINIMUM         69    645 AM  49    2012  63      6       64
  AVERAGE         78                        77      1       82

PRECIPITATION (IN)
  TODAY            0.00                      0.09  -0.09     0.20
  MONTH TO DATE    1.00                      1.60  -0.60     1.40
  SINCE JUN 1      8.24                      8.07   0.17    10.13
  SINCE JAN 1     15.77                     16.57  -0.80    15.07

..................................................................

THE HILL CITY KS CLIMATE NORMALS FOR TOMORROW
                         NORMAL    RECORD    YEAR
 MAXIMUM TEMPERATURE (F)   90       111      1934
 MINIMUM TEMPERATURE (F)   63        52      1981

-  INDICATES NEGATIVE NUMBERS.
R  INDICATES RECORD WAS SET OR TIED.
MM INDICATES DATA IS MISSING.
T  INDICATES TRACE AMOUNT.

$$
