000
CDUS43 KGLD 180806 RRB
CLIHLC

CLIMATE REPORT
NATIONAL WEATHER SERVICE GOODLAND
204 AM MDT SAT JUL 18 2015

...................................

...THE HILL CITY KS CLIMATE SUMMARY FOR JULY 17 2015...

CLIMATE NORMAL PERIOD 1981 TO 2010
CLIMATE RECORD PERIOD 1896 TO 2015


WEATHER ITEM   OBSERVED TIME   RECORD YEAR NORMAL DEPARTURE LAST
                VALUE   (LST)  VALUE       VALUE  FROM      YEAR
                                                  NORMAL
..................................................................
TEMPERATURE (F)
 YESTERDAY
  MAXIMUM        103    441 PM 112    1936  93     10       66
  MINIMUM         68    603 AM  51    1917  66      2       58
  AVERAGE         86                        80      6       62

PRECIPITATION (IN)
  YESTERDAY        0.00                      0.15  -0.15     0.23
  MONTH TO DATE    1.62                      2.04  -0.42     1.78
  SINCE JUN 1      2.40                      4.80  -2.40     8.71
  SINCE JAN 1      9.93                     13.30  -3.37    13.65

..................................................................


THE HILL CITY KS CLIMATE NORMALS FOR TODAY
                         NORMAL    RECORD    YEAR
 MAXIMUM TEMPERATURE (F)   93       111      1936
 MINIMUM TEMPERATURE (F)   66        55      1922


-  INDICATES NEGATIVE NUMBERS.
R  INDICATES RECORD WAS SET OR TIED.
MM INDICATES DATA IS MISSING.
T  INDICATES TRACE AMOUNT.


$$
