000
CDUS43 KGLD 130807
CLIHLC

CLIMATE REPORT
NATIONAL WEATHER SERVICE GOODLAND
103 AM MST THU NOV 13 2014


...................................

...THE HILL CITY KS CLIMATE SUMMARY FOR NOVEMBER 12 2014...

CLIMATE NORMAL PERIOD 1981 TO 2010
CLIMATE RECORD PERIOD 1896 TO 2014


WEATHER ITEM   OBSERVED TIME   RECORD YEAR NORMAL DEPARTURE LAST
                VALUE   (LST)  VALUE       VALUE  FROM      YEAR
                                                  NORMAL
..................................................................
TEMPERATURE (F)
 YESTERDAY
  MAXIMUM         21    330 PM  77    1952  56    -35       42
  MINIMUM          9   1159 PM   2    1940  29    -20       13
  AVERAGE         15                        42    -27       28

PRECIPITATION (IN)
  YESTERDAY        0.00                      0.03  -0.03     0.00
  MONTH TO DATE    T                         0.47  -0.47     0.69
  SINCE SEP 1      1.61                      3.87  -2.26     4.62
  SINCE JAN 1     21.43                     21.75  -0.32    17.56

..................................................................

THE HILL CITY KS CLIMATE NORMALS FOR TODAY
                         NORMAL    RECORD    YEAR
 MAXIMUM TEMPERATURE (F)   55        83      1999
 MINIMUM TEMPERATURE (F)   29        -7      1940



-  INDICATES NEGATIVE NUMBERS.
R  INDICATES RECORD WAS SET OR TIED.
MM INDICATES DATA IS MISSING.
T  INDICATES TRACE AMOUNT.

$$
