000
CDUS43 KGLD 300049 RRA
CLIHLC

CLIMATE REPORT
NATIONAL WEATHER SERVICE GOODLAND
546 PM MST FRI DEC 29 2017

...................................

...THE HILL CITY KS CLIMATE SUMMARY FOR DECEMBER 29 2017...
VALID TODAY AS OF 0500 PM LOCAL TIME.

CLIMATE NORMAL PERIOD 1981 TO 2010
CLIMATE RECORD PERIOD 1896 TO 2017


WEATHER ITEM   OBSERVED TIME   RECORD YEAR NORMAL DEPARTURE LAST
                VALUE   (LST)  VALUE       VALUE  FROM      YEAR
                                                  NORMAL
..................................................................
TEMPERATURE (F)
 TODAY
  MAXIMUM         38    220 PM  67    1999  41     -3       48
  MINIMUM          7    251 AM -11    1983  16     -9       19
  AVERAGE         23                        29     -6       34

PRECIPITATION (IN)
  TODAY            0.00                      0.02  -0.02     0.00
  MONTH TO DATE    0.03                      0.66  -0.63     0.42
  SINCE DEC 1      0.03                      0.66  -0.63     0.42
  SINCE JAN 1     24.66                     22.89   1.77    29.23

..................................................................

THE HILL CITY KS CLIMATE NORMALS FOR TOMORROW
                         NORMAL    RECORD    YEAR
 MAXIMUM TEMPERATURE (F)   41        70      1921
 MINIMUM TEMPERATURE (F)   16       -12      1990



-  INDICATES NEGATIVE NUMBERS.
R  INDICATES RECORD WAS SET OR TIED.
MM INDICATES DATA IS MISSING.
T  INDICATES TRACE AMOUNT.




$$
