528
CDUS43 KGLD 150056
CLIHLC

CLIMATE REPORT
NATIONAL WEATHER SERVICE GOODLAND
652 PM MDT WED JUN 14 2017

...................................

...THE HILL CITY KS CLIMATE SUMMARY FOR JUNE 14 2017...
VALID TODAY AS OF 0600 PM LOCAL TIME.

CLIMATE NORMAL PERIOD 1981 TO 2010
CLIMATE RECORD PERIOD 1896 TO 2017

WEATHER ITEM   OBSERVED TIME   RECORD YEAR NORMAL DEPARTURE LAST
                VALUE   (LST)  VALUE       VALUE  FROM      YEAR
                                                  NORMAL
..................................................................
TEMPERATURE (F)
 TODAY
  MAXIMUM         91    411 PM 105    2013  86      5       93
                                      1952
  MINIMUM         64    534 AM  44    1969  59      5       64
  AVERAGE         78                        72      6       79

PRECIPITATION (IN)
  TODAY            0.00                      0.08  -0.08     0.00
  MONTH TO DATE    0.18                      1.39  -1.21     0.10
  SINCE JUN 1      0.18                      1.39  -1.21     0.10
  SINCE JAN 1     11.46                      9.89   1.57    13.04

..................................................................

THE HILL CITY KS CLIMATE NORMALS FOR TOMORROW
                         NORMAL    RECORD    YEAR
 MAXIMUM TEMPERATURE (F)   86       113      1946
 MINIMUM TEMPERATURE (F)   60        40      1989

-  INDICATES NEGATIVE NUMBERS.
R  INDICATES RECORD WAS SET OR TIED.
MM INDICATES DATA IS MISSING.
T  INDICATES TRACE AMOUNT.

$$
