000
CDUS43 KGLD 080040
CLIHLC

CLIMATE REPORT
NATIONAL WEATHER SERVICE GOODLAND
540 PM MST TUE MAR 7 2017


...................................

...THE HILL CITY KS CLIMATE SUMMARY FOR MARCH 7 2017...
VALID TODAY AS OF 0500 PM LOCAL TIME.

CLIMATE NORMAL PERIOD 1981 TO 2010
CLIMATE RECORD PERIOD 1896 TO 2017


WEATHER ITEM   OBSERVED TIME   RECORD YEAR NORMAL DEPARTURE LAST
                VALUE   (LST)  VALUE       VALUE  FROM      YEAR
                                                  NORMAL
..................................................................
TEMPERATURE (F)
 TODAY
  MAXIMUM         60    245 PM  82    2016  53      7       82
  MINIMUM         23    708 AM  -3    1989  25     -2       37
  AVERAGE         42                        39      3       60

PRECIPITATION (IN)
  TODAY            0.00                      0.05  -0.05     0.00
  MONTH TO DATE    0.00                      0.25  -0.25     0.06
  SINCE MAR 1      0.00                      0.25  -0.25     0.06
  SINCE JAN 1      1.07                      1.22  -0.15     0.95

..................................................................

THE HILL CITY KS CLIMATE NORMALS FOR TOMORROW
                         NORMAL    RECORD    YEAR
 MAXIMUM TEMPERATURE (F)   53        79      1977
                                             1974
 MINIMUM TEMPERATURE (F)   25        -3      1967



-  INDICATES NEGATIVE NUMBERS.
R  INDICATES RECORD WAS SET OR TIED.
MM INDICATES DATA IS MISSING.
T  INDICATES TRACE AMOUNT.




$$
