000
CDUS43 KGLD 190743
CLIHLC

CLIMATE REPORT
NATIONAL WEATHER SERVICE GOODLAND
136 AM MDT SUN JUL 19 2015

...................................

...THE HILL CITY KS CLIMATE SUMMARY FOR JULY 18 2015...

CLIMATE NORMAL PERIOD 1981 TO 2010
CLIMATE RECORD PERIOD 1896 TO 2015


WEATHER ITEM   OBSERVED TIME   RECORD YEAR NORMAL DEPARTURE LAST
                VALUE   (LST)  VALUE       VALUE  FROM      YEAR
                                                  NORMAL
..................................................................
TEMPERATURE (F)
 YESTERDAY
  MAXIMUM         95    441 PM 111    1936  93      2       79
  MINIMUM         68    600 AM  55    1922  66      2       60
  AVERAGE         82                        80      2       70

PRECIPITATION (IN)
  YESTERDAY        0.00                      0.13  -0.13     0.01
  MONTH TO DATE    1.62                      2.17  -0.55     1.79
  SINCE JUN 1      2.40                      4.93  -2.53     8.72
  SINCE JAN 1      9.93                     13.43  -3.50    13.66

..................................................................


THE HILL CITY KS CLIMATE NORMALS FOR TODAY
                         NORMAL    RECORD    YEAR
 MAXIMUM TEMPERATURE (F)   93       112      1934
 MINIMUM TEMPERATURE (F)   66        55      2009


-  INDICATES NEGATIVE NUMBERS.
R  INDICATES RECORD WAS SET OR TIED.
MM INDICATES DATA IS MISSING.
T  INDICATES TRACE AMOUNT.


$$
