000
CDUS43 KGLD 020754
CLIHLC

CLIMATE REPORT
NATIONAL WEATHER SERVICE GOODLAND
154 AM MDT WED AUG 2 2017


...................................

...THE HILL CITY KS CLIMATE SUMMARY FOR AUGUST 1 2017...

CLIMATE NORMAL PERIOD 1981 TO 2010
CLIMATE RECORD PERIOD 1896 TO 2017


WEATHER ITEM   OBSERVED TIME   RECORD YEAR NORMAL DEPARTURE LAST
                VALUE   (LST)  VALUE       VALUE  FROM      YEAR
                                                  NORMAL
..................................................................
TEMPERATURE (F)
 YESTERDAY
  MAXIMUM         89    506 PM 110    1937  92     -3       99
                                      1935
  MINIMUM         61    155 AM  49    1925  66     -5       68
  AVERAGE         75                        79     -4       84

PRECIPITATION (IN)
  YESTERDAY        0.00                      0.10  -0.10     0.00
  MONTH TO DATE    0.00                      0.10  -0.10     0.00
  SINCE JUN 1      4.57                      6.57  -2.00     2.86
  SINCE JAN 1     15.85                     15.07   0.78    15.80

..................................................................

THE HILL CITY KS CLIMATE NORMALS FOR TODAY
                         NORMAL    RECORD    YEAR
 MAXIMUM TEMPERATURE (F)   92       110      1938
 MINIMUM TEMPERATURE (F)   66        48      1913



-  INDICATES NEGATIVE NUMBERS.
R  INDICATES RECORD WAS SET OR TIED.
MM INDICATES DATA IS MISSING.
T  INDICATES TRACE AMOUNT.




$$
