000
CDUS43 KGLD 220043
CLIHLC

CLIMATE REPORT
NATIONAL WEATHER SERVICE GOODLAND
639 PM MDT MON JUL 21 2014

...................................

...THE HILL CITY KS CLIMATE SUMMARY FOR JULY 21 2014...
VALID TODAY AS OF 0600 PM LOCAL TIME.

CLIMATE NORMAL PERIOD 1981 TO 2010
CLIMATE RECORD PERIOD 1896 TO 2014

WEATHER ITEM   OBSERVED TIME   RECORD YEAR NORMAL DEPARTURE LAST
                VALUE   (LST)  VALUE       VALUE  FROM      YEAR
                                                  NORMAL
..................................................................
TEMPERATURE (F)
 TODAY
  MAXIMUM        105    154 PM 110    1934  93     12       92
  MINIMUM         77    328 AM  48    1970  66     11       65
  AVERAGE         91                        80     11       79

PRECIPITATION (IN)
  TODAY            0.00                      0.12  -0.12      T
  MONTH TO DATE    1.79                      2.51  -0.72     0.23
  SINCE JUN 1      8.72                      5.27   3.45     2.91
  SINCE JAN 1     13.66                     13.77  -0.11     7.25

..................................................................

THE HILL CITY KS CLIMATE NORMALS FOR TOMORROW
                         NORMAL    RECORD    YEAR
 MAXIMUM TEMPERATURE (F)   93       108      1934
 MINIMUM TEMPERATURE (F)   66        49      1909

-  INDICATES NEGATIVE NUMBERS.
R  INDICATES RECORD WAS SET OR TIED.
MM INDICATES DATA IS MISSING.
T  INDICATES TRACE AMOUNT.

$$
