636
CDUS43 KGLD 140139 RRA
CLIHLC

CLIMATE REPORT
NATIONAL WEATHER SERVICE GOODLAND
737 PM MDT MON MAR 13 2017

...................................

...THE HILL CITY KS CLIMATE SUMMARY FOR MARCH 13 2017...
VALID TODAY AS OF 0600 PM LOCAL TIME.

CLIMATE NORMAL PERIOD 1981 TO 2010
CLIMATE RECORD PERIOD 1896 TO 2017

WEATHER ITEM   OBSERVED TIME   RECORD YEAR NORMAL DEPARTURE LAST
                VALUE   (LST)  VALUE       VALUE  FROM      YEAR
                                                  NORMAL
..................................................................
TEMPERATURE (F)
 TODAY
  MAXIMUM         38    412 PM  83    1971  55    -17       74
  MINIMUM         17    713 AM  -1    1975  27    -10       42
  AVERAGE         28                        41    -13       58

PRECIPITATION (IN)
  TODAY            0.00                      0.05  -0.05      T
  MONTH TO DATE    0.08                      0.56  -0.48     0.06
  SINCE MAR 1      0.08                      0.56  -0.48     0.06
  SINCE JAN 1      1.15                      1.53  -0.38     0.95

..................................................................

THE HILL CITY KS CLIMATE NORMALS FOR TOMORROW
                         NORMAL    RECORD    YEAR
 MAXIMUM TEMPERATURE (F)   55        84      2003
                                             1935
 MINIMUM TEMPERATURE (F)   27         2      1958

-  INDICATES NEGATIVE NUMBERS.
R  INDICATES RECORD WAS SET OR TIED.
MM INDICATES DATA IS MISSING.
T  INDICATES TRACE AMOUNT.

$$
