000
CDUS43 KGLD 020104
CLIHLC

CLIMATE REPORT
NATIONAL WEATHER SERVICE GOODLAND
645 PM MDT TUE APR 1 2014


...................................

...THE HILL CITY KS CLIMATE SUMMARY FOR APRIL 1 2014...
VALID TODAY AS OF 0600 PM LOCAL TIME.

CLIMATE NORMAL PERIOD 1981 TO 2010
CLIMATE RECORD PERIOD 1896 TO 2014


WEATHER ITEM   OBSERVED TIME   RECORD YEAR NORMAL DEPARTURE LAST
                VALUE   (LST)  VALUE       VALUE  FROM      YEAR
                                                  NORMAL
..................................................................
TEMPERATURE (F)
 TODAY
  MAXIMUM         53    444 PM  92    2012  61     -8       50
                                      1940
  MINIMUM         24    116 AM  15    2009  33     -9       29
  AVERAGE         39                        47     -8       40

PRECIPITATION (IN)
  TODAY            0.00                      0.05  -0.05     0.00
  MONTH TO DATE    0.00                      0.05  -0.05     0.00
  SINCE MAR 1      0.19                      1.68  -1.49     0.79
  SINCE JAN 1      0.65                      2.65  -2.00     1.98

..................................................................

THE HILL CITY KS CLIMATE NORMALS FOR TOMORROW
                         NORMAL    RECORD    YEAR
 MAXIMUM TEMPERATURE (F)   61        92      1996
 MINIMUM TEMPERATURE (F)   33        14      1975



-  INDICATES NEGATIVE NUMBERS.
R  INDICATES RECORD WAS SET OR TIED.
MM INDICATES DATA IS MISSING.
T  INDICATES TRACE AMOUNT.

$$
