000
CDUS43 KGLD 210749
CLIHLC

CLIMATE REPORT
NATIONAL WEATHER SERVICE GOODLAND
1240 AM MST WED JAN 21 2015


...................................

...THE HILL CITY KS CLIMATE SUMMARY FOR JANUARY 20 2015...

CLIMATE NORMAL PERIOD 1981 TO 2010
CLIMATE RECORD PERIOD 1896 TO 2015


WEATHER ITEM   OBSERVED TIME   RECORD YEAR NORMAL DEPARTURE LAST
                VALUE   (LST)  VALUE       VALUE  FROM      YEAR
                                                  NORMAL
..................................................................
TEMPERATURE (F)
 YESTERDAY
  MAXIMUM         54    316 PM  72    1986  42     12       55
  MINIMUM         28   1149 PM -17    1962  17     11       19
  AVERAGE         41                        29     12       37

PRECIPITATION (IN)
  YESTERDAY        T                         0.02  -0.02     0.00
  MONTH TO DATE    0.01                      0.22  -0.21     0.03
  SINCE DEC 1      0.53                      0.91  -0.38     0.09
  SINCE JAN 1      0.01                      0.22  -0.21     0.03

..................................................................

THE HILL CITY KS CLIMATE NORMALS FOR TODAY
                         NORMAL    RECORD    YEAR
 MAXIMUM TEMPERATURE (F)   42        76      1986
 MINIMUM TEMPERATURE (F)   17       -16      1966



-  INDICATES NEGATIVE NUMBERS.
R  INDICATES RECORD WAS SET OR TIED.
MM INDICATES DATA IS MISSING.
T  INDICATES TRACE AMOUNT.

$$
