000
CDUS43 KGLD 210042
CLIHLC

CLIMATE REPORT
NATIONAL WEATHER SERVICE GOODLAND
638 PM MDT SAT SEP 20 2014

...................................

...THE HILL CITY KS CLIMATE SUMMARY FOR SEPTEMBER 20 2014...
VALID TODAY AS OF 0600 PM LOCAL TIME.

CLIMATE NORMAL PERIOD 1981 TO 2010
CLIMATE RECORD PERIOD 1896 TO 2014

WEATHER ITEM   OBSERVED TIME   RECORD YEAR NORMAL DEPARTURE LAST
                VALUE   (LST)  VALUE       VALUE  FROM      YEAR
                                                  NORMAL
..................................................................
TEMPERATURE (F)
 TODAY
  MAXIMUM         90    234 PM  99    1935  80     10       75
  MINIMUM         66    357 AM  19    1910  51     15       47
  AVERAGE         78                        66     12       61

PRECIPITATION (IN)
  TODAY            0.00                      0.06  -0.06     0.00
  MONTH TO DATE    0.30                      1.31  -1.01     1.50
  SINCE SEP 1      0.30                      1.31  -1.01     1.50
  SINCE JAN 1     20.12                     19.19   0.93    14.44

..................................................................

THE HILL CITY KS CLIMATE NORMALS FOR TOMORROW
                         NORMAL    RECORD    YEAR
 MAXIMUM TEMPERATURE (F)   79       102      2005
 MINIMUM TEMPERATURE (F)   51        25      1910

-  INDICATES NEGATIVE NUMBERS.
R  INDICATES RECORD WAS SET OR TIED.
MM INDICATES DATA IS MISSING.
T  INDICATES TRACE AMOUNT.

$$
