000
CDUS43 KGLD 170039 RRA
CLIHLC

CLIMATE REPORT
NATIONAL WEATHER SERVICE GOODLAND
636 PM MDT SAT AUG 16 2014


...................................

...THE HILL CITY KS CLIMATE SUMMARY FOR AUGUST 16 2014...
VALID TODAY AS OF 0600 PM LOCAL TIME.

CLIMATE NORMAL PERIOD 1981 TO 2010
CLIMATE RECORD PERIOD 1896 TO 2014


WEATHER ITEM   OBSERVED TIME   RECORD YEAR NORMAL DEPARTURE LAST
                VALUE   (LST)  VALUE       VALUE  FROM      YEAR
                                                  NORMAL
..................................................................
TEMPERATURE (F)
 TODAY
  MAXIMUM         96    408 PM 109    1936  90      6       82
  MINIMUM         66    619 AM  49    1931  64      2       60
  AVERAGE         81                        77      4       71

PRECIPITATION (IN)
  TODAY            0.00                      0.09  -0.09     0.00
  MONTH TO DATE    1.20                      1.51  -0.31     0.71
  SINCE JUN 1      9.93                      7.98   1.95     8.55
  SINCE JAN 1     14.87                     16.48  -1.61    12.89

..................................................................


THE HILL CITY KS CLIMATE NORMALS FOR TOMORROW
                         NORMAL    RECORD    YEAR
 MAXIMUM TEMPERATURE (F)   90       107      1946
 MINIMUM TEMPERATURE (F)   63        49      2012



-  INDICATES NEGATIVE NUMBERS.
R  INDICATES RECORD WAS SET OR TIED.
MM INDICATES DATA IS MISSING.
T  INDICATES TRACE AMOUNT.

$$
