000
CDUS43 KGLD 310751 RRA
CLIHLC

CLIMATE REPORT
NATIONAL WEATHER SERVICE GOODLAND
1246 AM MST WED JAN 31 2018

...................................

...THE HILL CITY KS CLIMATE SUMMARY FOR JANUARY 30 2018...

CLIMATE NORMAL PERIOD 1981 TO 2010
CLIMATE RECORD PERIOD 1896 TO 2018


WEATHER ITEM   OBSERVED TIME   RECORD YEAR NORMAL DEPARTURE LAST
                VALUE   (LST)  VALUE       VALUE  FROM      YEAR
                                                  NORMAL
..................................................................
TEMPERATURE (F)
 YESTERDAY
  MAXIMUM         66    330 PM  73    2012  43     23       66
  MINIMUM         24    610 AM -13    1918  18      6       27
  AVERAGE         45                        30     15       47

PRECIPITATION (IN)
  YESTERDAY        0.00                      0.03  -0.03     0.00
  MONTH TO DATE    0.10                      0.43  -0.33     1.06
  SINCE DEC 1      0.13                      1.12  -0.99     1.48
  SINCE JAN 1      0.10                      0.43  -0.33     1.06

..................................................................

THE HILL CITY KS CLIMATE NORMALS FOR TODAY
                         NORMAL    RECORD    YEAR
 MAXIMUM TEMPERATURE (F)   43        82      1989
 MINIMUM TEMPERATURE (F)   18       -14      1918



-  INDICATES NEGATIVE NUMBERS.
R  INDICATES RECORD WAS SET OR TIED.
MM INDICATES DATA IS MISSING.
T  INDICATES TRACE AMOUNT.




$$
