602
CDUS43 KGLD 140834 RRA
CLIHLC

CLIMATE REPORT
NATIONAL WEATHER SERVICE GOODLAND
232 AM MDT SAT MAY 14 2016
...................................

...THE HILL CITY KS CLIMATE SUMMARY FOR MAY 13 2016...

CLIMATE NORMAL PERIOD 1981 TO 2010
CLIMATE RECORD PERIOD 1896 TO 2016

WEATHER ITEM   OBSERVED TIME   RECORD YEAR NORMAL DEPARTURE LAST
                VALUE   (LST)  VALUE       VALUE  FROM      YEAR
                                                  NORMAL
..................................................................
TEMPERATURE (F)
 YESTERDAY
  MAXIMUM         78   1001 AM  96    2013  74      4       66
                                      1915
  MINIMUM         45   1159 PM  28    1966  49     -4       50
  AVERAGE         62                        62      0       58

PRECIPITATION (IN)
  YESTERDAY        0.00                      0.13  -0.13     0.35
  MONTH TO DATE    0.99                      1.51  -0.52     1.49
  SINCE MAR 1      7.91                      5.26   2.65     5.10
  SINCE JAN 1      8.80                      6.23   2.57     5.52

..................................................................

THE HILL CITY KS CLIMATE NORMALS FOR TODAY
                         NORMAL    RECORD    YEAR
 MAXIMUM TEMPERATURE (F)   75       100      2013
 MINIMUM TEMPERATURE (F)   49        28      1953

-  INDICATES NEGATIVE NUMBERS.
R  INDICATES RECORD WAS SET OR TIED.
MM INDICATES DATA IS MISSING.
T  INDICATES TRACE AMOUNT.

$$
