000
CDUS43 KGLD 300744 RRA
CLIHLC

CLIMATE REPORT
NATIONAL WEATHER SERVICE GOODLAND
140 AM MDT SAT SEP 30 2017

...................................

...THE HILL CITY KS CLIMATE SUMMARY FOR SEPTEMBER 29 2017...

CLIMATE NORMAL PERIOD 1981 TO 2010
CLIMATE RECORD PERIOD 1896 TO 2017


WEATHER ITEM   OBSERVED TIME   RECORD YEAR NORMAL DEPARTURE LAST
                VALUE   (LST)  VALUE       VALUE  FROM      YEAR
                                                  NORMAL
..................................................................
TEMPERATURE (F)
 YESTERDAY
  MAXIMUM         74    156 PM  97    1981  76     -2       71
  MINIMUM         58    710 AM  25    1984  47     11       39
  AVERAGE         66                        61      5       55

PRECIPITATION (IN)
  YESTERDAY        T                         0.06  -0.06     0.00
  MONTH TO DATE    1.34                      1.83  -0.49     8.75
  SINCE SEP 1      1.34                      1.83  -0.49     8.75
  SINCE JAN 1     19.17                     19.71  -0.54    28.28

..................................................................

THE HILL CITY KS CLIMATE NORMALS FOR TODAY
                         NORMAL    RECORD    YEAR
 MAXIMUM TEMPERATURE (F)   75        98      1938
 MINIMUM TEMPERATURE (F)   47        21      1984



-  INDICATES NEGATIVE NUMBERS.
R  INDICATES RECORD WAS SET OR TIED.
MM INDICATES DATA IS MISSING.
T  INDICATES TRACE AMOUNT.




$$
