000
CDUS43 KGLD 140759
CLIHLC

CLIMATE REPORT
NATIONAL WEATHER SERVICE GOODLAND
155 AM MDT MON JUL 14 2014

...................................

...THE HILL CITY KS CLIMATE SUMMARY FOR JULY 13 2014...

CLIMATE NORMAL PERIOD 1981 TO 2010
CLIMATE RECORD PERIOD 1896 TO 2014

WEATHER ITEM   OBSERVED TIME   RECORD YEAR NORMAL DEPARTURE LAST
                VALUE   (LST)  VALUE       VALUE  FROM      YEAR
                                                  NORMAL
..................................................................
TEMPERATURE (F)
 YESTERDAY
  MAXIMUM         94    413 PM 115    1934  93      1      108
  MINIMUM         68    550 AM  47    1975  66      2       79
  AVERAGE         81                        79      2       94

PRECIPITATION (IN)
  YESTERDAY        0.00                      0.15  -0.15     0.00
  MONTH TO DATE    0.71                      1.43  -0.72     0.21
  SINCE JUN 1      7.64                      4.19   3.45     2.89
  SINCE JAN 1     12.58                     12.69  -0.11     7.23

..................................................................

THE HILL CITY KS CLIMATE NORMALS FOR TODAY
                         NORMAL    RECORD    YEAR
 MAXIMUM TEMPERATURE (F)   93       113      1934
 MINIMUM TEMPERATURE (F)   66        44      1990

-  INDICATES NEGATIVE NUMBERS.
R  INDICATES RECORD WAS SET OR TIED.
MM INDICATES DATA IS MISSING.
T  INDICATES TRACE AMOUNT.

$$
