935
CDUS43 KGLD 160101 RRA
CLIHLC

CLIMATE REPORT
NATIONAL WEATHER SERVICE GOODLAND
653 PM MDT MON MAY 15 2017


...................................

...THE HILL CITY KS CLIMATE SUMMARY FOR MAY 15 2017...
VALID TODAY AS OF 0600 PM LOCAL TIME.

CLIMATE NORMAL PERIOD 1981 TO 2010
CLIMATE RECORD PERIOD 1896 TO 2017


WEATHER ITEM   OBSERVED TIME   RECORD YEAR NORMAL DEPARTURE LAST
                VALUE   (LST)  VALUE       VALUE  FROM      YEAR
                                                  NORMAL
..................................................................
TEMPERATURE (F)
 TODAY
  MAXIMUM         94    257 PM  97    1931  75     19       56
  MINIMUM         60    606 AM  27    1907  50     10       45
  AVERAGE         77                        62     15       51

PRECIPITATION (IN)
  TODAY            0.00                      0.14  -0.14     0.04
  MONTH TO DATE    0.89                      1.77  -0.88     1.03
  SINCE MAR 1      6.61                      5.52   1.09     7.95
  SINCE JAN 1      7.68                      6.49   1.19     8.84

..................................................................


THE HILL CITY KS CLIMATE NORMALS FOR TOMORROW
                         NORMAL    RECORD    YEAR
 MAXIMUM TEMPERATURE (F)   75        96      2001
 MINIMUM TEMPERATURE (F)   50        31      1923
                                             1983


-  INDICATES NEGATIVE NUMBERS.
R  INDICATES RECORD WAS SET OR TIED.
MM INDICATES DATA IS MISSING.
T  INDICATES TRACE AMOUNT.

$$
