000
CDUS43 KGLD 170746 RRA
CLIHLC

CLIMATE REPORT
NATIONAL WEATHER SERVICE GOODLAND
1243 AM MST THU NOV 17 2016

...................................

...THE HILL CITY KS CLIMATE SUMMARY FOR NOVEMBER 16 2016...

CLIMATE NORMAL PERIOD 1981 TO 2010
CLIMATE RECORD PERIOD 1896 TO 2016


WEATHER ITEM   OBSERVED TIME   RECORD YEAR NORMAL DEPARTURE LAST
                VALUE   (LST)  VALUE       VALUE  FROM      YEAR
                                                  NORMAL
..................................................................
TEMPERATURE (F)
 YESTERDAY
  MAXIMUM         85R   313 PM  79    1975  54     31       74
  MINIMUM         33    354 AM  -3    1955  27      6       47
  AVERAGE         59                        40     19       61

PRECIPITATION (IN)
  YESTERDAY        0.00                      0.03  -0.03     0.25
  MONTH TO DATE    0.30                      0.59  -0.29     0.65
  SINCE SEP 1      9.13                      3.99   5.14     3.10
  SINCE JAN 1     28.66                     21.87   6.79    18.91

..................................................................

THE HILL CITY KS CLIMATE NORMALS FOR TODAY
                         NORMAL    RECORD    YEAR
 MAXIMUM TEMPERATURE (F)   53        82      1943
 MINIMUM TEMPERATURE (F)   27         0      1959



-  INDICATES NEGATIVE NUMBERS.
R  INDICATES RECORD WAS SET OR TIED.
MM INDICATES DATA IS MISSING.
T  INDICATES TRACE AMOUNT.




$$
