000
CDUS43 KGLD 220746
CLIHLC

CLIMATE REPORT
NATIONAL WEATHER SERVICE GOODLAND
139 AM MDT SAT AUG 22 2015

...................................

...THE HILL CITY KS CLIMATE SUMMARY FOR AUGUST 21 2015...

CLIMATE NORMAL PERIOD 1981 TO 2010
CLIMATE RECORD PERIOD 1896 TO 2015


WEATHER ITEM   OBSERVED TIME   RECORD YEAR NORMAL DEPARTURE LAST
                VALUE   (LST)  VALUE       VALUE  FROM      YEAR
                                                  NORMAL
..................................................................
TEMPERATURE (F)
 YESTERDAY
  MAXIMUM         90    232 PM 105    1918  89      1       98
  MINIMUM         60    623 AM  50    2009  63     -3       73
                                      2004
                                      1950
  AVERAGE         75                        76     -1       86

PRECIPITATION (IN)
  YESTERDAY        0.00                      0.08  -0.08     0.03
  MONTH TO DATE    1.00                      1.96  -0.96     1.61
  SINCE JUN 1      8.24                      8.43  -0.19    10.34
  SINCE JAN 1     15.77                     16.93  -1.16    15.28

..................................................................


THE HILL CITY KS CLIMATE NORMALS FOR TODAY
                         NORMAL    RECORD    YEAR
 MAXIMUM TEMPERATURE (F)   89       107      1938
 MINIMUM TEMPERATURE (F)   62        44      1923



-  INDICATES NEGATIVE NUMBERS.
R  INDICATES RECORD WAS SET OR TIED.
MM INDICATES DATA IS MISSING.
T  INDICATES TRACE AMOUNT.

$$
