000
CDUS43 KGLD 170048 RRA
CLIHLC

CLIMATE REPORT
NATIONAL WEATHER SERVICE GOODLAND
542 PM MST FRI JAN 16 2015


...................................

...THE HILL CITY KS CLIMATE SUMMARY FOR JANUARY 16 2015...
VALID TODAY AS OF 0500 PM LOCAL TIME.

CLIMATE NORMAL PERIOD 1981 TO 2010
CLIMATE RECORD PERIOD 1896 TO 2015


WEATHER ITEM   OBSERVED TIME   RECORD YEAR NORMAL DEPARTURE LAST
                VALUE   (LST)  VALUE       VALUE  FROM      YEAR
                                                  NORMAL
..................................................................
TEMPERATURE (F)
 TODAY
  MAXIMUM         60    434 PM  71    2006  42     18       50
                                      2000
  MINIMUM         23    319 AM -15    1930  17      6       28
  AVERAGE         42                        29     13       39

PRECIPITATION (IN)
  TODAY            0.00                      0.01  -0.01     0.00
  MONTH TO DATE    0.01                      0.15  -0.14     0.03
  SINCE DEC 1      0.53                      0.84  -0.31     0.09
  SINCE JAN 1      0.01                      0.15  -0.14     0.03

..................................................................


THE HILL CITY KS CLIMATE NORMALS FOR TOMORROW
                         NORMAL    RECORD    YEAR
 MAXIMUM TEMPERATURE (F)   42        68      1996
 MINIMUM TEMPERATURE (F)   17       -15      1930


-  INDICATES NEGATIVE NUMBERS.
R  INDICATES RECORD WAS SET OR TIED.
MM INDICATES DATA IS MISSING.
T  INDICATES TRACE AMOUNT.

$$
