000
CDUS43 KGLD 130751
CLIHLC

CLIMATE REPORT
NATIONAL WEATHER SERVICE GOODLAND
147 AM MDT THU JUL 13 2017

...................................

...THE HILL CITY KS CLIMATE SUMMARY FOR JULY 12 2017...

CLIMATE NORMAL PERIOD 1981 TO 2010
CLIMATE RECORD PERIOD 1896 TO 2017


WEATHER ITEM   OBSERVED TIME   RECORD YEAR NORMAL DEPARTURE LAST
                VALUE   (LST)  VALUE       VALUE  FROM      YEAR
                                                  NORMAL
..................................................................
TEMPERATURE (F)
 YESTERDAY
  MAXIMUM         98    324 PM 113    1939  93      5       94
  MINIMUM         72   1159 PM  52    1913  66      6       65
  AVERAGE         85                        79      6       80

PRECIPITATION (IN)
  YESTERDAY        0.00                      0.15  -0.15     0.00
  MONTH TO DATE    1.30                      1.28   0.02     0.12
  SINCE JUN 1      4.13                      4.04   0.09     0.68
  SINCE JAN 1     15.41                     12.54   2.87    13.62

..................................................................


THE HILL CITY KS CLIMATE NORMALS FOR TODAY
                         NORMAL    RECORD    YEAR
 MAXIMUM TEMPERATURE (F)   93       115      1934
 MINIMUM TEMPERATURE (F)   66        47      1975


-  INDICATES NEGATIVE NUMBERS.
R  INDICATES RECORD WAS SET OR TIED.
MM INDICATES DATA IS MISSING.
T  INDICATES TRACE AMOUNT.


$$
