000
CDUS43 KGLD 260037
CLIHLC

CLIMATE REPORT
NATIONAL WEATHER SERVICE GOODLAND
635 PM MDT TUE MAR 25 2014


...................................

...THE HILL CITY KS CLIMATE SUMMARY FOR MARCH 25 2014...
VALID TODAY AS OF 0600 PM LOCAL TIME.

CLIMATE NORMAL PERIOD 1981 TO 2010
CLIMATE RECORD PERIOD 1896 TO 2014


WEATHER ITEM   OBSERVED TIME   RECORD YEAR NORMAL DEPARTURE LAST
                VALUE   (LST)  VALUE       VALUE  FROM      YEAR
                                                  NORMAL
..................................................................
TEMPERATURE (F)
 TODAY
  MAXIMUM         49    456 PM  88    1956  59    -10       34
  MINIMUM         27    535 AM  -2    1955  31     -4       15
  AVERAGE         38                        45     -7       25

PRECIPITATION (IN)
  TODAY            0.00                      0.06  -0.06     0.00
  MONTH TO DATE    0.17                      1.21  -1.04     0.32
  SINCE MAR 1      0.17                      1.21  -1.04     0.32
  SINCE JAN 1      0.63                      2.18  -1.55     1.51

..................................................................


THE HILL CITY KS CLIMATE NORMALS FOR TOMORROW
                         NORMAL    RECORD    YEAR
 MAXIMUM TEMPERATURE (F)   59        90      1910
 MINIMUM TEMPERATURE (F)   31         1      1965



-  INDICATES NEGATIVE NUMBERS.
R  INDICATES RECORD WAS SET OR TIED.
MM INDICATES DATA IS MISSING.
T  INDICATES TRACE AMOUNT.

$$
