221
CDUS43 KGLD 110745 RRA
CLIHLC

CLIMATE REPORT
NATIONAL WEATHER SERVICE GOODLAND
1240 AM MST SAT FEB 11 2017
...................................

...THE HILL CITY KS CLIMATE SUMMARY FOR FEBRUARY 10 2017...

CLIMATE NORMAL PERIOD 1981 TO 2010
CLIMATE RECORD PERIOD 1896 TO 2017


WEATHER ITEM   OBSERVED TIME   RECORD YEAR NORMAL DEPARTURE LAST
                VALUE   (LST)  VALUE       VALUE  FROM      YEAR
                                                  NORMAL
..................................................................
TEMPERATURE (F)
 YESTERDAY
  MAXIMUM         82R   258 PM  80    1996  45     37       56
  MINIMUM         37    758 AM  -8    2001  19     18       30
  AVERAGE         60                        32     28       43

PRECIPITATION (IN)
  YESTERDAY        0.00                      0.03  -0.03     0.00
  MONTH TO DATE    0.00                      0.19  -0.19     0.56
  SINCE DEC 1      1.48                      1.33   0.15     2.70
  SINCE JAN 1      1.06                      0.64   0.42     0.84

..................................................................


THE HILL CITY KS CLIMATE NORMALS FOR TODAY
                         NORMAL    RECORD    YEAR
 MAXIMUM TEMPERATURE (F)   45        80      1999
                                             1951
 MINIMUM TEMPERATURE (F)   19       -14      1981


-  INDICATES NEGATIVE NUMBERS.
R  INDICATES RECORD WAS SET OR TIED.
MM INDICATES DATA IS MISSING.
T  INDICATES TRACE AMOUNT.


$$
