000
CDUS43 KGLD 110044
CLIHLC

WRKCLIHLC 000
TTAA00 KGLD 110040


CLIMATE REPORT
NATIONAL WEATHER SERVICE GOODLAND
637 PM MDT SUN MAY 10 2015

...................................

...THE HILL CITY KS CLIMATE SUMMARY FOR MAY 10 2015...
VALID TODAY AS OF 0600 PM LOCAL TIME.

CLIMATE NORMAL PERIOD 1981 TO 2010
CLIMATE RECORD PERIOD 1896 TO 2015


WEATHER ITEM   OBSERVED TIME   RECORD YEAR NORMAL DEPARTURE LAST
                VALUE   (LST)  VALUE       VALUE  FROM      YEAR
                                                  NORMAL
..................................................................
TEMPERATURE (F)
 TODAY
  MAXIMUM         59   1225 AM  96    1914  74    -15       84
  MINIMUM         43    640 AM  30    1981  48     -5       51
  AVERAGE         51                        60     -9       68

PRECIPITATION (IN)
  TODAY            0.00                      0.12  -0.12     0.00
  MONTH TO DATE    1.14                      1.14   0.00      T
  SINCE MAR 1      4.75                      4.89  -0.14     3.57
  SINCE JAN 1      5.17                      5.86  -0.69     4.03

..................................................................

THE HILL CITY KS CLIMATE NORMALS FOR TOMORROW
                         NORMAL    RECORD    YEAR
 MAXIMUM TEMPERATURE (F)   74        96      1962
 MINIMUM TEMPERATURE (F)   48        28      1979


-  INDICATES NEGATIVE NUMBERS.
R  INDICATES RECORD WAS SET OR TIED.
MM INDICATES DATA IS MISSING.
T  INDICATES TRACE AMOUNT.


$$
