000
CDUS43 KGLD 300047 RRA
CLIHLC

CLIMATE REPORT
NATIONAL WEATHER SERVICE GOODLAND
540 PM MST TUE NOV 29 2016


...................................

...THE HILL CITY KS CLIMATE SUMMARY FOR NOVEMBER 29 2016...
VALID TODAY AS OF 0500 PM LOCAL TIME.

CLIMATE NORMAL PERIOD 1981 TO 2010
CLIMATE RECORD PERIOD 1896 TO 2016


WEATHER ITEM   OBSERVED TIME   RECORD YEAR NORMAL DEPARTURE LAST
                VALUE   (LST)  VALUE       VALUE  FROM      YEAR
                                                  NORMAL
..................................................................
TEMPERATURE (F)
 TODAY
  MAXIMUM         45   1234 PM  79    2014  47     -2       31
  MINIMUM         29    652 AM  -1    1976  22      7       26
                                      1952
  AVERAGE         37                        34      3       29

PRECIPITATION (IN)
  TODAY            0.00                      0.02  -0.02     0.00
  MONTH TO DATE    0.45                      0.93  -0.48     1.27
  SINCE SEP 1      9.28                      4.33   4.95     3.72
  SINCE JAN 1     28.81                     22.21   6.60    19.53

..................................................................


THE HILL CITY KS CLIMATE NORMALS FOR TOMORROW
                         NORMAL    RECORD    YEAR
 MAXIMUM TEMPERATURE (F)   47        76      1970
 MINIMUM TEMPERATURE (F)   22        -2      1952



-  INDICATES NEGATIVE NUMBERS.
R  INDICATES RECORD WAS SET OR TIED.
MM INDICATES DATA IS MISSING.
T  INDICATES TRACE AMOUNT.




$$
