000
CDUS43 KGLD 290039
CLIHLC

CLIMATE REPORT
NATIONAL WEATHER SERVICE GOODLAND
535 PM MST WED DEC 28 2016

...................................

...THE HILL CITY KS CLIMATE SUMMARY FOR DECEMBER 28 2016...
VALID TODAY AS OF 0500 PM LOCAL TIME.

CLIMATE NORMAL PERIOD 1981 TO 2010
CLIMATE RECORD PERIOD 1896 TO 2016

WEATHER ITEM   OBSERVED TIME   RECORD YEAR NORMAL DEPARTURE LAST
                VALUE   (LST)  VALUE       VALUE  FROM      YEAR
                                                  NORMAL
..................................................................
TEMPERATURE (F)
 TODAY
  MAXIMUM         53    139 PM  67    2002  41     12       27
                                      1999
  MINIMUM         22    152 AM -13    1924  16      6       13
  AVERAGE         38                        29      9       20

PRECIPITATION (IN)
  TODAY            T                         0.01  -0.01     0.00
  MONTH TO DATE    0.39                      0.64  -0.25     1.86
  SINCE DEC 1      0.39                      0.64  -0.25     1.86
  SINCE JAN 1     29.20                     22.87   6.33    21.41

..................................................................

THE HILL CITY KS CLIMATE NORMALS FOR TOMORROW
                         NORMAL    RECORD    YEAR
 MAXIMUM TEMPERATURE (F)   41        67      1999
 MINIMUM TEMPERATURE (F)   16       -11      1983

-  INDICATES NEGATIVE NUMBERS.
R  INDICATES RECORD WAS SET OR TIED.
MM INDICATES DATA IS MISSING.
T  INDICATES TRACE AMOUNT.

$$
