529
CDUS43 KGLD 160751 RRA
CLIHLC

CLIMATE REPORT
NATIONAL WEATHER SERVICE GOODLAND
1249 AM MST THU FEB 16 2017


...................................

...THE HILL CITY KS CLIMATE SUMMARY FOR FEBRUARY 15 2017...

CLIMATE NORMAL PERIOD 1981 TO 2010
CLIMATE RECORD PERIOD 1896 TO 2017


WEATHER ITEM   OBSERVED TIME   RECORD YEAR NORMAL DEPARTURE LAST
                VALUE   (LST)  VALUE       VALUE  FROM      YEAR
                                                  NORMAL
..................................................................
TEMPERATURE (F)
 YESTERDAY
  MAXIMUM         65    340 PM  78    1921  46     19       61
  MINIMUM         22    751 AM  -6    2007  20      2       30
  AVERAGE         44                        33     11       46

PRECIPITATION (IN)
  YESTERDAY        0.00                      0.02  -0.02     0.03
  MONTH TO DATE    0.01                      0.27  -0.26     0.59
  SINCE DEC 1      1.49                      1.41   0.08     2.73
  SINCE JAN 1      1.07                      0.72   0.35     0.87

..................................................................







THE HILL CITY KS CLIMATE NORMALS FOR TODAY
                         NORMAL    RECORD    YEAR
 MAXIMUM TEMPERATURE (F)   46        78      2011
 MINIMUM TEMPERATURE (F)   20        -7      1978



-  INDICATES NEGATIVE NUMBERS.
R  INDICATES RECORD WAS SET OR TIED.
MM INDICATES DATA IS MISSING.
T  INDICATES TRACE AMOUNT.




$$
