000
CDUS43 KGLD 010741
CLIHLC

CLIMATE REPORT
NATIONAL WEATHER SERVICE GOODLAND
138 AM MDT TUE JUL 1 2014

...................................

...THE HILL CITY KS CLIMATE SUMMARY FOR JUNE 30 2014...

CLIMATE NORMAL PERIOD 1981 TO 2010
CLIMATE RECORD PERIOD 1896 TO 2014

WEATHER ITEM   OBSERVED TIME   RECORD YEAR NORMAL DEPARTURE LAST
                VALUE   (LST)  VALUE       VALUE  FROM      YEAR
                                                  NORMAL
..................................................................
TEMPERATURE (F)
 YESTERDAY
  MAXIMUM         93    109 PM 114    1933  91      2       86
  MINIMUM         68   1159 PM  46    1924  64      4       56
  AVERAGE         81                        77      4       71

PRECIPITATION (IN)
  YESTERDAY        T                         0.06  -0.06     0.00
  MONTH TO DATE    6.93                      2.76   4.17     2.68
  SINCE JUN 1      6.93                      2.76   4.17     2.68
  SINCE JAN 1     11.87                     11.26   0.61     7.02

..................................................................

THE HILL CITY KS CLIMATE NORMALS FOR TODAY
                         NORMAL    RECORD    YEAR
 MAXIMUM TEMPERATURE (F)   92       106      1973
                                             1953
 MINIMUM TEMPERATURE (F)   64        50      1918

-  INDICATES NEGATIVE NUMBERS.
R  INDICATES RECORD WAS SET OR TIED.
MM INDICATES DATA IS MISSING.
T  INDICATES TRACE AMOUNT.

$$
