000
CDUS43 KGLD 130039 RRB
CLIHLC

CLIMATE REPORT
NATIONAL WEATHER SERVICE GOODLAND
537 PM MST MON JAN 12 2015

...................................

...THE HILL CITY KS CLIMATE SUMMARY FOR JANUARY 12 2015...
VALID TODAY AS OF 0500 PM LOCAL TIME.

CLIMATE NORMAL PERIOD 1981 TO 2010
CLIMATE RECORD PERIOD 1896 TO 2015

WEATHER ITEM   OBSERVED TIME   RECORD YEAR NORMAL DEPARTURE LAST
                VALUE   (LST)  VALUE       VALUE  FROM      YEAR
                                                  NORMAL
..................................................................
TEMPERATURE (F)
 TODAY
  MAXIMUM         27    422 PM  72    1986  42    -15       56
                                      1953
  MINIMUM         13    650 AM -24    1912  17     -4       32
  AVERAGE         20                        29     -9       44

PRECIPITATION (IN)
  TODAY            0.00                      0.01  -0.01     0.00
  MONTH TO DATE    0.01                      0.10  -0.09     0.03
  SINCE DEC 1      0.53                      0.79  -0.26     0.09
  SINCE JAN 1      0.01                      0.10  -0.09     0.03

..................................................................

THE HILL CITY KS CLIMATE NORMALS FOR TOMORROW
                         NORMAL    RECORD    YEAR
 MAXIMUM TEMPERATURE (F)   42        71      1928
 MINIMUM TEMPERATURE (F)   17       -16      1916

-  INDICATES NEGATIVE NUMBERS.
R  INDICATES RECORD WAS SET OR TIED.
MM INDICATES DATA IS MISSING.
T  INDICATES TRACE AMOUNT.

$$
