714
CDUS43 KGLD 150037 RRB
CLIHLC

CLIMATE REPORT
NATIONAL WEATHER SERVICE GOODLAND
635 PM MDT SUN AUG 14 2016

...................................

...THE HILL CITY KS CLIMATE SUMMARY FOR AUGUST 14 2016...
VALID TODAY AS OF 0600 PM LOCAL TIME.

CLIMATE NORMAL PERIOD 1981 TO 2010
CLIMATE RECORD PERIOD 1896 TO 2016


WEATHER ITEM   OBSERVED TIME   RECORD YEAR NORMAL DEPARTURE LAST
                VALUE   (LST)  VALUE       VALUE  FROM      YEAR
                                                  NORMAL
..................................................................
TEMPERATURE (F)
 TODAY
  MAXIMUM         89    327 PM 109    1936  90     -1       95
  MINIMUM         61    613 AM  50    2004  64     -3       66
  AVERAGE         75                        77     -2       81

PRECIPITATION (IN)
  TODAY            0.00                      0.09  -0.09     0.26
  MONTH TO DATE    1.47                      1.32   0.15     0.81
  SINCE JUN 1      4.33                      7.79  -3.46     8.05
  SINCE JAN 1     17.27                     16.29   0.98    15.58

..................................................................


THE HILL CITY KS CLIMATE NORMALS FOR TOMORROW
                         NORMAL    RECORD    YEAR
 MAXIMUM TEMPERATURE (F)   90       108      1936
 MINIMUM TEMPERATURE (F)   64        51      2006


-  INDICATES NEGATIVE NUMBERS.
R  INDICATES RECORD WAS SET OR TIED.
MM INDICATES DATA IS MISSING.
T  INDICATES TRACE AMOUNT.


$$
