000
CDUS43 KGLD 090748 RRA
CLIHLC

CLIMATE REPORT
NATIONAL WEATHER SERVICE GOODLAND
142 AM MDT THU OCT 9 2014


...................................

...THE HILL CITY KS CLIMATE SUMMARY FOR OCTOBER 8 2014...

CLIMATE NORMAL PERIOD 1981 TO 2010
CLIMATE RECORD PERIOD 1896 TO 2014


WEATHER ITEM   OBSERVED TIME   RECORD YEAR NORMAL DEPARTURE LAST
                VALUE   (LST)  VALUE       VALUE  FROM      YEAR
                                                  NORMAL
..................................................................
TEMPERATURE (F)
 YESTERDAY
  MAXIMUM         73    243 PM  96    1934  72      1       84
  MINIMUM         50    739 AM  14    2000  43      7       52
  AVERAGE         62                        57      5       68

PRECIPITATION (IN)
  YESTERDAY        0.00                      0.05  -0.05     0.00
  MONTH TO DATE    0.28                      0.41  -0.13     0.01
  SINCE SEP 1      1.06                      2.29  -1.23     2.88
  SINCE JAN 1     20.88                     20.17   0.71    15.82

..................................................................


THE HILL CITY KS CLIMATE NORMALS FOR TODAY
                         NORMAL    RECORD    YEAR
 MAXIMUM TEMPERATURE (F)   71        90      1965
 MINIMUM TEMPERATURE (F)   43        24      1925



-  INDICATES NEGATIVE NUMBERS.
R  INDICATES RECORD WAS SET OR TIED.
MM INDICATES DATA IS MISSING.
T  INDICATES TRACE AMOUNT.

$$
