000
CDUS43 KGLD 040100
CLIHLC

CLIMATE REPORT
NATIONAL WEATHER SERVICE GOODLAND
657 PM MDT MON APR 3 2017
...................................

...THE HILL CITY KS CLIMATE SUMMARY FOR APRIL 3 2017...
VALID TODAY AS OF 0600 PM LOCAL TIME.

CLIMATE NORMAL PERIOD 1981 TO 2010
CLIMATE RECORD PERIOD 1896 TO 2017

WEATHER ITEM   OBSERVED TIME   RECORD YEAR NORMAL DEPARTURE LAST
                VALUE   (LST)  VALUE       VALUE  FROM      YEAR
                                                  NORMAL
..................................................................
TEMPERATURE (F)
 TODAY
  MAXIMUM         69    208 PM  90    1928  61      8       81
  MINIMUM         38    706 AM  10    1936  33      5       39
  AVERAGE         54                        47      7       60

PRECIPITATION (IN)
  TODAY            0.00                      0.06  -0.06     0.00
  MONTH TO DATE    0.51                      0.15   0.36     0.00
  SINCE MAR 1      2.61                      1.78   0.83     0.20
  SINCE JAN 1      3.68                      2.75   0.93     1.09

..................................................................

THE HILL CITY KS CLIMATE NORMALS FOR TOMORROW
                         NORMAL    RECORD    YEAR
 MAXIMUM TEMPERATURE (F)   62        94      1929
 MINIMUM TEMPERATURE (F)   34        19      1968

-  INDICATES NEGATIVE NUMBERS.
R  INDICATES RECORD WAS SET OR TIED.
MM INDICATES DATA IS MISSING.
T  INDICATES TRACE AMOUNT.

$$
