000
CDUS43 KGLD 220118
CLIHLC

CLIMATE REPORT
NATIONAL WEATHER SERVICE GOODLAND
610 PM MST MON NOV 21 2016

...................................

...THE HILL CITY KS CLIMATE SUMMARY FOR NOVEMBER 21 2016...
VALID TODAY AS OF 0600 PM LOCAL TIME.

CLIMATE NORMAL PERIOD 1981 TO 2010
CLIMATE RECORD PERIOD 1896 TO 2016

WEATHER ITEM   OBSERVED TIME   RECORD YEAR NORMAL DEPARTURE LAST
                VALUE   (LST)  VALUE       VALUE  FROM      YEAR
                                                  NORMAL
..................................................................
TEMPERATURE (F)
 TODAY
  MAXIMUM         58    122 PM  75    2012  51      7       38
  MINIMUM         25    210 AM   3    1964  25      0       23
  AVERAGE         42                        38      4       31

PRECIPITATION (IN)
  TODAY            T                         0.03  -0.03     0.00
  MONTH TO DATE    0.36                      0.74  -0.38     1.12
  SINCE SEP 1      9.19                      4.14   5.05     3.57
  SINCE JAN 1     28.72                     22.02   6.70    19.38

..................................................................

THE HILL CITY KS CLIMATE NORMALS FOR TOMORROW
                         NORMAL    RECORD    YEAR
 MAXIMUM TEMPERATURE (F)   50        80      1998
 MINIMUM TEMPERATURE (F)   25        -4      1929

-  INDICATES NEGATIVE NUMBERS.
R  INDICATES RECORD WAS SET OR TIED.
MM INDICATES DATA IS MISSING.
T  INDICATES TRACE AMOUNT.

$$
