000
CDUS43 KGLD 250802
CLIHLC

CLIMATE REPORT
NATIONAL WEATHER SERVICE GOODLAND
1250 AM MST THU JAN 25 2018

...................................

...THE HILL CITY KS CLIMATE SUMMARY FOR JANUARY 24 2018...

CLIMATE NORMAL PERIOD 1981 TO 2010
CLIMATE RECORD PERIOD 1896 TO 2018


WEATHER ITEM   OBSERVED TIME   RECORD YEAR NORMAL DEPARTURE LAST
                VALUE   (LST)  VALUE       VALUE  FROM      YEAR
                                                  NORMAL
..................................................................
TEMPERATURE (F)
 YESTERDAY
  MAXIMUM         57    444 PM  72    1981  42     15       36
  MINIMUM         16    821 AM  -6    1957  17     -1       28
  AVERAGE         37                        30      7       32

PRECIPITATION (IN)
  YESTERDAY        0.00                      0.02  -0.02     0.00
  MONTH TO DATE    0.10                      0.29  -0.19     1.06
  SINCE DEC 1      0.13                      0.98  -0.85     1.48
  SINCE JAN 1      0.10                      0.29  -0.19     1.06

..................................................................







THE HILL CITY KS CLIMATE NORMALS FOR TODAY
                         NORMAL    RECORD    YEAR
 MAXIMUM TEMPERATURE (F)   42        73      1968
 MINIMUM TEMPERATURE (F)   17        -9      1957



-  INDICATES NEGATIVE NUMBERS.
R  INDICATES RECORD WAS SET OR TIED.
MM INDICATES DATA IS MISSING.
T  INDICATES TRACE AMOUNT.




$$
