000
CDUS43 KGLD 310039
CLIHLC

CLIMATE REPORT
NATIONAL WEATHER SERVICE GOODLAND
636 PM MDT SUN MAR 30 2014

...................................

...THE HILL CITY KS CLIMATE SUMMARY FOR MARCH 30 2014...
VALID TODAY AS OF 0600 PM LOCAL TIME.

CLIMATE NORMAL PERIOD 1981 TO 2010
CLIMATE RECORD PERIOD 1896 TO 2014

WEATHER ITEM   OBSERVED TIME   RECORD YEAR NORMAL DEPARTURE LAST
                VALUE   (LST)  VALUE       VALUE  FROM      YEAR
                                                  NORMAL
..................................................................
TEMPERATURE (F)
 TODAY
  MAXIMUM         76    423 PM  93    1943  60     16       70
  MINIMUM         49    643 AM  -1    1987  32     17       45
  AVERAGE         63                        46     17       58

PRECIPITATION (IN)
  TODAY            0.00                      0.07  -0.07     0.16
  MONTH TO DATE    0.19                      1.55  -1.36     0.79
  SINCE MAR 1      0.19                      1.55  -1.36     0.79
  SINCE JAN 1      0.65                      2.52  -1.87     1.98

..................................................................

THE HILL CITY KS CLIMATE NORMALS FOR TOMORROW
                         NORMAL    RECORD    YEAR
 MAXIMUM TEMPERATURE (F)   61        93      1946
 MINIMUM TEMPERATURE (F)   32         0      1987

-  INDICATES NEGATIVE NUMBERS.
R  INDICATES RECORD WAS SET OR TIED.
MM INDICATES DATA IS MISSING.
T  INDICATES TRACE AMOUNT.

$$
