000
CDUS43 KGLD 110051
CLIHLC

CLIMATE REPORT
NATIONAL WEATHER SERVICE GOODLAND
647 PM MDT SAT JUN 10 2017

...................................

...THE HILL CITY KS CLIMATE SUMMARY FOR JUNE 10 2017...
VALID TODAY AS OF 0600 PM LOCAL TIME.

CLIMATE NORMAL PERIOD 1981 TO 2010
CLIMATE RECORD PERIOD 1896 TO 2017


WEATHER ITEM   OBSERVED TIME   RECORD YEAR NORMAL DEPARTURE LAST
                VALUE   (LST)  VALUE       VALUE  FROM      YEAR
                                                  NORMAL
..................................................................
TEMPERATURE (F)
 TODAY
  MAXIMUM         98    337 PM 109    1933  84     14       96
  MINIMUM         68    336 AM  39    1931  58     10       68
  AVERAGE         83                        71     12       82

PRECIPITATION (IN)
  TODAY            0.00                      0.09  -0.09     0.00
  MONTH TO DATE    0.17                      1.03  -0.86     0.01
  SINCE JUN 1      0.17                      1.03  -0.86     0.01
  SINCE JAN 1     11.45                      9.53   1.92    12.95

..................................................................


THE HILL CITY KS CLIMATE NORMALS FOR TOMORROW
                         NORMAL    RECORD    YEAR
 MAXIMUM TEMPERATURE (F)   85       111      2013
 MINIMUM TEMPERATURE (F)   58        41      1975


-  INDICATES NEGATIVE NUMBERS.
R  INDICATES RECORD WAS SET OR TIED.
MM INDICATES DATA IS MISSING.
T  INDICATES TRACE AMOUNT.


$$
