000
CDUS43 KGLD 080727
CLIHLC

CLIMATE REPORT
NATIONAL WEATHER SERVICE GOODLAND
127 AM MDT FRI AUG 8 2014


...................................

...THE HILL CITY KS CLIMATE SUMMARY FOR AUGUST 7 2014...

CLIMATE NORMAL PERIOD 1981 TO 2010
CLIMATE RECORD PERIOD 1896 TO 2014


WEATHER ITEM   OBSERVED TIME   RECORD YEAR NORMAL DEPARTURE LAST
                VALUE   (LST)  VALUE       VALUE  FROM      YEAR
                                                  NORMAL
..................................................................
TEMPERATURE (F)
 YESTERDAY
  MAXIMUM         88    349 PM 109    1938  91     -3       84
  MINIMUM         64    604 AM  50    1989  65     -1       63
  AVERAGE         76                        78     -2       74

PRECIPITATION (IN)
  YESTERDAY        0.65                      0.10   0.55     0.41
  MONTH TO DATE    0.75                      0.67   0.08     0.54
  SINCE JUN 1      9.48                      7.14   2.34     8.38
  SINCE JAN 1     14.42                     15.64  -1.22    12.72

..................................................................

THE HILL CITY KS CLIMATE NORMALS FOR TODAY
                         NORMAL    RECORD    YEAR
 MAXIMUM TEMPERATURE (F)   91       112      1934
 MINIMUM TEMPERATURE (F)   65        46      1989



-  INDICATES NEGATIVE NUMBERS.
R  INDICATES RECORD WAS SET OR TIED.
MM INDICATES DATA IS MISSING.
T  INDICATES TRACE AMOUNT.




$$
