000
CDUS43 KGLD 260051
CLIHLC

CLIMATE REPORT
NATIONAL WEATHER SERVICE GOODLAND
546 PM MST THU JAN 25 2018

...................................

...THE HILL CITY KS CLIMATE SUMMARY FOR JANUARY 25 2018...
VALID TODAY AS OF 0500 PM LOCAL TIME.

CLIMATE NORMAL PERIOD 1981 TO 2010
CLIMATE RECORD PERIOD 1896 TO 2018

WEATHER ITEM   OBSERVED TIME   RECORD YEAR NORMAL DEPARTURE LAST
                VALUE   (LST)  VALUE       VALUE  FROM      YEAR
                                                  NORMAL
..................................................................
TEMPERATURE (F)
 TODAY
  MAXIMUM         69    411 PM  73    1968  42     27       32
  MINIMUM         17    752 AM  -9    1957  17      0       20
  AVERAGE         43                        30     13       26

PRECIPITATION (IN)
  TODAY            0.00                      0.02  -0.02     0.00
  MONTH TO DATE    0.10                      0.31  -0.21     1.06
  SINCE DEC 1      0.13                      1.00  -0.87     1.48
  SINCE JAN 1      0.10                      0.31  -0.21     1.06

..................................................................

THE HILL CITY KS CLIMATE NORMALS FOR TOMORROW
                         NORMAL    RECORD    YEAR
 MAXIMUM TEMPERATURE (F)   42        76      2002
 MINIMUM TEMPERATURE (F)   17       -15      1950

-  INDICATES NEGATIVE NUMBERS.
R  INDICATES RECORD WAS SET OR TIED.
MM INDICATES DATA IS MISSING.
T  INDICATES TRACE AMOUNT.

$$
