000
CDUS43 KGLD 090746 RRA
CLIHLC

CLIMATE REPORT
NATIONAL WEATHER SERVICE GOODLAND
1242 AM MST TUE DEC 9 2014


...................................

...THE HILL CITY KS CLIMATE SUMMARY FOR DECEMBER 8 2014...

CLIMATE NORMAL PERIOD 1981 TO 2010
CLIMATE RECORD PERIOD 1896 TO 2014


WEATHER ITEM   OBSERVED TIME   RECORD YEAR NORMAL DEPARTURE LAST
                VALUE   (LST)  VALUE       VALUE  FROM      YEAR
                                                  NORMAL
..................................................................
TEMPERATURE (F)
 YESTERDAY
  MAXIMUM         59    342 PM  73    1970  44     15       18
  MINIMUM         27    446 AM -10    1927  19      8       -2
  AVERAGE         43                        31     12        8

PRECIPITATION (IN)
  YESTERDAY        0.00                      0.03  -0.03     0.05
  MONTH TO DATE    0.00                      0.30  -0.30     0.05
  SINCE DEC 1      0.00                      0.30  -0.30     0.05
  SINCE JAN 1     21.45                     22.53  -1.08    17.61

..................................................................







THE HILL CITY KS CLIMATE NORMALS FOR TODAY
                         NORMAL    RECORD    YEAR
 MAXIMUM TEMPERATURE (F)   44        77      1939
 MINIMUM TEMPERATURE (F)   19       -14      1919



-  INDICATES NEGATIVE NUMBERS.
R  INDICATES RECORD WAS SET OR TIED.
MM INDICATES DATA IS MISSING.
T  INDICATES TRACE AMOUNT.




$$
