000
CDUS43 KGLD 160741
CLIHLC

CLIMATE REPORT
NATIONAL WEATHER SERVICE GOODLAND
136 AM MDT THU JUL 16 2015

...................................

...THE HILL CITY KS CLIMATE SUMMARY FOR JULY 15 2015...

CLIMATE NORMAL PERIOD 1981 TO 2010
CLIMATE RECORD PERIOD 1896 TO 2015


WEATHER ITEM   OBSERVED TIME   RECORD YEAR NORMAL DEPARTURE LAST
                VALUE   (LST)  VALUE       VALUE  FROM      YEAR
                                                  NORMAL
..................................................................
TEMPERATURE (F)
 YESTERDAY
  MAXIMUM         93    559 PM 113    1934  93      0       80
  MINIMUM         68    605 AM  49    2014  66      2       49
  AVERAGE         81                        80      1       65

PRECIPITATION (IN)
  YESTERDAY        1.43                      0.16   1.27     0.00
  MONTH TO DATE    1.61                      1.75  -0.14     0.71
  SINCE JUN 1      2.39                      4.51  -2.12     7.64
  SINCE JAN 1      9.92                     13.01  -3.09    12.58

..................................................................


THE HILL CITY KS CLIMATE NORMALS FOR TODAY
                         NORMAL    RECORD    YEAR
 MAXIMUM TEMPERATURE (F)   93       111      1934
 MINIMUM TEMPERATURE (F)   66        53      1976


-  INDICATES NEGATIVE NUMBERS.
R  INDICATES RECORD WAS SET OR TIED.
MM INDICATES DATA IS MISSING.
T  INDICATES TRACE AMOUNT.


$$
