000
CDUS43 KGLD 090742
CLIHLC

CLIMATE REPORT
NATIONAL WEATHER SERVICE GOODLAND
1239 AM MST SUN NOV 9 2014


...................................

...THE HILL CITY KS CLIMATE SUMMARY FOR NOVEMBER 8 2014...

CLIMATE NORMAL PERIOD 1981 TO 2010
CLIMATE RECORD PERIOD 1896 TO 2014


WEATHER ITEM   OBSERVED TIME   RECORD YEAR NORMAL DEPARTURE LAST
                VALUE   (LST)  VALUE       VALUE  FROM      YEAR
                                                  NORMAL
..................................................................
TEMPERATURE (F)
 YESTERDAY
  MAXIMUM         62    413 PM  87    2006  58      4       71
  MINIMUM         35    728 AM   9    1991  31      4       38
  AVERAGE         49                        44      5       55

PRECIPITATION (IN)
  YESTERDAY        0.00                      0.03  -0.03     0.00
  MONTH TO DATE    T                         0.34  -0.34     0.69
  SINCE SEP 1      1.61                      3.74  -2.13     4.62
  SINCE JAN 1     21.43                     21.62  -0.19    17.56

..................................................................


THE HILL CITY KS CLIMATE NORMALS FOR TODAY
                         NORMAL    RECORD    YEAR
 MAXIMUM TEMPERATURE (F)   57        82      1995
 MINIMUM TEMPERATURE (F)   30        11      1950



-  INDICATES NEGATIVE NUMBERS.
R  INDICATES RECORD WAS SET OR TIED.
MM INDICATES DATA IS MISSING.
T  INDICATES TRACE AMOUNT.

$$
