000
CDUS43 KGLD 080040
CLIHLC

CLIMATE REPORT
NATIONAL WEATHER SERVICE GOODLAND
637 PM MDT THU APR 7 2016

...................................

...THE HILL CITY KS CLIMATE SUMMARY FOR APRIL 7 2016...
VALID TODAY AS OF 0600 PM LOCAL TIME.

CLIMATE NORMAL PERIOD 1981 TO 2010
CLIMATE RECORD PERIOD 1896 TO 2016


WEATHER ITEM   OBSERVED TIME   RECORD YEAR NORMAL DEPARTURE LAST
                VALUE   (LST)  VALUE       VALUE  FROM      YEAR
                                                  NORMAL
..................................................................
TEMPERATURE (F)
 TODAY
  MAXIMUM         68    405 PM  91    1978  63      5       65
  MINIMUM         46    230 AM  14    2009  35     11       47
  AVERAGE         57                        49      8       56

PRECIPITATION (IN)
  TODAY            0.00                      0.06  -0.06     0.00
  MONTH TO DATE    T                         0.37  -0.37     0.22
  SINCE MAR 1      0.20                      2.00  -1.80     0.28
  SINCE JAN 1      1.09                      2.97  -1.88     0.70

..................................................................


THE HILL CITY KS CLIMATE NORMALS FOR TOMORROW
                         NORMAL    RECORD    YEAR
 MAXIMUM TEMPERATURE (F)   63        87      1988
 MINIMUM TEMPERATURE (F)   35        15      1914


-  INDICATES NEGATIVE NUMBERS.
R  INDICATES RECORD WAS SET OR TIED.
MM INDICATES DATA IS MISSING.
T  INDICATES TRACE AMOUNT.


$$
