000
CDUS43 KGLD 300743
CLIHLC

CLIMATE REPORT
NATIONAL WEATHER SERVICE GOODLAND
136 AM MDT THU JUN 30 2016
...................................

...THE HILL CITY KS CLIMATE SUMMARY FOR JUNE 29 2016...

CLIMATE NORMAL PERIOD 1981 TO 2010
CLIMATE RECORD PERIOD 1896 TO 2016

WEATHER ITEM   OBSERVED TIME   RECORD YEAR NORMAL DEPARTURE LAST
                VALUE   (LST)  VALUE       VALUE  FROM      YEAR
                                                  NORMAL
..................................................................
TEMPERATURE (F)
 YESTERDAY
  MAXIMUM         91    557 PM 109    1933  91      0       98
  MINIMUM         61    532 AM  45    1923  63     -2       56
  AVERAGE         76                        77     -1       77

PRECIPITATION (IN)
  YESTERDAY        0.04                      0.08  -0.04     0.00
  MONTH TO DATE    0.54                      2.70  -2.16     0.78
  SINCE JUN 1      0.54                      2.70  -2.16     0.78
  SINCE JAN 1     13.48                     11.20   2.28     8.31

..................................................................

THE HILL CITY KS CLIMATE NORMALS FOR TODAY
                         NORMAL    RECORD    YEAR
 MAXIMUM TEMPERATURE (F)   91       114      1933
 MINIMUM TEMPERATURE (F)   64        46      1924

-  INDICATES NEGATIVE NUMBERS.
R  INDICATES RECORD WAS SET OR TIED.
MM INDICATES DATA IS MISSING.
T  INDICATES TRACE AMOUNT.

$$
