000
CDUS43 KGLD 020049 RRA
CLIHLC

CLIMATE REPORT
NATIONAL WEATHER SERVICE GOODLAND
638 PM MDT SAT APR 1 2017
...................................

...THE HILL CITY KS CLIMATE SUMMARY FOR APRIL 1 2017...
VALID TODAY AS OF 0600 PM LOCAL TIME.

CLIMATE NORMAL PERIOD 1981 TO 2010
CLIMATE RECORD PERIOD 1896 TO 2017

WEATHER ITEM   OBSERVED TIME   RECORD YEAR NORMAL DEPARTURE LAST
                VALUE   (LST)  VALUE       VALUE  FROM      YEAR
                                                  NORMAL
..................................................................
TEMPERATURE (F)
 TODAY
  MAXIMUM         45    459 PM  92    2012  61    -16       53
                                      1940
  MINIMUM         42    659 AM  15    2009  33      9       27
  AVERAGE         44                        47     -3       40

PRECIPITATION (IN)
  TODAY            0.44                      0.05   0.39     0.00
  MONTH TO DATE    0.44                      0.05   0.39     0.00
  SINCE MAR 1      2.54                      1.68   0.86     0.20
  SINCE JAN 1      3.61                      2.65   0.96     1.09

..................................................................

THE HILL CITY KS CLIMATE NORMALS FOR TOMORROW
                         NORMAL    RECORD    YEAR
 MAXIMUM TEMPERATURE (F)   61        87      2003
 MINIMUM TEMPERATURE (F)   33         4      1936

-  INDICATES NEGATIVE NUMBERS.
R  INDICATES RECORD WAS SET OR TIED.
MM INDICATES DATA IS MISSING.
T  INDICATES TRACE AMOUNT.

$$
