000
CDUS43 KGLD 140741
CLIHLC

CLIMATE REPORT
NATIONAL WEATHER SERVICE GOODLAND
136 AM MDT WED JUN 14 2017

...................................

...THE HILL CITY KS CLIMATE SUMMARY FOR JUNE 13 2017...

CLIMATE NORMAL PERIOD 1981 TO 2010
CLIMATE RECORD PERIOD 1896 TO 2017


WEATHER ITEM   OBSERVED TIME   RECORD YEAR NORMAL DEPARTURE LAST
                VALUE   (LST)  VALUE       VALUE  FROM      YEAR
                                                  NORMAL
..................................................................
TEMPERATURE (F)
 YESTERDAY
  MAXIMUM        101    307 PM 108    1950  85     16       91
  MINIMUM         71    610 AM  42    1947  59     12       67
  AVERAGE         86                        72     14       79

PRECIPITATION (IN)
  YESTERDAY        0.01                      0.09  -0.08     0.09
  MONTH TO DATE    0.18                      1.31  -1.13     0.10
  SINCE JUN 1      0.18                      1.31  -1.13     0.10
  SINCE JAN 1     11.46                      9.81   1.65    13.04

..................................................................


THE HILL CITY KS CLIMATE NORMALS FOR TODAY
                         NORMAL    RECORD    YEAR
 MAXIMUM TEMPERATURE (F)   86       105      2013
                                             1952
 MINIMUM TEMPERATURE (F)   59        44      1969



-  INDICATES NEGATIVE NUMBERS.
R  INDICATES RECORD WAS SET OR TIED.
MM INDICATES DATA IS MISSING.
T  INDICATES TRACE AMOUNT.

$$
