000
CDUS43 KGLD 280810
CLIHLC

CLIMATE REPORT
NATIONAL WEATHER SERVICE GOODLAND
106 AM MST THU JAN 28 2016


...................................

...THE HILL CITY KS CLIMATE SUMMARY FOR JANUARY 27 2016...

CLIMATE NORMAL PERIOD 1981 TO 2010
CLIMATE RECORD PERIOD 1896 TO 2016


WEATHER ITEM   OBSERVED TIME   RECORD YEAR NORMAL DEPARTURE LAST
                VALUE   (LST)  VALUE       VALUE  FROM      YEAR
                                                  NORMAL
..................................................................
TEMPERATURE (F)
 YESTERDAY
  MAXIMUM         59    247 PM  83    2015  42     17       83
  MINIMUM         21    626 AM -17    1963  17      4       28
  AVERAGE         40                        30     10       56

PRECIPITATION (IN)
  YESTERDAY        0.00                      0.02  -0.02     0.00
  MONTH TO DATE    0.28                      0.36  -0.08     0.02
  SINCE DEC 1      2.14                      1.05   1.09     0.54
  SINCE JAN 1      0.28                      0.36  -0.08     0.02

..................................................................

THE HILL CITY KS CLIMATE NORMALS FOR TODAY
                         NORMAL    RECORD    YEAR
 MAXIMUM TEMPERATURE (F)   42        73      2008
                                             1986
 MINIMUM TEMPERATURE (F)   17       -15      1918



-  INDICATES NEGATIVE NUMBERS.
R  INDICATES RECORD WAS SET OR TIED.
MM INDICATES DATA IS MISSING.
T  INDICATES TRACE AMOUNT.




$$
