000
CDUS43 KGLD 260038 RRA
CLIHLC

CLIMATE REPORT
NATIONAL WEATHER SERVICE GOODLAND
636 PM MDT WED MAY 25 2016

...................................

...THE HILL CITY KS CLIMATE SUMMARY FOR MAY 25 2016...
VALID TODAY AS OF 0600 PM LOCAL TIME.

CLIMATE NORMAL PERIOD 1981 TO 2010
CLIMATE RECORD PERIOD 1896 TO 2016


WEATHER ITEM   OBSERVED TIME   RECORD YEAR NORMAL DEPARTURE LAST
                VALUE   (LST)  VALUE       VALUE  FROM      YEAR
                                                  NORMAL
..................................................................
TEMPERATURE (F)
 TODAY
  MAXIMUM         77    459 PM  99    1964  78     -1       78
  MINIMUM         61    726 AM  37    2002  53      8       48
  AVERAGE         69                        66      3       63

PRECIPITATION (IN)
  TODAY            0.00                      0.12  -0.12     0.02
  MONTH TO DATE    4.51                      3.01   1.50     3.17
  SINCE MAR 1     11.43                      6.76   4.67     6.78
  SINCE JAN 1     12.32                      7.73   4.59     7.20

..................................................................


THE HILL CITY KS CLIMATE NORMALS FOR TOMORROW
                         NORMAL    RECORD    YEAR
 MAXIMUM TEMPERATURE (F)   79       102      2012
 MINIMUM TEMPERATURE (F)   53        33      1992



-  INDICATES NEGATIVE NUMBERS.
R  INDICATES RECORD WAS SET OR TIED.
MM INDICATES DATA IS MISSING.
T  INDICATES TRACE AMOUNT.

$$
