000
CDUS43 KGLD 210810 RRB
CLIHLC

CLIMATE REPORT
NATIONAL WEATHER SERVICE GOODLAND
207 AM MDT WED JUN 21 2017

...................................

...THE HILL CITY KS CLIMATE SUMMARY FOR JUNE 20 2017...

CLIMATE NORMAL PERIOD 1981 TO 2010
CLIMATE RECORD PERIOD 1896 TO 2017

WEATHER ITEM   OBSERVED TIME   RECORD YEAR NORMAL DEPARTURE LAST
                VALUE   (LST)  VALUE       VALUE  FROM      YEAR
                                                  NORMAL
..................................................................
TEMPERATURE (F)
 YESTERDAY
  MAXIMUM        100    256 PM 108    1974  88     12       99
  MINIMUM         59    202 AM  41    1973  61     -2       71
  AVERAGE         80                        74      6       85

PRECIPITATION (IN)
  YESTERDAY        T                         0.10  -0.10     0.00
  MONTH TO DATE    0.23                      1.91  -1.68     0.50
  SINCE JUN 1      0.23                      1.91  -1.68     0.50
  SINCE JAN 1     11.51                     10.41   1.10    13.44

..................................................................

THE HILL CITY KS CLIMATE NORMALS FOR TODAY
                         NORMAL    RECORD    YEAR
 MAXIMUM TEMPERATURE (F)   88       106      1988
                                             1936
 MINIMUM TEMPERATURE (F)   61        47      1972

-  INDICATES NEGATIVE NUMBERS.
R  INDICATES RECORD WAS SET OR TIED.
MM INDICATES DATA IS MISSING.
T  INDICATES TRACE AMOUNT.

$$
