000
CDUS43 KGLD 160753
CLIHLC

CLIMATE REPORT
NATIONAL WEATHER SERVICE GOODLAND
1242 AM MST FRI JAN 16 2015

...................................

...THE HILL CITY KS CLIMATE SUMMARY FOR JANUARY 15 2015...

CLIMATE NORMAL PERIOD 1981 TO 2010
CLIMATE RECORD PERIOD 1896 TO 2015


WEATHER ITEM   OBSERVED TIME   RECORD YEAR NORMAL DEPARTURE LAST
                VALUE   (LST)  VALUE       VALUE  FROM      YEAR
                                                  NORMAL
..................................................................
TEMPERATURE (F)
 YESTERDAY
  MAXIMUM         54    215 PM  71    2006  42     12       62
  MINIMUM         20   1248 AM  -4    1979  17      3       26
                                      1972
                                      1930
  AVERAGE         37                        29      8       44

PRECIPITATION (IN)
  YESTERDAY        0.00                      0.02  -0.02     0.00
  MONTH TO DATE    0.01                      0.14  -0.13     0.03
  SINCE DEC 1      0.53                      0.83  -0.30     0.09
  SINCE JAN 1      0.01                      0.14  -0.13     0.03

..................................................................


THE HILL CITY KS CLIMATE NORMALS FOR TODAY
                         NORMAL    RECORD    YEAR
 MAXIMUM TEMPERATURE (F)   42        71      2006
                                             2000
 MINIMUM TEMPERATURE (F)   17       -15      1930



-  INDICATES NEGATIVE NUMBERS.
R  INDICATES RECORD WAS SET OR TIED.
MM INDICATES DATA IS MISSING.
T  INDICATES TRACE AMOUNT.

$$
