000
CDUS43 KGLD 120037 RRB
CLIHLC

CLIMATE REPORT
NATIONAL WEATHER SERVICE GOODLAND
536 PM MST SAT NOV 11 2017

...................................

...THE HILL CITY KS CLIMATE SUMMARY FOR NOVEMBER 11 2017...
VALID TODAY AS OF 0500 PM LOCAL TIME.

CLIMATE NORMAL PERIOD 1981 TO 2010
CLIMATE RECORD PERIOD 1896 TO 2017


WEATHER ITEM   OBSERVED TIME   RECORD YEAR NORMAL DEPARTURE LAST
                VALUE   (LST)  VALUE       VALUE  FROM      YEAR
                                                  NORMAL
..................................................................
TEMPERATURE (F)
 TODAY
  MAXIMUM         47    133 PM  78    2007  56     -9       60
                                      1971
  MINIMUM         44    738 AM   0    1911  29     15       26
  AVERAGE         46                        43      3       43

PRECIPITATION (IN)
  TODAY            0.01                      0.03  -0.02     0.00
  MONTH TO DATE    0.01                      0.44  -0.43     0.30
  SINCE SEP 1      6.71                      3.84   2.87     9.13
  SINCE JAN 1     24.54                     21.72   2.82    28.66

..................................................................


THE HILL CITY KS CLIMATE NORMALS FOR TOMORROW
                         NORMAL    RECORD    YEAR
 MAXIMUM TEMPERATURE (F)   56        77      1952
 MINIMUM TEMPERATURE (F)   29         2      1940


-  INDICATES NEGATIVE NUMBERS.
R  INDICATES RECORD WAS SET OR TIED.
MM INDICATES DATA IS MISSING.
T  INDICATES TRACE AMOUNT.


$$
