000
CDUS43 KGLD 080044
CLIHLC

CLIMATE REPORT
NATIONAL WEATHER SERVICE GOODLAND
641 PM MDT TUE OCT 7 2014

...................................

...THE HILL CITY KS CLIMATE SUMMARY FOR OCTOBER 7 2014...
VALID TODAY AS OF 0600 PM LOCAL TIME.

CLIMATE NORMAL PERIOD 1981 TO 2010
CLIMATE RECORD PERIOD 1896 TO 2014

WEATHER ITEM   OBSERVED TIME   RECORD YEAR NORMAL DEPARTURE LAST
                VALUE   (LST)  VALUE       VALUE  FROM      YEAR
                                                  NORMAL
..................................................................
TEMPERATURE (F)
 TODAY
  MAXIMUM         83    308 PM  90    1980  72     11       81
  MINIMUM         48    702 AM  18    1952  44      4       37
                                      2000
  AVERAGE         66                        58      8       59

PRECIPITATION (IN)
  TODAY            0.00                      0.05  -0.05     0.00
  MONTH TO DATE    0.28                      0.36  -0.08     0.01
  SINCE SEP 1      1.06                      2.24  -1.18     2.88
  SINCE JAN 1     20.88                     20.12   0.76    15.82

..................................................................

THE HILL CITY KS CLIMATE NORMALS FOR TOMORROW
                         NORMAL    RECORD    YEAR
 MAXIMUM TEMPERATURE (F)   72        96      1934
 MINIMUM TEMPERATURE (F)   43        14      2000

-  INDICATES NEGATIVE NUMBERS.
R  INDICATES RECORD WAS SET OR TIED.
MM INDICATES DATA IS MISSING.
T  INDICATES TRACE AMOUNT.

$$
