000
CDUS43 KGLD 170759
CLIHLC

CLIMATE REPORT
NATIONAL WEATHER SERVICE GOODLAND
159 AM MDT FRI MAR 17 2017


...................................

...THE HILL CITY KS CLIMATE SUMMARY FOR MARCH 16 2017...

CLIMATE NORMAL PERIOD 1981 TO 2010
CLIMATE RECORD PERIOD 1896 TO 2017


WEATHER ITEM   OBSERVED TIME   RECORD YEAR NORMAL DEPARTURE LAST
                VALUE   (LST)  VALUE       VALUE  FROM      YEAR
                                                  NORMAL
..................................................................
TEMPERATURE (F)
 YESTERDAY
  MAXIMUM         80    529 PM  94    2015  56     24       60
  MINIMUM         26    657 AM  10    2002  28     -2       28
                                      1988
  AVERAGE         53                        42     11       44

PRECIPITATION (IN)
  YESTERDAY        0.00                      0.06  -0.06     0.00
  MONTH TO DATE    0.08                      0.73  -0.65     0.06
  SINCE MAR 1      0.08                      0.73  -0.65     0.06
  SINCE JAN 1      1.15                      1.70  -0.55     0.95

..................................................................

THE HILL CITY KS CLIMATE NORMALS FOR TODAY
                         NORMAL    RECORD    YEAR
 MAXIMUM TEMPERATURE (F)   56        86      2012
                                             1994
 MINIMUM TEMPERATURE (F)   28         9      1958



-  INDICATES NEGATIVE NUMBERS.
R  INDICATES RECORD WAS SET OR TIED.
MM INDICATES DATA IS MISSING.
T  INDICATES TRACE AMOUNT.




$$
