000
CDUS43 KGLD 090040 RRA
CLIHLC

CLIMATE REPORT
NATIONAL WEATHER SERVICE GOODLAND
637 PM MDT MON SEP 8 2014

...................................

...THE HILL CITY KS CLIMATE SUMMARY FOR SEPTEMBER 8 2014...
VALID TODAY AS OF 0600 PM LOCAL TIME.

CLIMATE NORMAL PERIOD 1981 TO 2010
CLIMATE RECORD PERIOD 1896 TO 2014

WEATHER ITEM   OBSERVED TIME   RECORD YEAR NORMAL DEPARTURE LAST
                VALUE   (LST)  VALUE       VALUE  FROM      YEAR
                                                  NORMAL
..................................................................
TEMPERATURE (F)
 TODAY
  MAXIMUM         94    333 PM 103    2013  85      9      103
  MINIMUM         61    638 AM  43    1910  57      4       68
  AVERAGE         78                        71      7       86

PRECIPITATION (IN)
  TODAY            0.00                      0.07  -0.07     0.00
  MONTH TO DATE    0.09                      0.62  -0.53     0.00
  SINCE SEP 1      0.09                      0.62  -0.53     0.00
  SINCE JAN 1     19.91                     18.50   1.41    12.94

..................................................................

THE HILL CITY KS CLIMATE NORMALS FOR TOMORROW
                         NORMAL    RECORD    YEAR
 MAXIMUM TEMPERATURE (F)   85       102      1955
 MINIMUM TEMPERATURE (F)   56        37      1943

-  INDICATES NEGATIVE NUMBERS.
R  INDICATES RECORD WAS SET OR TIED.
MM INDICATES DATA IS MISSING.
T  INDICATES TRACE AMOUNT.

$$
