000
CDUS43 KGLD 260053
CLIHLC

CLIMATE REPORT
NATIONAL WEATHER SERVICE GOODLAND
549 PM MST MON JAN 25 2016
...................................

...THE HILL CITY KS CLIMATE SUMMARY FOR JANUARY 25 2016...
VALID TODAY AS OF 0500 PM LOCAL TIME.

CLIMATE NORMAL PERIOD 1981 TO 2010
CLIMATE RECORD PERIOD 1896 TO 2016

WEATHER ITEM   OBSERVED TIME   RECORD YEAR NORMAL DEPARTURE LAST
                VALUE   (LST)  VALUE       VALUE  FROM      YEAR
                                                  NORMAL
..................................................................
TEMPERATURE (F)
 TODAY
  MAXIMUM         43    435 PM  73    1968  42      1       53
  MINIMUM         26   1213 AM  -9    1957  17      9       27
  AVERAGE         35                        30      5       40

PRECIPITATION (IN)
  TODAY            T                         0.02  -0.02     0.00
  MONTH TO DATE    0.28                      0.31  -0.03     0.02
  SINCE DEC 1      2.14                      1.00   1.14     0.54
  SINCE JAN 1      0.28                      0.31  -0.03     0.02

..................................................................

THE HILL CITY KS CLIMATE NORMALS FOR TOMORROW
                         NORMAL    RECORD    YEAR
 MAXIMUM TEMPERATURE (F)   42        76      2002
 MINIMUM TEMPERATURE (F)   17       -15      1950

-  INDICATES NEGATIVE NUMBERS.
R  INDICATES RECORD WAS SET OR TIED.
MM INDICATES DATA IS MISSING.
T  INDICATES TRACE AMOUNT.

$$
