000
CDUS43 KGLD 270749 RRA
CLIHLC

CLIMATE REPORT
NATIONAL WEATHER SERVICE GOODLAND
146 AM MDT WED MAY 27 2015

...................................

...THE HILL CITY KS CLIMATE SUMMARY FOR MAY 26 2015...

CLIMATE NORMAL PERIOD 1981 TO 2010
CLIMATE RECORD PERIOD 1896 TO 2015

WEATHER ITEM   OBSERVED TIME   RECORD YEAR NORMAL DEPARTURE LAST
                VALUE   (LST)  VALUE       VALUE  FROM      YEAR
                                                  NORMAL
..................................................................
TEMPERATURE (F)
 YESTERDAY
  MAXIMUM         75    449 PM 102    2012  79     -4       84
  MINIMUM         52   1159 PM  33    1992  53     -1       55
  AVERAGE         64                        66     -2       70

PRECIPITATION (IN)
  YESTERDAY        0.00                      0.13  -0.13     0.00
  MONTH TO DATE    3.17                      3.14   0.03     0.91
  SINCE MAR 1      6.78                      6.89  -0.11     4.48
  SINCE JAN 1      7.20                      7.86  -0.66     4.94

..................................................................

THE HILL CITY KS CLIMATE NORMALS FOR TODAY
                         NORMAL    RECORD    YEAR
 MAXIMUM TEMPERATURE (F)   79        99      2006
 MINIMUM TEMPERATURE (F)   54        28      1907

-  INDICATES NEGATIVE NUMBERS.
R  INDICATES RECORD WAS SET OR TIED.
MM INDICATES DATA IS MISSING.
T  INDICATES TRACE AMOUNT.

$$
