000
CDUS43 KGLD 190039
CLIHLC

CLIMATE REPORT
NATIONAL WEATHER SERVICE GOODLAND
535 PM MST TUE NOV 18 2014


...................................

...THE HILL CITY KS CLIMATE SUMMARY FOR NOVEMBER 18 2014...
VALID TODAY AS OF 0500 PM LOCAL TIME.

CLIMATE NORMAL PERIOD 1981 TO 2010
CLIMATE RECORD PERIOD 1896 TO 2014


WEATHER ITEM   OBSERVED TIME   RECORD YEAR NORMAL DEPARTURE LAST
                VALUE   (LST)  VALUE       VALUE  FROM      YEAR
                                                  NORMAL
..................................................................
TEMPERATURE (F)
 TODAY
  MAXIMUM         57    442 PM  80    1908  52      5       61
  MINIMUM          2R   343 AM  10    1980  26    -24       23
  AVERAGE         30                        39     -9       42

PRECIPITATION (IN)
  TODAY            0.00                      0.03  -0.03     0.00
  MONTH TO DATE    0.01                      0.66  -0.65     0.69
  SINCE SEP 1      1.62                      4.06  -2.44     4.62
  SINCE JAN 1     21.44                     21.94  -0.50    17.56

..................................................................


THE HILL CITY KS CLIMATE NORMALS FOR TOMORROW
                         NORMAL    RECORD    YEAR
 MAXIMUM TEMPERATURE (F)   52        85      2007
 MINIMUM TEMPERATURE (F)   26         5      1921



-  INDICATES NEGATIVE NUMBERS.
R  INDICATES RECORD WAS SET OR TIED.
MM INDICATES DATA IS MISSING.
T  INDICATES TRACE AMOUNT.

$$
