000
CDUS43 KGLD 190807 RRA
CLIHLC

CLIMATE REPORT
NATIONAL WEATHER SERVICE GOODLAND
104 AM MST FRI JAN 19 2018


...................................

...THE HILL CITY KS CLIMATE SUMMARY FOR JANUARY 18 2018...

CLIMATE NORMAL PERIOD 1981 TO 2010
CLIMATE RECORD PERIOD 1896 TO 2018


WEATHER ITEM   OBSERVED TIME   RECORD YEAR NORMAL DEPARTURE LAST
                VALUE   (LST)  VALUE       VALUE  FROM      YEAR
                                                  NORMAL
..................................................................
TEMPERATURE (F)
 YESTERDAY
  MAXIMUM         64    325 PM  71    1920  42     22       53
  MINIMUM         15    630 AM -15    1940  17     -2       28
  AVERAGE         40                        29     11       41

PRECIPITATION (IN)
  YESTERDAY        0.00                      0.02  -0.02     0.00
  MONTH TO DATE    0.05                      0.19  -0.14     1.06
  SINCE DEC 1      0.08                      0.88  -0.80     1.48
  SINCE JAN 1      0.05                      0.19  -0.14     1.06

..................................................................


THE HILL CITY KS CLIMATE NORMALS FOR TODAY
                         NORMAL    RECORD    YEAR
 MAXIMUM TEMPERATURE (F)   42        69      2014
 MINIMUM TEMPERATURE (F)   17       -19      1943



-  INDICATES NEGATIVE NUMBERS.
R  INDICATES RECORD WAS SET OR TIED.
MM INDICATES DATA IS MISSING.
T  INDICATES TRACE AMOUNT.

$$
