000
CDUS43 KGLD 300856 RRA
CLIHLC

CLIMATE REPORT
NATIONAL WEATHER SERVICE GOODLAND
254 AM MDT SAT APR 30 2016
...................................

...THE HILL CITY KS CLIMATE SUMMARY FOR APRIL 29 2016...

CLIMATE NORMAL PERIOD 1981 TO 2010
CLIMATE RECORD PERIOD 1896 TO 2016

WEATHER ITEM   OBSERVED TIME   RECORD YEAR NORMAL DEPARTURE LAST
                VALUE   (LST)  VALUE       VALUE  FROM      YEAR
                                                  NORMAL
..................................................................
TEMPERATURE (F)
 YESTERDAY
  MAXIMUM         47    317 AM  92    1967  70    -23       73
  MINIMUM         42   1159 PM  27    1956  43     -1       42
  AVERAGE         45                        56    -11       58

PRECIPITATION (IN)
  YESTERDAY        0.84                      0.09   0.75     0.00
  MONTH TO DATE    6.66                      2.04   4.62     3.55
  SINCE MAR 1      6.86                      3.67   3.19     3.61
  SINCE JAN 1      7.75                      4.64   3.11     4.03

..................................................................

THE HILL CITY KS CLIMATE NORMALS FOR TODAY
                         NORMAL    RECORD    YEAR
 MAXIMUM TEMPERATURE (F)   70        93      1992
 MINIMUM TEMPERATURE (F)   43        10      1907

-  INDICATES NEGATIVE NUMBERS.
R  INDICATES RECORD WAS SET OR TIED.
MM INDICATES DATA IS MISSING.
T  INDICATES TRACE AMOUNT.

$$
