000
CDUS43 KGLD 240750 RRA
CLIHLC

CLIMATE REPORT
NATIONAL WEATHER SERVICE GOODLAND
145 AM MDT SUN MAY 24 2015

...................................

...THE HILL CITY KS CLIMATE SUMMARY FOR MAY 23 2015...

CLIMATE NORMAL PERIOD 1981 TO 2010
CLIMATE RECORD PERIOD 1896 TO 2015


WEATHER ITEM   OBSERVED TIME   RECORD YEAR NORMAL DEPARTURE LAST
                VALUE   (LST)  VALUE       VALUE  FROM      YEAR
                                                  NORMAL
..................................................................
TEMPERATURE (F)
 YESTERDAY
  MAXIMUM         67    337 PM 104    1939  78    -11       71
  MINIMUM         54    632 AM  34    1917  52      2       61
  AVERAGE         61                        65     -4       66

PRECIPITATION (IN)
  YESTERDAY        0.43                      0.12   0.31      T
  MONTH TO DATE    3.07                      2.78   0.29     0.91
  SINCE MAR 1      6.68                      6.53   0.15     4.48
  SINCE JAN 1      7.10                      7.50  -0.40     4.94

..................................................................


THE HILL CITY KS CLIMATE NORMALS FOR TODAY
                         NORMAL    RECORD    YEAR
 MAXIMUM TEMPERATURE (F)   78       101      1953
 MINIMUM TEMPERATURE (F)   53        31      1924



-  INDICATES NEGATIVE NUMBERS.
R  INDICATES RECORD WAS SET OR TIED.
MM INDICATES DATA IS MISSING.
T  INDICATES TRACE AMOUNT.

$$
