798
CDUS43 KGLD 180042
CLIHLC

CLIMATE REPORT
NATIONAL WEATHER SERVICE GOODLAND
539 PM MST FRI FEB 17 2017

...................................

...THE HILL CITY KS CLIMATE SUMMARY FOR FEBRUARY 17 2017...
VALID TODAY AS OF 0500 PM LOCAL TIME.

CLIMATE NORMAL PERIOD 1981 TO 2010
CLIMATE RECORD PERIOD 1896 TO 2017


WEATHER ITEM   OBSERVED TIME   RECORD YEAR NORMAL DEPARTURE LAST
                VALUE   (LST)  VALUE       VALUE  FROM      YEAR
                                                  NORMAL
..................................................................
TEMPERATURE (F)
 TODAY
  MAXIMUM         75    426 PM  84    1970  46     29       64
  MINIMUM         25    741 AM -11    1978  20      5       28
  AVERAGE         50                        33     17       46

PRECIPITATION (IN)
  TODAY            0.00                      0.02  -0.02     0.00
  MONTH TO DATE    0.01                      0.30  -0.29     0.59
  SINCE DEC 1      1.49                      1.44   0.05     2.73
  SINCE JAN 1      1.07                      0.75   0.32     0.87

..................................................................


THE HILL CITY KS CLIMATE NORMALS FOR TOMORROW
                         NORMAL    RECORD    YEAR
 MAXIMUM TEMPERATURE (F)   47        85      2016
 MINIMUM TEMPERATURE (F)   20        -6      1978


-  INDICATES NEGATIVE NUMBERS.
R  INDICATES RECORD WAS SET OR TIED.
MM INDICATES DATA IS MISSING.
T  INDICATES TRACE AMOUNT.


$$
