000
CDUS43 KGLD 280750
CLIHLC

CLIMATE REPORT
NATIONAL WEATHER SERVICE GOODLAND
143 AM MDT TUE OCT 28 2014


...................................

...THE HILL CITY KS CLIMATE SUMMARY FOR OCTOBER 27 2014...

CLIMATE NORMAL PERIOD 1981 TO 2010
CLIMATE RECORD PERIOD 1896 TO 2014


WEATHER ITEM   OBSERVED TIME   RECORD YEAR NORMAL DEPARTURE LAST
                VALUE   (LST)  VALUE       VALUE  FROM      YEAR
                                                  NORMAL
..................................................................
TEMPERATURE (F)
 YESTERDAY
  MAXIMUM         71    240 PM  89    1927  63      8       78
  MINIMUM         41   1159 PM   3    1997  36      5       31
  AVERAGE         56                        50      6       55

PRECIPITATION (IN)
  YESTERDAY        T                         0.04  -0.04     0.00
  MONTH TO DATE    0.83                      1.39  -0.56     0.91
  SINCE SEP 1      1.61                      3.27  -1.66     3.78
  SINCE JAN 1     21.43                     21.15   0.28    16.72

..................................................................

THE HILL CITY KS CLIMATE NORMALS FOR TODAY
                         NORMAL    RECORD    YEAR
 MAXIMUM TEMPERATURE (F)   63        88      1943
 MINIMUM TEMPERATURE (F)   35        12      1925


-  INDICATES NEGATIVE NUMBERS.
R  INDICATES RECORD WAS SET OR TIED.
MM INDICATES DATA IS MISSING.
T  INDICATES TRACE AMOUNT.

$$
