000
CDUS43 KGLD 130045
CLIHLC

CLIMATE REPORT
NATIONAL WEATHER SERVICE GOODLAND
643 PM MDT SAT APR 12 2014


...................................

...THE HILL CITY KS CLIMATE SUMMARY FOR APRIL 12 2014...
VALID TODAY AS OF 0600 PM LOCAL TIME.

CLIMATE NORMAL PERIOD 1981 TO 2010
CLIMATE RECORD PERIOD 1896 TO 2014


WEATHER ITEM   OBSERVED TIME   RECORD YEAR NORMAL DEPARTURE LAST
                VALUE   (LST)  VALUE       VALUE  FROM      YEAR
                                                  NORMAL
..................................................................
TEMPERATURE (F)
 TODAY
  MAXIMUM         85    333 PM  86    1925  64     21       61
  MINIMUM         55    623 AM  15    1997  36     19       24
  AVERAGE         70                        50     20       43

PRECIPITATION (IN)
  TODAY            0.00                      0.06  -0.06      T
  MONTH TO DATE    0.27                      0.70  -0.43     0.04
  SINCE MAR 1      0.46                      2.33  -1.87     0.83
  SINCE JAN 1      0.92                      3.30  -2.38     2.02

..................................................................


THE HILL CITY KS CLIMATE NORMALS FOR TOMORROW
                         NORMAL    RECORD    YEAR
 MAXIMUM TEMPERATURE (F)   65        91      2006
 MINIMUM TEMPERATURE (F)   37        15      1950



-  INDICATES NEGATIVE NUMBERS.
R  INDICATES RECORD WAS SET OR TIED.
MM INDICATES DATA IS MISSING.
T  INDICATES TRACE AMOUNT.

$$
