162
CDUS43 KGLD 220121 RRA
CLIHLC

CLIMATE REPORT
NATIONAL WEATHER SERVICE GOODLAND
717 PM MDT TUE MAR 21 2017

...................................

...THE HILL CITY KS CLIMATE SUMMARY FOR MARCH 21 2017...
VALID TODAY AS OF 0600 PM LOCAL TIME.

CLIMATE NORMAL PERIOD 1981 TO 2010
CLIMATE RECORD PERIOD 1896 TO 2017

WEATHER ITEM   OBSERVED TIME   RECORD YEAR NORMAL DEPARTURE LAST
                VALUE   (LST)  VALUE       VALUE  FROM      YEAR
                                                  NORMAL
..................................................................
TEMPERATURE (F)
 TODAY
  MAXIMUM         60    323 PM  93    1907  58      2       80
  MINIMUM         42    455 AM   8    2002  29     13       28
                                      1955
  AVERAGE         51                        43      8       54

PRECIPITATION (IN)
  TODAY            0.00                      0.05  -0.05     0.00
  MONTH TO DATE    0.08                      0.99  -0.91     0.12
  SINCE MAR 1      0.08                      0.99  -0.91     0.12
  SINCE JAN 1      1.15                      1.96  -0.81     1.01

..................................................................

THE HILL CITY KS CLIMATE NORMALS FOR TOMORROW
                         NORMAL    RECORD    YEAR
 MAXIMUM TEMPERATURE (F)   58        90      1910
 MINIMUM TEMPERATURE (F)   30         5      2002

-  INDICATES NEGATIVE NUMBERS.
R  INDICATES RECORD WAS SET OR TIED.
MM INDICATES DATA IS MISSING.
T  INDICATES TRACE AMOUNT.

$$
