000
CDUS43 KGLD 190055 RRA
CLIHLC

CLIMATE REPORT
NATIONAL WEATHER SERVICE GOODLAND
640 PM MDT MON AUG 18 2014

...................................

...THE HILL CITY KS CLIMATE SUMMARY FOR AUGUST 18 2014...
VALID TODAY AS OF 0600 PM LOCAL TIME.

CLIMATE NORMAL PERIOD 1981 TO 2010
CLIMATE RECORD PERIOD 1896 TO 2014

WEATHER ITEM   OBSERVED TIME   RECORD YEAR NORMAL DEPARTURE LAST
                VALUE   (LST)  VALUE       VALUE  FROM      YEAR
                                                  NORMAL
..................................................................
TEMPERATURE (F)
 TODAY
  MAXIMUM         93    433 PM 111    1934  90      3       82
  MINIMUM         63    628 AM  52    1981  63      0       62
  AVERAGE         78                        76      2       72

PRECIPITATION (IN)
  TODAY            0.00                      0.10  -0.10     0.00
  MONTH TO DATE    1.40                      1.70  -0.30     0.71
  SINCE JUN 1     10.13                      8.17   1.96     8.55
  SINCE JAN 1     15.07                     16.67  -1.60    12.89

..................................................................

THE HILL CITY KS CLIMATE NORMALS FOR TOMORROW
                         NORMAL    RECORD    YEAR
 MAXIMUM TEMPERATURE (F)   90       107      1938
 MINIMUM TEMPERATURE (F)   63        46      1927

-  INDICATES NEGATIVE NUMBERS.
R  INDICATES RECORD WAS SET OR TIED.
MM INDICATES DATA IS MISSING.
T  INDICATES TRACE AMOUNT.

$$
