000
CDUS43 KGLD 190104 RRA
CLIHLC

CLIMATE REPORT
NATIONAL WEATHER SERVICE GOODLAND
601 PM MST SAT FEB 18 2017
...................................

...THE HILL CITY KS CLIMATE SUMMARY FOR FEBRUARY 18 2017...
VALID TODAY AS OF 0600 PM LOCAL TIME.

CLIMATE NORMAL PERIOD 1981 TO 2010
CLIMATE RECORD PERIOD 1896 TO 2017

WEATHER ITEM   OBSERVED TIME   RECORD YEAR NORMAL DEPARTURE LAST
                VALUE   (LST)  VALUE       VALUE  FROM      YEAR
                                                  NORMAL
..................................................................
TEMPERATURE (F)
 TODAY
  MAXIMUM         67    459 PM  85    2016  47     20       85
  MINIMUM         32    736 AM  -6    1978  20     12       45
  AVERAGE         50                        34     16       65

PRECIPITATION (IN)
  TODAY            0.00                      0.02  -0.02     0.00
  MONTH TO DATE    0.01                      0.32  -0.31     0.59
  SINCE DEC 1      1.49                      1.46   0.03     2.73
  SINCE JAN 1      1.07                      0.77   0.30     0.87

..................................................................

THE HILL CITY KS CLIMATE NORMALS FOR TOMORROW
                         NORMAL    RECORD    YEAR
 MAXIMUM TEMPERATURE (F)   47        73      2004
                                             1986
 MINIMUM TEMPERATURE (F)   21         3      2006
                                             1955

-  INDICATES NEGATIVE NUMBERS.
R  INDICATES RECORD WAS SET OR TIED.
MM INDICATES DATA IS MISSING.
T  INDICATES TRACE AMOUNT.

$$
