299
CDUS43 KGLD 250742 RRA
CLIHLC

CLIMATE REPORT
NATIONAL WEATHER SERVICE GOODLAND
139 AM MDT SAT MAR 25 2017

...................................

...THE HILL CITY KS CLIMATE SUMMARY FOR MARCH 24 2017...

CLIMATE NORMAL PERIOD 1981 TO 2010
CLIMATE RECORD PERIOD 1896 TO 2017

WEATHER ITEM   OBSERVED TIME   RECORD YEAR NORMAL DEPARTURE LAST
                VALUE   (LST)  VALUE       VALUE  FROM      YEAR
                                                  NORMAL
..................................................................
TEMPERATURE (F)
 YESTERDAY
  MAXIMUM         58   1219 AM  92    1910  58      0       51
  MINIMUM         42   1140 PM   3    1974  30     12       26
  AVERAGE         50                        44      6       39

PRECIPITATION (IN)
  YESTERDAY        0.02                      0.05  -0.03      T
  MONTH TO DATE    0.35                      1.15  -0.80     0.20
  SINCE MAR 1      0.35                      1.15  -0.80     0.20
  SINCE JAN 1      1.42                      2.12  -0.70     1.09

..................................................................

THE HILL CITY KS CLIMATE NORMALS FOR TODAY
                         NORMAL    RECORD    YEAR
 MAXIMUM TEMPERATURE (F)   59        88      1956
 MINIMUM TEMPERATURE (F)   31        -2      1955

-  INDICATES NEGATIVE NUMBERS.
R  INDICATES RECORD WAS SET OR TIED.
MM INDICATES DATA IS MISSING.
T  INDICATES TRACE AMOUNT.

$$
