000
CDUS43 KGLD 260742
CLIHLC

CLIMATE REPORT
NATIONAL WEATHER SERVICE GOODLAND
1238 AM MST MON JAN 26 2015


...................................

...THE HILL CITY KS CLIMATE SUMMARY FOR JANUARY 25 2015...

CLIMATE NORMAL PERIOD 1981 TO 2010
CLIMATE RECORD PERIOD 1896 TO 2015


WEATHER ITEM   OBSERVED TIME   RECORD YEAR NORMAL DEPARTURE LAST
                VALUE   (LST)  VALUE       VALUE  FROM      YEAR
                                                  NORMAL
..................................................................
TEMPERATURE (F)
 YESTERDAY
  MAXIMUM         53    409 PM  73    1968  42     11       57
  MINIMUM         27    851 PM  -9    1957  17     10       34
  AVERAGE         40                        30     10       46

PRECIPITATION (IN)
  YESTERDAY        0.00                      0.02  -0.02     0.00
  MONTH TO DATE    0.02                      0.31  -0.29     0.03
  SINCE DEC 1      0.54                      1.00  -0.46     0.09
  SINCE JAN 1      0.02                      0.31  -0.29     0.03

..................................................................







THE HILL CITY KS CLIMATE NORMALS FOR TODAY
                         NORMAL    RECORD    YEAR
 MAXIMUM TEMPERATURE (F)   42        76      2002
 MINIMUM TEMPERATURE (F)   17       -15      1950



-  INDICATES NEGATIVE NUMBERS.
R  INDICATES RECORD WAS SET OR TIED.
MM INDICATES DATA IS MISSING.
T  INDICATES TRACE AMOUNT.




$$
