000
CDUS43 KGLD 090756
CLIHLC

CLIMATE REPORT
NATIONAL WEATHER SERVICE GOODLAND
153 AM MDT WED JUL 9 2014

...................................

...THE HILL CITY KS CLIMATE SUMMARY FOR JULY 8 2014...

CLIMATE NORMAL PERIOD 1981 TO 2010
CLIMATE RECORD PERIOD 1896 TO 2014

WEATHER ITEM   OBSERVED TIME   RECORD YEAR NORMAL DEPARTURE LAST
                VALUE   (LST)  VALUE       VALUE  FROM      YEAR
                                                  NORMAL
..................................................................
TEMPERATURE (F)
 YESTERDAY
  MAXIMUM         89    434 PM 106    1934  93     -4      105
  MINIMUM         66   1159 PM  44    1952  65      1       71
  AVERAGE         78                        79     -1       88

PRECIPITATION (IN)
  YESTERDAY        0.03                      0.11  -0.08     0.01
  MONTH TO DATE    0.05                      0.78  -0.73     0.18
  SINCE JUN 1      6.98                      3.54   3.44     2.86
  SINCE JAN 1     11.92                     12.04  -0.12     7.20

..................................................................

THE HILL CITY KS CLIMATE NORMALS FOR TODAY
                         NORMAL    RECORD    YEAR
 MAXIMUM TEMPERATURE (F)   93       107      1980
 MINIMUM TEMPERATURE (F)   65        48      1959

-  INDICATES NEGATIVE NUMBERS.
R  INDICATES RECORD WAS SET OR TIED.
MM INDICATES DATA IS MISSING.
T  INDICATES TRACE AMOUNT.

$$
