000
CDUS43 KGLD 140740
CLIHLC

CLIMATE REPORT
NATIONAL WEATHER SERVICE GOODLAND
137 AM MDT SUN SEP 14 2014

...................................

...THE HILL CITY KS CLIMATE SUMMARY FOR SEPTEMBER 13 2014...

CLIMATE NORMAL PERIOD 1981 TO 2010
CLIMATE RECORD PERIOD 1896 TO 2014

WEATHER ITEM   OBSERVED TIME   RECORD YEAR NORMAL DEPARTURE LAST
                VALUE   (LST)  VALUE       VALUE  FROM      YEAR
                                                  NORMAL
..................................................................
TEMPERATURE (F)
 YESTERDAY
  MAXIMUM         63    558 PM 105    1911  83    -20       72
  MINIMUM         33    626 AM  31    1974  55    -22       58
  AVERAGE         48                        69    -21       65

PRECIPITATION (IN)
  YESTERDAY        0.00                      0.05  -0.05     0.21
  MONTH TO DATE    0.30                      0.90  -0.60     1.05
  SINCE SEP 1      0.30                      0.90  -0.60     1.05
  SINCE JAN 1     20.12                     18.78   1.34    13.99

..................................................................

THE HILL CITY KS CLIMATE NORMALS FOR TODAY
                         NORMAL    RECORD    YEAR
 MAXIMUM TEMPERATURE (F)   83        98      1955
 MINIMUM TEMPERATURE (F)   54        34      1945

-  INDICATES NEGATIVE NUMBERS.
R  INDICATES RECORD WAS SET OR TIED.
MM INDICATES DATA IS MISSING.
T  INDICATES TRACE AMOUNT.

$$
