910
CDUS43 KGLD 150746 RRA
CLIHLC

CLIMATE REPORT
NATIONAL WEATHER SERVICE GOODLAND
1236 AM MST MON JAN 15 2018


...................................

...THE HILL CITY KS CLIMATE SUMMARY FOR JANUARY 14 2018...

CLIMATE NORMAL PERIOD 1981 TO 2010
CLIMATE RECORD PERIOD 1896 TO 2018


WEATHER ITEM   OBSERVED TIME   RECORD YEAR NORMAL DEPARTURE LAST
                VALUE   (LST)  VALUE       VALUE  FROM      YEAR
                                                  NORMAL
..................................................................
TEMPERATURE (F)
 YESTERDAY
  MAXIMUM         51    441 PM  74    1996  42      9       35
  MINIMUM         17    733 AM -10    1972  17      0       21
  AVERAGE         34                        29      5       28

PRECIPITATION (IN)
  YESTERDAY        0.01                      0.01   0.00     0.00
  MONTH TO DATE    0.05                      0.12  -0.07     0.05
  SINCE DEC 1      0.08                      0.81  -0.73     0.47
  SINCE JAN 1      0.05                      0.12  -0.07     0.05

..................................................................


THE HILL CITY KS CLIMATE NORMALS FOR TODAY
                         NORMAL    RECORD    YEAR
 MAXIMUM TEMPERATURE (F)   42        71      2006
 MINIMUM TEMPERATURE (F)   17        -4      1979
                                             1972
                                             1930


-  INDICATES NEGATIVE NUMBERS.
R  INDICATES RECORD WAS SET OR TIED.
MM INDICATES DATA IS MISSING.
T  INDICATES TRACE AMOUNT.

$$
