000
CDUS43 KGLD 200748
CLIHLC

CLIMATE REPORT
NATIONAL WEATHER SERVICE GOODLAND
1244 AM MST SAT DEC 20 2014

...................................

...THE HILL CITY KS CLIMATE SUMMARY FOR DECEMBER 19 2014...

CLIMATE NORMAL PERIOD 1981 TO 2010
CLIMATE RECORD PERIOD 1896 TO 2014

WEATHER ITEM   OBSERVED TIME   RECORD YEAR NORMAL DEPARTURE LAST
                VALUE   (LST)  VALUE       VALUE  FROM      YEAR
                                                  NORMAL
..................................................................
TEMPERATURE (F)
 YESTERDAY
  MAXIMUM         52    346 PM  67    1941  42     10       46
  MINIMUM         28    947 AM -13    1989  17     11       16
  AVERAGE         40                        29     11       31

PRECIPITATION (IN)
  YESTERDAY        0.00                      0.01  -0.01      T
  MONTH TO DATE    0.27                      0.49  -0.22     0.05
  SINCE DEC 1      0.27                      0.49  -0.22     0.05
  SINCE JAN 1     21.72                     22.72  -1.00    17.61

..................................................................

THE HILL CITY KS CLIMATE NORMALS FOR TODAY
                         NORMAL    RECORD    YEAR
 MAXIMUM TEMPERATURE (F)   42        70      1941
 MINIMUM TEMPERATURE (F)   17       -15      1924

-  INDICATES NEGATIVE NUMBERS.
R  INDICATES RECORD WAS SET OR TIED.
MM INDICATES DATA IS MISSING.
T  INDICATES TRACE AMOUNT.

$$
