561
CDUS43 KGLD 200741 RRA
CLIHLC

CLIMATE REPORT
NATIONAL WEATHER SERVICE GOODLAND
1238 AM MST FRI JAN 20 2017

...................................

...THE HILL CITY KS CLIMATE SUMMARY FOR JANUARY 19 2017...

CLIMATE NORMAL PERIOD 1981 TO 2010
CLIMATE RECORD PERIOD 1896 TO 2017

WEATHER ITEM   OBSERVED TIME   RECORD YEAR NORMAL DEPARTURE LAST
                VALUE   (LST)  VALUE       VALUE  FROM      YEAR
                                                  NORMAL
..................................................................
TEMPERATURE (F)
 YESTERDAY
  MAXIMUM         47    407 PM  69    2014  42      5       33
  MINIMUM         38    703 PM -19    1943  17     21       23
  AVERAGE         43                        29     14       28

PRECIPITATION (IN)
  YESTERDAY        0.00                      0.01  -0.01      T
  MONTH TO DATE    1.06                      0.20   0.86     0.16
  SINCE DEC 1      1.48                      0.89   0.59     2.02
  SINCE JAN 1      1.06                      0.20   0.86     0.16

..................................................................

THE HILL CITY KS CLIMATE NORMALS FOR TODAY
                         NORMAL    RECORD    YEAR
 MAXIMUM TEMPERATURE (F)   42        72      1986
 MINIMUM TEMPERATURE (F)   17       -17      1962

-  INDICATES NEGATIVE NUMBERS.
R  INDICATES RECORD WAS SET OR TIED.
MM INDICATES DATA IS MISSING.
T  INDICATES TRACE AMOUNT.

$$
