000
CDUS43 KGLD 240739 RRB
CLIHLC

CLIMATE REPORT
NATIONAL WEATHER SERVICE GOODLAND
137 AM MDT WED AUG 24 2016

...................................

...THE HILL CITY KS CLIMATE SUMMARY FOR AUGUST 23 2016...

CLIMATE NORMAL PERIOD 1981 TO 2010
CLIMATE RECORD PERIOD 1896 TO 2016


WEATHER ITEM   OBSERVED TIME   RECORD YEAR NORMAL DEPARTURE LAST
                VALUE   (LST)  VALUE       VALUE  FROM      YEAR
                                                  NORMAL
..................................................................
TEMPERATURE (F)
 YESTERDAY
  MAXIMUM         97    547 PM 109    1943  89      8       79
  MINIMUM         71    949 PM  44    1911  62      9       49
  AVERAGE         84                        76      8       64

PRECIPITATION (IN)
  YESTERDAY        0.00                      0.09  -0.09     0.00
  MONTH TO DATE    1.84                      2.14  -0.30     1.00
  SINCE JUN 1      4.70                      8.61  -3.91     8.24
  SINCE JAN 1     17.64                     17.11   0.53    15.77

..................................................................


THE HILL CITY KS CLIMATE NORMALS FOR TODAY
                         NORMAL    RECORD    YEAR
 MAXIMUM TEMPERATURE (F)   89       112      1943
 MINIMUM TEMPERATURE (F)   62        39      1928



-  INDICATES NEGATIVE NUMBERS.
R  INDICATES RECORD WAS SET OR TIED.
MM INDICATES DATA IS MISSING.
T  INDICATES TRACE AMOUNT.

$$
