000
CDUS43 KGLD 290039
CLIHLC

CLIMATE REPORT
NATIONAL WEATHER SERVICE GOODLAND
636 PM MDT THU JUL 28 2016

...................................

...THE HILL CITY KS CLIMATE SUMMARY FOR JULY 28 2016...
VALID TODAY AS OF 0600 PM LOCAL TIME.

CLIMATE NORMAL PERIOD 1981 TO 2010
CLIMATE RECORD PERIOD 1896 TO 2016

WEATHER ITEM   OBSERVED TIME   RECORD YEAR NORMAL DEPARTURE LAST
                VALUE   (LST)  VALUE       VALUE  FROM      YEAR
                                                  NORMAL
..................................................................
TEMPERATURE (F)
 TODAY
  MAXIMUM         88    342 PM 110    1940  92     -4       87
  MINIMUM         67    423 AM  54    1923  66      1       61
                                      1969
  AVERAGE         78                        79     -1       74

PRECIPITATION (IN)
  TODAY            0.03                      0.12  -0.09     0.00
  MONTH TO DATE    1.93                      3.33  -1.40     6.46
  SINCE JUN 1      2.49                      6.09  -3.60     7.24
  SINCE JAN 1     15.43                     14.59   0.84    14.77

..................................................................

THE HILL CITY KS CLIMATE NORMALS FOR TOMORROW
                         NORMAL    RECORD    YEAR
 MAXIMUM TEMPERATURE (F)   92       108      1917
 MINIMUM TEMPERATURE (F)   66        51      1965

-  INDICATES NEGATIVE NUMBERS.
R  INDICATES RECORD WAS SET OR TIED.
MM INDICATES DATA IS MISSING.
T  INDICATES TRACE AMOUNT.

$$
