000
CXUS55 KGLD 310800
CF6ITR
PRELIMINARY LOCAL CLIMATOLOGICAL DATA (WS FORM: F-6)

                                          STATION:   BURLINGTON CO
                                          MONTH:     JULY
                                          YEAR:      2015
                                          LATITUDE:   39 15 N
                                          LONGITUDE: 102 17 W

  TEMPERATURE IN F:       :PCPN:    SNOW:  WIND      :SUNSHINE: SKY     :PK WND
================================================================================
1   2   3   4   5  6A  6B    7    8   9   10  11  12  13   14  15   16   17  18
                                     12Z  AVG MX 2MIN
DY MAX MIN AVG DEP HDD CDD  WTR  SNW DPTH SPD SPD DIR MIN PSBL S-S WX    SPD DR
================================================================================

 1  95  66  81   8   0  16 0.04    M    M 11.2 36 280   M    M   2 38     49 290
 2  86  60  73   0   0   8 0.14    M    M 10.8 29  40   M    M   1        38  30
 3  87  61  74   1   0   9 0.20    M    M  7.7 21 150   M    M   3 138    26 150
 4  94  60  77   4   0  12 0.00    M    M 14.6 24 160   M    M   0 1      30 190
 5  99  61  80   6   0  15    T    M    M 13.8 35 330   M    M   1 3      42 330
 6  74  61  68  -6   0   3 0.13    M    M 15.2 25  10   M    M   7 18     38 360
 7  77  52  65  -9   0   0 0.00    M    M 11.0 21 140   M    M   3 18     28 120
 8  78  58  68  -6   0   3 0.00    M    M 12.9 22 140   M    M   8        28 140
 9  77  56  67  -7   0   2    T    M    M 11.8 25 150   M    M   6        36 150
10  91  60  76   2   0  11 0.00    M    M  8.3 18 260   M    M   1 8      26 250
11  93  58  76   2   0  11    T    M    M  7.6 22  40   M    M   0 3      27  50
12  96  58  77   2   0  12 0.00    M    M  7.6 15 220   M    M   0 8      18 330
13  98  65  82   7   0  17 0.00    M    M  9.6 22 350   M    M   1 8      27 350
14  96  64  80   5   0  15 0.30    M    M  7.5 31 250   M    M   2 13     39 270
15  87  62  75   0   0  10 0.02    M    M  6.3 23 250   M    M   4 128    30 250
16  93  60  77   2   0  12 0.00    M    M  8.4 17 200   M    M   1 8      22 220
17  98  61  80   5   0  15 0.00    M    M  8.7 20 340   M    M   0        28 340
18  92  58  75   0   0  10 1.08    M    M 12.2 43 310   M    M   1 13     53 330
19  85  63  74  -1   0   9 0.29    M    M  7.5 16 110   M    M   3 13     20 110
20  86  63  75   0   0  10 0.00  0.0    0 10.0 18 360   M    M   0        22 350
21  82  60  71  -4   0   6 0.16    M    M 13.4 26 280   M    M   4 13     31 280
22  87  58  73  -2   0   8 0.00    M    M  8.7 17 140   M    M   3 1      22 250
23  93  65  79   4   0  14 0.80    M    M  9.2 28 160   M    M   1 3      34 310
24  97  64  81   6   0  16 0.12    M    M  7.1 36 360   M    M   1 3      55 360
25  91  67  79   4   0  14 0.00    M    M  6.7 17 130   M    M   0        22  70
26  96  63  80   5   0  15 1.34    M    M 10.4 44 280   M    M   0 138    59 280
27  92  65  79   4   0  14 0.00    M    M 15.5 28 180   M    M   0        33 180
28  82  61  72  -3   0   7 0.00    M    M 13.7 26 350   M    M   0        34 350
29  80  58  69  -6   0   4    T    M    M  9.5 20 150   M    M   1        25 150
30  88  59  74  -1   0   9 0.03    M    M 10.3 24 290   M    M   3 3      29 290
================================================================================
SM 2670 1827         0 307  4.65     0.0 307.2          M       57
================================================================================
AV 89.0 60.9                              10.2 FASTST   M    M   2    MAX(MPH)
                                 MISC ---->  # 44 280               # 59  280
================================================================================
NOTES:
# LAST OF SEVERAL OCCURRENCES

COLUMN 17 PEAK WIND IN M.P.H.

PRELIMINARY LOCAL CLIMATOLOGICAL DATA (WS FORM: F-6) , PAGE 2

                                          STATION:  BURLINGTON CO
                                          MONTH:    JULY
                                          YEAR:     2015
                                          LATITUDE:   39 15 N
                                          LONGITUDE: 102 17 W

[TEMPERATURE DATA]      [PRECIPITATION DATA]       SYMBOLS USED IN COLUMN 16

AVERAGE MONTHLY: 74.9   TOTAL FOR MONTH:   4.65    1 = FOG OR MIST
DPTR FM NORMAL:   0.4   DPTR FM NORMAL:    1.60    2 = FOG REDUCING VISIBILITY
HIGHEST:    99 ON  5    GRTST 24HR  1.36 ON 18-19      TO 1/4 MILE OR LESS
LOWEST:     52 ON  7                               3 = THUNDER
                        SNOW, ICE PELLETS, HAIL    4 = ICE PELLETS
                        TOTAL MONTH:   0.0 INCH    5 = HAIL
                        GRTST 24HR     0.0         6 = FREEZING RAIN OR DRIZZLE
                        GRTST DEPTH:   0           7 = DUSTSTORM OR SANDSTORM:
                                                       VSBY 1/2 MILE OR LESS
                                                   8 = SMOKE OR HAZE
[NO. OF DAYS WITH]      [WEATHER - DAYS WITH]      9 = BLOWING SNOW
                                                   X = TORNADO
MAX 32 OR BELOW:   0    0.01 INCH OR MORE:  13
MAX 90 OR ABOVE:  16    0.10 INCH OR MORE:  10
MIN 32 OR BELOW:   0    0.50 INCH OR MORE:   3
MIN  0 OR BELOW:   0    1.00 INCH OR MORE:   2

[HDD (BASE 65) ]
TOTAL THIS MO.     0    CLEAR  (SCALE 0-3)  24
DPTR FM NORMAL     0    PTCLDY (SCALE 4-7)   6
TOTAL FM JUL 1     0    CLOUDY (SCALE 8-10)  0
DPTR FM NORMAL     0

[CDD (BASE 65) ]
TOTAL THIS MO.   307
DPTR FM NORMAL    22    [PRESSURE DATA]
TOTAL FM JAN 1   529    HIGHEST SLP M ON M
DPTR FM NORMAL    64    LOWEST  SLP 29.58 ON 17

[REMARKS]
