000
CXUS55 KGLD 010800
CF6ITR
PRELIMINARY LOCAL CLIMATOLOGICAL DATA (WS FORM: F-6)

                                          STATION:   BURLINGTON CO
                                          MONTH:     JULY
                                          YEAR:      2013
                                          LATITUDE:   39 15 N
                                          LONGITUDE: 102 17 W

  TEMPERATURE IN F:       :PCPN:    SNOW:  WIND      :SUNSHINE: SKY     :PK WND
================================================================================
1   2   3   4   5  6A  6B    7    8   9   10  11  12  13   14  15   16   17  18
                                     12Z  AVG MX 2MIN
DY MAX MIN AVG DEP HDD CDD  WTR  SNW DPTH SPD SPD DIR MIN PSBL S-S WX    SPD DR
================================================================================

 1  79  54  67  -6   0   2 0.01    M    M  7.5 15  80   M    M   5        20  90
 2  83  52  68  -5   0   3    T    M    M  8.5 15 170   M    M   4 8      21 160
 3  87  57  72  -1   0   7 0.00    M    M 14.1 21 150   M    M   2        28 150
 4  94  58  76   3   0  11 0.01    M    M 11.7 22 160   M    M   0 3      29 160
 5  99  63  81   7   0  16 0.02    M    M 10.3 33 310   M    M   0        43 300
 6  98  60  79   5   0  14 0.00    M    M  7.5 28 230   M    M   1        35 240
 7  99  64  82   8   0  17 0.15    M    M  8.7 30 160   M    M   2 13     38 210
 8  98  62  80   6   0  15    T    M    M  9.2 32 170   M    M   1 1      41 250
 9 101  63  82   8   0  17 0.00    M    M  9.4 22  20   M    M   0        28  30
10  94  64  79   5   0  14 0.01    M    M 12.5 32 170   M    M   0 3      38 170
11  92  58  75   1   0  10 0.00    M    M 15.3 28 170   M    M   0        41 170
12 102  68  85  10   0  20 0.00    M    M 15.1 28 150   M    M   0        32 150
13  99  60  80   5   0  15    T    M    M  7.0 23 290   M    M   1 3      28 290
14  86  64  75   0   0  10 0.36    M    M 10.0 22  20   M    M   5 13     29  10
15  81  57  69  -6   0   4 0.00    M    M 10.5 22 160   M    M   3 1      26 160
16  80  58  69  -6   0   4 0.00    M    M 15.6 26 160   M    M   5 1      33 140
17  86  62  74  -1   0   9 0.00    M    M 20.9 31 180   M    M   5        37 180
18  92  62  77   2   0  12 0.00    M    M 17.3 30 180   M    M   0        39 190
19  93  62  78   3   0  13 0.06    M    M 13.0 35  10   M    M   4 13     44 360
20  87  58  73  -2   0   8 0.04    M    M  7.9 31 320   M    M   2 3      41 320
21  89  61  75   0   0  10 0.00    M    M 11.5 21 150   M    M   3 1      26 150
22  98  64  81   6   0  16 0.00    M    M  9.1 20 150   M    M   1 12     24 130
23  88  55  72  -3   0   7 0.00    M    M 11.4 23  30   M    M   1        33  50
24  87  61  74  -1   0   9 0.07    M    M 12.2 28 260   M    M   5 1      36 250
25  84  58  71  -4   0   6    T    M    M  9.3 24 350   M    M   3 12     31 360
26  84  56  70  -5   0   5 0.00    M    M  7.3 20 170   M    M   1 1      29 240
27  81  57  69  -6   0   4 0.12    M    M 14.5 33  70   M    M   3 13     39  70
28  63  56  60 -15   5   0 0.05    M    M  8.9 20 130   M    M  10 12     25 140
29  82  60  71  -4   0   6    T    M    M  6.3 17 350   M    M   6 12     22 360
30  91  61  76   1   0  11 0.00    M    M  6.5 17 140   M    M   3 12     21 100
31  94  62  78   3   0  13 0.04    M    M  9.8 29 130   M    M   2 123    38 130
================================================================================
SM 2771 1857         5 308  0.94    M    338.8          M       78
================================================================================
AV 89.4 59.9                              10.9 FASTST   M    M   3    MAX(MPH)
                                 MISC ---->  # 35  10               # 44  360
================================================================================
NOTES:
# LAST OF SEVERAL OCCURRENCES

COLUMN 17 PEAK WIND IN M.P.H.

PRELIMINARY LOCAL CLIMATOLOGICAL DATA (WS FORM: F-6) , PAGE 2

                                          STATION:  BURLINGTON CO
                                          MONTH:    JULY
                                          YEAR:     2013
                                          LATITUDE:   39 15 N
                                          LONGITUDE: 102 17 W

[TEMPERATURE DATA]      [PRECIPITATION DATA]       SYMBOLS USED IN COLUMN 16

AVERAGE MONTHLY: 74.6   TOTAL FOR MONTH:   0.94    1 = FOG OR MIST
DPTR FM NORMAL:   0.1   DPTR FM NORMAL:   -2.19    2 = FOG REDUCING VISIBILITY
HIGHEST:   102 ON 12    GRTST 24HR  0.36 ON 14-14      TO 1/4 MILE OR LESS
LOWEST:     52 ON  2                               3 = THUNDER
                        SNOW, ICE PELLETS, HAIL    4 = ICE PELLETS
                        TOTAL MONTH:    M          5 = HAIL
                        GRTST 24HR    M  ON   M    6 = FREEZING RAIN OR DRIZZLE
                        GRTST DEPTH:  M  ON   M    7 = DUSTSTORM OR SANDSTORM:
                                                       VSBY 1/2 MILE OR LESS
                                                   8 = SMOKE OR HAZE
[NO. OF DAYS WITH]      [WEATHER - DAYS WITH]      9 = BLOWING SNOW
                                                   X = TORNADO
MAX 32 OR BELOW:   0    0.01 INCH OR MORE:  12
MAX 90 OR ABOVE:  15    0.10 INCH OR MORE:   3
MIN 32 OR BELOW:   0    0.50 INCH OR MORE:   0
MIN  0 OR BELOW:   0    1.00 INCH OR MORE:   0

[HDD (BASE 65) ]
TOTAL THIS MO.     5    CLEAR  (SCALE 0-3)  18
DPTR FM NORMAL     0    PTCLDY (SCALE 4-7)  12
TOTAL FM JUL 1     5    CLOUDY (SCALE 8-10)  1
DPTR FM NORMAL     0

[CDD (BASE 65) ]
TOTAL THIS MO.   308
DPTR FM NORMAL    11    [PRESSURE DATA]
TOTAL FM JAN 1   636    HIGHEST SLP M ON M
DPTR FM NORMAL   159    LOWEST  SLP 29.59 ON  5

[REMARKS]
#FINAL-07-13#
