000
CXUS55 KGLD 010800
CF6ITR
PRELIMINARY LOCAL CLIMATOLOGICAL DATA (WS FORM: F-6)
STATION: BURLINGTON CO
MONTH: MAY
YEAR: 2023
LATITUDE: 39 15 N
LONGITUDE: 102 17 W
TEMPERATURE IN F: :PCPN: SNOW: WIND :SUNSHINE: SKY :PK WND
================================================================================
1 2 3 4 5 6A 6B 7 8 9 10 11 12 13 14 15 16 17 18
12Z AVG MX 2MIN
DY MAX MIN AVG DEP HDD CDD WTR SNW DPTH SPD SPD DIR MIN PSBL S-S WX SPD DR
================================================================================
1 69 32 51 -2 14 0 0.00 M M 11.1 18 130 M M 0 25 110
2 70 35 53 0 12 0 0.00 M M 11.5 22 150 M M 0 28 120
3 80 42 61 7 4 0 0.00 M M 14.2 23 150 M M 0 29 170
4 83 46 65 11 0 0 0.25 M M 8.9 30 160 M M 1 3 41 150
5 81 46 64 10 1 0 0.01 M M 9.6 24 160 M M 1 3 32 140
6 81 41 61 6 4 0 0.00 M M 10.0 25 250 M M 1 12 32 250
7 78 42 60 5 5 0 0.06 M M 9.7 28 30 M M 0 3 37 20
8 79 41 60 4 5 0 0.15 M M 10.8 26 90 M M 2 33 140
9 82 50 66 10 0 1 0.00 M M 15.1 31 130 M M 2 41 140
10 84 54 69 13 0 4 0.71 M M 12.7 37 150 M M 7 13 52 150
11 60 45 53 -4 12 0 1.83 M M 13.9 33 160 M M 10 13 51 180
12 66 42 54 -3 11 0 0.00 M M 18.3 32 320 M M 6 42 320
13 65 50 58 0 7 0 0.00 M M 13.7 25 330 M M 7 33 320
14 64 50 57 -1 8 0 0.06 M M 13.5 21 30 M M 10 12 26 360
15 59 44 52 -6 13 0 0.01 M M 10.1 17 350 M M 8 1 23 340
16 78 44 61 2 4 0 T M M 9.0 32 290 M M 1 13 47 290
17 79 49 64 5 1 0 0.09 M M 9.4 23 130 M M 1 13 31 130
18 71 54 63 3 2 0 0.19 M M 9.1 22 340 M M 8 13 29 340
19 63 44 54 -6 11 0 0.01 M M 8.7 20 40 M M 7 18 25 30
20 71 42 57 -4 8 0 0.00 M M 10.8 20 170 M M 1 18 26 170
21 73 47 60 -1 5 0 0.00 M M 6.1 21 150 M M 2 18 28 150
22 72 51 62 0 3 0 0.00 M M 8.0 15 160 M M 3 1 21 140
23 72 53 63 1 2 0 0.00 M M 9.4 18 180 M M 6 1 25 140
24 72 53 63 1 2 0 0.06 M M 13.9 25 170 M M 8 13 32 170
25 76 55 66 3 0 1 T M M 15.0 28 150 M M 5 1 37 140
26 76 57 67 4 0 2 0.00 M M 21.4 35 150 M M 5 1 45 150
27 77 54 66 2 0 1 0.02 M M 19.9 46 140 M M 3 3 62 140
28 75 52 64 0 1 0 0.63 M M 8.3 25 130 M M 6 13 31 170
29 83 54 69 5 0 4 0.00 M M 10.3 24 120 M M 1 29 120
30 86 55 71 6 0 6 0.23 M M 16.0 30 150 M M 2 3 38 140
31 78 50 64 -1 1 0 0.00 M M 15.0 36 200 M M 1 45 200
================================================================================
SM 2303 1474 136 19 4.31 M 373.4 M 115
================================================================================
AV 74.3 47.5 12.0 FASTST M M 4 MAX(MPH)
MISC ----> 46 140 62 140
================================================================================
NOTES:
# LAST OF SEVERAL OCCURRENCES
COLUMN 17 PEAK WIND IN M.P.H.
PRELIMINARY LOCAL CLIMATOLOGICAL DATA (WS FORM: F-6) , PAGE 2
STATION: BURLINGTON CO
MONTH: MAY
YEAR: 2023
LATITUDE: 39 15 N
LONGITUDE: 102 17 W
[TEMPERATURE DATA] [PRECIPITATION DATA] SYMBOLS USED IN COLUMN 16
AVERAGE MONTHLY: 60.9 TOTAL FOR MONTH: 4.31 1 = FOG OR MIST
DPTR FM NORMAL: 2.0 DPTR FM NORMAL: 1.76 2 = FOG REDUCING VISIBILITY
HIGHEST: 86 ON 30 GRTST 24HR 1.83 ON 11-11 TO 1/4 MILE OR LESS
LOWEST: 32 ON 1 3 = THUNDER
SNOW, ICE PELLETS, HAIL 4 = ICE PELLETS
TOTAL MONTH: M 5 = HAIL
GRTST 24HR M ON M 6 = FREEZING RAIN OR DRIZZLE
GRTST DEPTH: M ON M 7 = DUSTSTORM OR SANDSTORM:
VSBY 1/2 MILE OR LESS
8 = SMOKE OR HAZE
[NO. OF DAYS WITH] [WEATHER - DAYS WITH] 9 = BLOWING SNOW
X = TORNADO
MAX 32 OR BELOW: 0 0.01 INCH OR MORE: 15
MAX 90 OR ABOVE: 0 0.10 INCH OR MORE: 7
MIN 32 OR BELOW: 1 0.50 INCH OR MORE: 3
MIN 0 OR BELOW: 0 1.00 INCH OR MORE: 1
[HDD (BASE 65) ]
TOTAL THIS MO. 136 CLEAR (SCALE 0-3) 18
DPTR FM NORMAL -89 PTCLDY (SCALE 4-7) 9
TOTAL FM JUL 1 6096 CLOUDY (SCALE 8-10) 4
DPTR FM NORMAL 271
[CDD (BASE 65) ]
TOTAL THIS MO. 19
DPTR FM NORMAL -18 [PRESSURE DATA]
TOTAL FM JAN 1 28 HIGHEST SLP M ON M
DPTR FM NORMAL -11 LOWEST SLP 29.58 ON 4
[REMARKS]
#FINAL-05-23#