000
CXUS55 KGLD 012117
CF6ITR
PRELIMINARY LOCAL CLIMATOLOGICAL DATA (WS FORM: F-6)

                                          STATION:   BURLINGTON CO
                                          MONTH:     MAY
                                          YEAR:      2013
                                          LATITUDE:   39 15 N
                                          LONGITUDE: 102 17 W

  TEMPERATURE IN F:       :PCPN:    SNOW:  WIND      :SUNSHINE: SKY     :PK WND
================================================================================
1   2   3   4   5  6A  6B    7    8   9   10  11  12  13   14  15   16   17  18
                                     12Z  AVG MX 2MIN
DY MAX MIN AVG DEP HDD CDD  WTR  SNW DPTH SPD SPD DIR MIN PSBL S-S WX    SPD DR
================================================================================

 1  43  28  36 -17  29   0 0.28    M    M 23.2 38  40   M    M  10 16     44  40
 2  48  27  38 -15  27   0    T    M    M 10.3 18 330   M    M   5 1      25 330
 3  61  26  44 -10  21   0 0.00    M    M  9.0 22  20   M    M   0        28  10
 4  60  27  44 -10  21   0 0.00    M    M 11.1 25  30   M    M   0        33 360
 5  62  26  44 -10  21   0 0.00    M    M  7.0 13  90   M    M   0        20  70
 6  75  32  54  -1  11   0 0.00    M    M 17.4 30 170   M    M   0        44 140
 7  76  47  62   7   3   0 0.14    M    M  8.6 26 240   M    M   4 3      36 240
 8  73  46  60   4   5   0 0.46    M    M 10.2 38 270   M    M   6 123    43 270
 9  60  42  51  -5  14   0 0.28    M    M  9.1 25 280   M    M   7 13     33  40
10  65  40  53  -3  12   0 0.52    M    M  8.2 26 330   M    M   3 3      33 330
11  65  44  55  -2  10   0 0.14    M    M  8.8 38 300   M    M   1 3      44 300
12  80  46  63   6   2   0 0.00    M    M 10.4 17 310   M    M   2        30 350
13  88  51  70  12   0   5 0.00    M    M  6.3 16 290   M    M   0        20 290
14  93  55  74  16   0   9 0.00    M    M 10.0 25  80   M    M   0        32 260
15  84  55  70  12   0   5 0.00    M    M 10.8 28 280   M    M   2        32 300
16  86  57  72  13   0   7 0.01    M    M 12.7 29  70   M    M   2 8      36  70
17  87  54  71  12   0   6 0.00    M    M 19.0 33 140   M    M   3        39 140
18  85  53  69   9   0   4    T    M    M 12.9 28  10   M    M   2 123    35  10
19  70  48  59  -1   6   0 0.14    M    M 14.1 30 360   M    M   3 3      38 300
20  68  45  57  -3   8   0    T    M    M 17.4 27 330   M    M   3        39 320
21  71  41  56  -4   9   0 0.00    M    M 17.3 35 320   M    M   0        45 320
22  78  38  58  -3   7   0 0.00    M    M  9.6 25  70   M    M   0        31  80
23  69  46  58  -3   7   0 0.00    M    M 18.1 31 140   M    M   9 1      38 140
24  92  54  73  11   0   8 0.00    M    M 27.6 41 140   M    M   5 18     52 140
25  92  63  78  16   0  13 0.00    M    M 17.5 38 210   M    M   0 8      47 210
26  90  63  77  15   0  12 0.00    M    M 13.9 36 180   M    M   0        43 190
27  83  49  66   3   0   1 0.06    M    M 11.8 26  30   M    M   1 13     32  30
28  86  50  68   5   0   3 0.01    M    M 16.0 44 170   M    M   2 38     53 160
29  80  50  65   2   0   0 0.16    M    M 13.4 48 290   M    M   1 38     60 280
30  77  47  62  -2   3   0 0.00    M    M 11.3 36 250   M    M   2        44 250
31  79  47  63  -1   2   0 0.00    M    M 15.3 37 270   M    M   0        45 300
================================================================================
SM 2326 1397       218  73  2.20    M    408.3          M       73
================================================================================
AV 75.0 45.1                              13.2 FASTST   M    M   2    MAX(MPH)
                                 MISC ---->  # 48 290               # 60  280
================================================================================
NOTES:
# LAST OF SEVERAL OCCURRENCES

COLUMN 17 PEAK WIND IN M.P.H.

PRELIMINARY LOCAL CLIMATOLOGICAL DATA (WS FORM: F-6) , PAGE 2

                                          STATION:  BURLINGTON CO
                                          MONTH:    MAY
                                          YEAR:     2013
                                          LATITUDE:   39 15 N
                                          LONGITUDE: 102 17 W

[TEMPERATURE DATA]      [PRECIPITATION DATA]       SYMBOLS USED IN COLUMN 16

AVERAGE MONTHLY: 60.0   TOTAL FOR MONTH:   2.20    1 = FOG OR MIST
DPTR FM NORMAL:   1.4   DPTR FM NORMAL:   -0.38    2 = FOG REDUCING VISIBILITY
HIGHEST:    93 ON 14    GRTST 24HR  0.72 ON  9-10      TO 1/4 MILE OR LESS
LOWEST:     26 ON  5, 3                            3 = THUNDER
                        SNOW, ICE PELLETS, HAIL    4 = ICE PELLETS
                        TOTAL MONTH:    M          5 = HAIL
                        GRTST 24HR    M  ON   M    6 = FREEZING RAIN OR DRIZZLE
                        GRTST DEPTH:  M  ON   M    7 = DUSTSTORM OR SANDSTORM:
                                                       VSBY 1/2 MILE OR LESS
                                                   8 = SMOKE OR HAZE
[NO. OF DAYS WITH]      [WEATHER - DAYS WITH]      9 = BLOWING SNOW
                                                   X = TORNADO
MAX 32 OR BELOW:   0    0.01 INCH OR MORE:  11
MAX 90 OR ABOVE:   4    0.10 INCH OR MORE:   8
MIN 32 OR BELOW:   6    0.50 INCH OR MORE:   1
MIN  0 OR BELOW:   0    1.00 INCH OR MORE:   0

[HDD (BASE 65) ]
TOTAL THIS MO.   218    CLEAR  (SCALE 0-3)  23
DPTR FM NORMAL    -9    PTCLDY (SCALE 4-7)   6
TOTAL FM JUL 1  6043    CLOUDY (SCALE 8-10)  2
DPTR FM NORMAL   -28

[CDD (BASE 65) ]
TOTAL THIS MO.    73
DPTR FM NORMAL    45    [PRESSURE DATA]
TOTAL FM JAN 1    73    HIGHEST SLP 30.74 ON  2
DPTR FM NORMAL    44    LOWEST  SLP 29.30 ON 29

[REMARKS]
#FINAL-05-13#
