000
CXUS55 KGLD 010800
CF6ITR
PRELIMINARY LOCAL CLIMATOLOGICAL DATA (WS FORM: F-6)

                                          STATION:   BURLINGTON CO
                                          MONTH:     JUNE
                                          YEAR:      2013
                                          LATITUDE:   39 15 N
                                          LONGITUDE: 102 17 W

  TEMPERATURE IN F:       :PCPN:    SNOW:  WIND      :SUNSHINE: SKY     :PK WND
================================================================================
1   2   3   4   5  6A  6B    7    8   9   10  11  12  13   14  15   16   17  18
                                     12Z  AVG MX 2MIN
DY MAX MIN AVG DEP HDD CDD  WTR  SNW DPTH SPD SPD DIR MIN PSBL S-S WX    SPD DR
================================================================================

 1  69  42  56  -8   9   0 0.00    M    M 17.5 38 330   M    M   3        46 330
 2  84  41  63  -1   2   0 0.00    M    M 17.8 30 150   M    M   1        38 140
 3  97  53  75  10   0  10 0.00    M    M 12.7 28 300   M    M   0        33 300
 4  77  55  66   1   0   1 0.24    M    M 13.2 25  50   M    M   4 13     30  40
 5  61  48  55 -10  10   0 0.15    M    M 10.8 23  30   M    M   8 1      29  20
 6  80  46  63  -3   2   0 0.00    M    M  6.9 16  30   M    M   1        23 210
 7  84  47  66   0   0   1 0.01    M    M  8.8 24 200   M    M   1 138    29 200
 8  81  51  66   0   0   1 0.00    M    M 18.3 36  10   M    M   0        45 350
 9  89  49  69   2   0   4 0.00    M    M  9.7 20 320   M    M   0        23 230
10 103  53  78  11   0  13 0.00    M    M  9.9 16 170   M    M   1 8      28 170
11 107  66  87  20   0  22 0.00    M    M 14.6 31 230   M    M   0        37 230
12  94  59  77   9   0  12 0.00    M    M 11.0 26  80   M    M   0        32  80
13  97  56  77   9   0  12 0.12    M    M 15.8 41 230   M    M   1 38     58 260
14  93  62  78  10   0  13    T    M    M 12.9 45 170   M    M   1 8      56 170
15  90  53  72   4   0   7 0.13    M    M  8.8 47 280   M    M   0 38     58 280
16  91  53  72   3   0   7 0.00    M    M 13.8 43 300   M    M   1 38     52 300
17  84  50  67  -2   0   2 0.72    M    M  8.8 36 250   M    M   2 123    45 250
18  85  55  70   1   0   5 0.55    M    M 14.0 46 250   M    M   1 13     61 250
19  84  58  71   1   0   6 0.00    M    M 23.2 37 200   M    M   1        45 170
20  94  63  79   9   0  14 0.00    M    M 15.0 31 180   M    M   0        39 190
21  99  66  83  13   0  18 0.00    M    M 18.4 36 170   M    M   1        44 160
22  91  58  75   5   0  10 0.00    M    M 12.8 30  30   M    M   1 8      39 340
23  86  59  73   2   0   8 0.00    M    M 12.7 31  30   M    M   0 38     39  30
24  96  61  79   8   0  14 0.00    M    M 14.9 29 230   M    M   1 8      35 210
25  96  63  80   9   0  15 0.00    M    M 10.2 20 320   M    M   1        25 320
26 100  58  79   7   0  14 0.00    M    M  8.9 18 140   M    M   0        22 140
27  96  65  81   9   0  16 0.00    M    M 14.8 29  30   M    M   0        35  40
28  98  61  80   8   0  15 0.00    M    M  8.1 26  70   M    M   0 3      32  70
29  92  61  77   5   0  12 0.05    M    M  7.8 20  80   M    M   1 3      25  80
30  80  56  68  -4   0   3 0.02    M    M  5.3 13  80   M    M   4        18 120
================================================================================
SM 2678 1668        23 255  1.99    M    377.4          M       35
================================================================================
AV 89.3 55.6                              12.6 FASTST   M    M   1    MAX(MPH)
                                 MISC ---->  # 47 280               # 61  250
================================================================================
NOTES:
# LAST OF SEVERAL OCCURRENCES

COLUMN 17 PEAK WIND IN M.P.H.

PRELIMINARY LOCAL CLIMATOLOGICAL DATA (WS FORM: F-6) , PAGE 2

                                          STATION:  BURLINGTON CO
                                          MONTH:    JUNE
                                          YEAR:     2013
                                          LATITUDE:   39 15 N
                                          LONGITUDE: 102 17 W

[TEMPERATURE DATA]      [PRECIPITATION DATA]       SYMBOLS USED IN COLUMN 16

AVERAGE MONTHLY: 72.4   TOTAL FOR MONTH:   1.99    1 = FOG OR MIST
DPTR FM NORMAL:   3.9   DPTR FM NORMAL:   -0.89    2 = FOG REDUCING VISIBILITY
HIGHEST:   107 ON 11    GRTST 24HR  0.72 ON 17-17      TO 1/4 MILE OR LESS
LOWEST:     41 ON  2                               3 = THUNDER
                        SNOW, ICE PELLETS, HAIL    4 = ICE PELLETS
                        TOTAL MONTH:    M          5 = HAIL
                        GRTST 24HR    M  ON   M    6 = FREEZING RAIN OR DRIZZLE
                        GRTST DEPTH:  M  ON   M    7 = DUSTSTORM OR SANDSTORM:
                                                       VSBY 1/2 MILE OR LESS
                                                   8 = SMOKE OR HAZE
[NO. OF DAYS WITH]      [WEATHER - DAYS WITH]      9 = BLOWING SNOW
                                                   X = TORNADO
MAX 32 OR BELOW:   0    0.01 INCH OR MORE:   9
MAX 90 OR ABOVE:  17    0.10 INCH OR MORE:   6
MIN 32 OR BELOW:   0    0.50 INCH OR MORE:   2
MIN  0 OR BELOW:   0    1.00 INCH OR MORE:   0

[HDD (BASE 65) ]
TOTAL THIS MO.    23    CLEAR  (SCALE 0-3)  27
DPTR FM NORMAL   -23    PTCLDY (SCALE 4-7)   2
TOTAL FM JUL 1  6066    CLOUDY (SCALE 8-10)  1
DPTR FM NORMAL   -51

[CDD (BASE 65) ]
TOTAL THIS MO.   255
DPTR FM NORMAL   104    [PRESSURE DATA]
TOTAL FM JAN 1   328    HIGHEST SLP M ON M
DPTR FM NORMAL   148    LOWEST  SLP 29.46 ON 11

[REMARKS]
#FINAL-06-13#
