000
CXUS55 KGLD 010800
CF6ITR
PRELIMINARY LOCAL CLIMATOLOGICAL DATA (WS FORM: F-6)

                                          STATION:   BURLINGTON CO
                                          MONTH:     JANUARY
                                          YEAR:      2013
                                          LATITUDE:   39 15 N
                                          LONGITUDE: 102 17 W

  TEMPERATURE IN F:       :PCPN:    SNOW:  WIND      :SUNSHINE: SKY     :PK WND
================================================================================
1   2   3   4   5  6A  6B    7    8   9   10  11  12  13   14  15   16   17  18
                                     12Z  AVG MX 2MIN
DY MAX MIN AVG DEP HDD CDD  WTR  SNW DPTH SPD SPD DIR MIN PSBL S-S WX    SPD DR
================================================================================

 1  27   3  15 -14  50   0    T    M    M  9.1 16 320   M    M   2 1      18 310
 2  32  10  21  -8  44   0    T    M    M 15.0 26 330   M    M   4 1      35 320
 3  33   3  18 -11  47   0    T    M    M  8.3 16 320   M    M   1 1      20 290
 4  43   8  26  -3  39   0 0.00    M    M  8.3 13 260   M    M   0        15 240
 5  41  12  27  -2  38   0 0.00    M    M 12.6 23 320   M    M   0        26 340
 6  49  15  32   3  33   0 0.00    M    M 12.9 24 190   M    M   0        30 190
 7  51  19  35   6  30   0 0.00    M    M  6.5 15 250   M    M   0 8      18 260
 8  50  15  33   4  32   0 0.00    M    M   M   M   M   M    M   0         M  M
 9  54  17  36   7  29   0 0.00    M    M 14.5 24 190   M    M   0        30 200
10  52  30  41  12  24   0 0.00    M    M 13.7 24 180   M    M   3 1      29 180
11  53  13  33   4  32   0    T    M    M 19.2 46 230   M    M   5 18     56 220
12  21   1  11 -18  54   0 0.00    M    M 10.4 20 340   M    M   1        25 330
13  22  -3  10 -19  55   0 0.00    M    M  6.6 13 310   M    M   4        15 310
14  25  -4  11 -19  54   0    T    M    M  8.9 21 190   M    M  10 18     25 170
15  31   0  16 -14  49   0    T    M    M  9.0 18 310   M    M   7 1      23 300
16  53  25  39   9  26   0 0.00    M    M 15.2 25 330   M    M   4        31 350
17  53  19  36   6  29   0 0.00    M    M   M  17 200   M    M   0         M  M
18  63  23  43  13  22   0 0.00    M    M 12.9 26 310   M    M   0        36 310
19  57  24  41  11  24   0 0.00    M    M  9.1 20 330   M    M   0        25 320
20  50   9  30   0  35   0 0.00    M    M 12.7 33 360   M    M   0        43 360
21  56   9  33   3  32   0 0.00    M    M  9.4 22 230   M    M   0        25 230
22  59  18  39   9  26   0 0.00    M    M  8.0 17  10   M    M   0        22  10
23  64  21  43  13  22   0 0.00    M    M  9.9 16 250   M    M   0        20 240
24  53  18  36   6  29   0 0.00    M    M 11.5 20 210   M    M   3 1      23 200
25  55  18  37   7  28   0 0.00    M    M  9.9 18 170   M    M   0        21 190
26  61  20  41  11  24   0 0.02    M    M  6.5 14 140   M    M   3 1      16 140
27  56  24  40  10  25   0 0.00    M    M  8.7 16 320   M    M   0 1      20 320
28  67  28  48  18  17   0 0.00    M    M 16.5 31 240   M    M   3 1      39 240
29  31  18  25  -5  40   0    T    M    M 15.1 24 350   M    M   7 18      M  M
30  37   5  21  -9  44   0 0.00    M    M 13.5 31 320   M    M   5        39 310
31  39  16  28  -2  37   0    T    M    M 10.5 21 360   M    M   4        28 350
================================================================================
SM 1438  434      1070   0  0.02    M    324.4          M       66
================================================================================
AV 46.4 14.0                              11.2 FASTST   M    M   2    MAX(MPH)
                                 MISC ---->  # 46 230               # 56  220
================================================================================
NOTES:
# LAST OF SEVERAL OCCURRENCES

COLUMN 17 PEAK WIND IN M.P.H.

PRELIMINARY LOCAL CLIMATOLOGICAL DATA (WS FORM: F-6) , PAGE 2

                                          STATION:  BURLINGTON CO
                                          MONTH:    JANUARY
                                          YEAR:     2013
                                          LATITUDE:   39 15 N
                                          LONGITUDE: 102 17 W

[TEMPERATURE DATA]      [PRECIPITATION DATA]       SYMBOLS USED IN COLUMN 16

AVERAGE MONTHLY: 30.2   TOTAL FOR MONTH:   0.02    1 = FOG OR MIST
DPTR FM NORMAL:   0.8   DPTR FM NORMAL:   -0.36    2 = FOG REDUCING VISIBILITY
HIGHEST:    67 ON 28    GRTST 24HR  0.02 ON 26-26      TO 1/4 MILE OR LESS
LOWEST:     -4 ON 14                               3 = THUNDER
                        SNOW, ICE PELLETS, HAIL    4 = ICE PELLETS
                        TOTAL MONTH:    M          5 = HAIL
                        GRTST 24HR    M  ON   M    6 = FREEZING RAIN OR DRIZZLE
                        GRTST DEPTH:  M  ON   M    7 = DUSTSTORM OR SANDSTORM:
                                                       VSBY 1/2 MILE OR LESS
                                                   8 = SMOKE OR HAZE
[NO. OF DAYS WITH]      [WEATHER - DAYS WITH]      9 = BLOWING SNOW
                                                   X = TORNADO
MAX 32 OR BELOW:   7    0.01 INCH OR MORE:   1
MAX 90 OR ABOVE:   0    0.10 INCH OR MORE:   0
MIN 32 OR BELOW:  31    0.50 INCH OR MORE:   0
MIN  0 OR BELOW:   3    1.00 INCH OR MORE:   0

[HDD (BASE 65) ]
TOTAL THIS MO.  1070    CLEAR  (SCALE 0-3)  22
DPTR FM NORMAL   -29    PTCLDY (SCALE 4-7)   8
TOTAL FM JUL 1  3367    CLOUDY (SCALE 8-10)  1
DPTR FM NORMAL  -244

[CDD (BASE 65) ]
TOTAL THIS MO.     0
DPTR FM NORMAL     0    [PRESSURE DATA]
TOTAL FM JAN 1     0    HIGHEST SLP M ON M
DPTR FM NORMAL     0    LOWEST  SLP 29.25 ON 11

[REMARKS]
#FINAL-01-13#
