000
CXUS55 KGLD 022044
CF6ITR
PRELIMINARY LOCAL CLIMATOLOGICAL DATA (WS FORM: F-6)

                                          STATION:   BURLINGTON CO
                                          MONTH:     APRIL
                                          YEAR:      2013
                                          LATITUDE:   39 15 N
                                          LONGITUDE: 102 17 W

  TEMPERATURE IN F:       :PCPN:    SNOW:  WIND      :SUNSHINE: SKY     :PK WND
================================================================================
1   2   3   4   5  6A  6B    7    8   9   10  11  12  13   14  15   16   17  18
                                     12Z  AVG MX 2MIN
DY MAX MIN AVG DEP HDD CDD  WTR  SNW DPTH SPD SPD DIR MIN PSBL S-S WX    SPD DR
================================================================================

 1  46  27  37  -7  28   0 0.00    M    M 11.6 24  40   M    M   5 1      29  40
 2  38  30  34 -10  31   0    T    M    M 11.8 20 160   M    M  10 18     23 170
 3  47  30  39  -6  26   0 0.00    M    M 11.8 24 190   M    M   6        29 160
 4  70  27  49   4  16   0 0.00    M    M 10.1 22 180   M    M   0        26 180
 5  76  45  61  16   4   0 0.00    M    M 14.8 35 310   M    M   1        45 320
 6  68  42  55  10  10   0 0.00    M    M 13.8 30 210   M    M   1        36 210
 7  70  40  55   9  10   0 0.00    M    M  8.9 26 290   M    M   2        35 300
 8  75  34  55   9  10   0 0.00    M    M 18.1 40 120   M    M   1 3      46 110
 9  36  11  24 -22  41   0 0.05    M    M 18.0 33 360   M    M  10 168     M  M
10  25  11  18 -28  47   0    T    M    M 20.0 31 350   M    M   7        38 340
11  52  15  34 -12  31   0 0.00    M    M 14.2 36 320   M    M   3        44 330
12  59  25  42  -5  23   0 0.05    M    M  9.3 31 360   M    M   6 123    39 350
13  74  30  52   5  13   0 0.00    M    M 15.5 35 210   M    M   4 12     40 220
14  56  33  45  -2  20   0 0.00    M    M 17.3 41 330   M    M   4        52 330
15  54  29  42  -6  23   0 0.00    M    M 13.1 29  70   M    M   3        35  70
16  44  30  37 -11  28   0 0.00    M    M 18.1 29 120   M    M  10        37 110
17  33  23  28 -20  37   0 0.11    M    M 17.8 32 360   M    M  10 126    41 360
18  33  19  26 -22  39   0 0.04    M    M 22.4 39 320   M    M   6 1      45 320
19  59  20  40  -9  25   0 0.00    M    M 13.6 25 330   M    M   4        35 320
20  61  26  44  -5  21   0 0.00    M    M  8.4 16  90   M    M   1        22 110
21  67  33  50   1  15   0 0.00    M    M  8.6 23  50   M    M   4        30  10
22  61  23  42  -8  23   0 0.35    M    M 18.4 37  20   M    M   7 128    45  20
23  29  15  22 -28  43   0 0.15    M    M 12.1 15 270   M    M   7 18     18 340
24  54  16  35 -15  30   0 0.00    M    M 10.2 18 280   M    M   0        23 280
25  69  32  51   0  14   0 0.06    M    M 17.6 38 190   M    M   0        48 210
26  74  37  56   5   9   0 0.00    M    M 11.6 28  40   M    M   0        35  40
27  78  36  57   5   8   0 0.00    M    M 10.0 21 310   M    M   1        33 230
28  85  42  64  12   1   0 0.00    M    M 11.5 23 290   M    M   0        36 290
29  83  45  64  12   1   0 0.00    M    M 11.0 21 240   M    M   0        28 220
30  69  43  56   3   9   0 0.00    M    M 20.2 39  40   M    M   1        45  20
================================================================================
SM 1745  869       636   0  0.81    M    419.8          M      114
================================================================================
AV 58.2 29.0                              14.0 FASTST   M    M   4    MAX(MPH)
                                 MISC ---->  # 41 330               # 52  330
================================================================================
NOTES:
# LAST OF SEVERAL OCCURRENCES

COLUMN 17 PEAK WIND IN M.P.H.

PRELIMINARY LOCAL CLIMATOLOGICAL DATA (WS FORM: F-6) , PAGE 2

                                          STATION:  BURLINGTON CO
                                          MONTH:    APRIL
                                          YEAR:     2013
                                          LATITUDE:   39 15 N
                                          LONGITUDE: 102 17 W

[TEMPERATURE DATA]      [PRECIPITATION DATA]       SYMBOLS USED IN COLUMN 16

AVERAGE MONTHLY: 43.6   TOTAL FOR MONTH:   0.81    1 = FOG OR MIST
DPTR FM NORMAL:  -4.3   DPTR FM NORMAL:   -0.65    2 = FOG REDUCING VISIBILITY
HIGHEST:    85 ON 28    GRTST 24HR  0.35 ON 22-22      TO 1/4 MILE OR LESS
LOWEST:     11 ON 10, 9                            3 = THUNDER
                        SNOW, ICE PELLETS, HAIL    4 = ICE PELLETS
                        TOTAL MONTH:    M          5 = HAIL
                        GRTST 24HR    M  ON   M    6 = FREEZING RAIN OR DRIZZLE
                        GRTST DEPTH:  M  ON   M    7 = DUSTSTORM OR SANDSTORM:
                                                       VSBY 1/2 MILE OR LESS
                                                   8 = SMOKE OR HAZE
[NO. OF DAYS WITH]      [WEATHER - DAYS WITH]      9 = BLOWING SNOW
                                                   X = TORNADO
MAX 32 OR BELOW:   2    0.01 INCH OR MORE:   7
MAX 90 OR ABOVE:   0    0.10 INCH OR MORE:   3
MIN 32 OR BELOW:  19    0.50 INCH OR MORE:   0
MIN  0 OR BELOW:   0    1.00 INCH OR MORE:   0

[HDD (BASE 65) ]
TOTAL THIS MO.   636    CLEAR  (SCALE 0-3)  15
DPTR FM NORMAL   123    PTCLDY (SCALE 4-7)  11
TOTAL FM JUL 1  5825    CLOUDY (SCALE 8-10)  4
DPTR FM NORMAL   -19

[CDD (BASE 65) ]
TOTAL THIS MO.     0
DPTR FM NORMAL    -1    [PRESSURE DATA]
TOTAL FM JAN 1     0    HIGHEST SLP 30.35 ON 23
DPTR FM NORMAL    -1    LOWEST  SLP 29.22 ON 14

[REMARKS]
#FINAL-04-13#
