000
CXUS55 KGLD 310800
CF6ITR
PRELIMINARY LOCAL CLIMATOLOGICAL DATA (WS FORM: F-6)

                                          STATION:   BURLINGTON CO
                                          MONTH:     DECEMBER
                                          YEAR:      2012
                                          LATITUDE:   39 15 N
                                          LONGITUDE: 102 17 W

  TEMPERATURE IN F:       :PCPN:    SNOW:  WIND      :SUNSHINE: SKY     :PK WND
================================================================================
1   2   3   4   5  6A  6B    7    8   9   10  11  12  13   14  15   16   17  18
                                     12Z  AVG MX 2MIN
DY MAX MIN AVG DEP HDD CDD  WTR  SNW DPTH SPD SPD DIR MIN PSBL S-S WX    SPD DR
================================================================================

 1  67  37  52  20  13   0 0.00    M    M  9.0 16 330   M    M   0        20 320
 2  66  34  50  19  15   0 0.00    M    M 17.9 33 180   M    M   0        40 180
 3  55  23  39   8  26   0 0.00    M    M 13.2 36 360   M    M   0 8      45 350
 4  57  20  39   9  26   0 0.00    M    M 10.4 18 200   M    M   0        22 200
 5  66  30  48  18  17   0 0.00    M    M 10.6 18 200   M    M   0        22 340
 6  50  27  39   9  26   0 0.00    M    M 11.2 26  40   M    M   4        32  30
 7  49  18  34   4  31   0 0.00    M    M  9.2 23  20   M    M   2        28  20
 8  50  18  34   4  31   0    T    M    M 15.0 32 200   M    M   4        40 350
 9  32  -2  15 -14  50   0 0.00    M    M 18.1 32 340   M    M   4        40 340
10  42   1  22  -7  43   0 0.00    M    M 11.0 21 240   M    M   3 8      26 320
11  41  12  27  -2  38   0 0.00    M    M 11.7 21 220   M    M   1        26 230
12  61  19  40  11  25   0 0.00    M    M 12.2 22 200   M    M   0        26 210
13  57  19  38   9  27   0 0.00    M    M  8.0 17 140   M    M   0        21 140
14  47  17  32   4  33   0 0.07    M    M  8.9 25 160   M    M   5 12     30 160
15  49  26  38  10  27   0 0.00    M    M  9.1 22 300   M    M   4        28 310
16  43  18  31   3  34   0    T    M    M  7.0 20 290   M    M   5 12     29 300
17  56  16  36   8  29   0 0.00    M    M 11.2 22 230   M    M   0        26 240
18  50  19  35   7  30   0 0.00    M    M  8.8 21 320   M    M   0        25 320
19  30  11  21  -7  44   0 0.53    M    M 20.2 40 360   M    M   5 1289   53 360
20  39   3  21  -7  44   0 0.00    M    M 11.5 22 310   M    M   0        25 300
21  50  16  33   5  32   0 0.00    M    M  9.5 14 220   M    M   0        15 220
22  52  18  35   7  30   0 0.00    M    M  6.9 14 330   M    M   0        16 330
23  46  14  30   2  35   0 0.00    M    M  7.9 15 230   M    M   0        16 280
24  30   9  20  -8  45   0    T    M    M 14.4 22 120   M    M   4 1      26 120
25  13  -4   5 -23  60   0 0.14    M    M 11.5 21  30   M    M   7 18     24  30
26  20  -4   8 -20  57   0    T    M    M 16.1 28 150   M    M   6 18     31 150
27  20   6  13 -15  52   0 0.00    M    M  9.1 20 340   M    M   6 18     23 330
28  30  -2  14 -14  51   0 0.00    M    M 11.4 25 320   M    M   0        30 320
29  37   4  21  -7  44   0 0.00    M    M 13.9 26 190   M    M   0        33 190
30  36  14  25  -3  40   0 0.00    M    M  9.6 25 190   M    M   0        31 190
================================================================================
SM 1341  437      1055   0  0.74    M    344.5          M       60
================================================================================
AV 44.7 14.6                              11.5 FASTST   M    M   2    MAX(MPH)
                                 MISC ---->  # 40 360               # 53  360
================================================================================
NOTES:
# LAST OF SEVERAL OCCURRENCES

COLUMN 17 PEAK WIND IN M.P.H.

PRELIMINARY LOCAL CLIMATOLOGICAL DATA (WS FORM: F-6) , PAGE 2

                                          STATION:  BURLINGTON CO
                                          MONTH:    DECEMBER
                                          YEAR:     2012
                                          LATITUDE:   39 15 N
                                          LONGITUDE: 102 17 W

[TEMPERATURE DATA]      [PRECIPITATION DATA]       SYMBOLS USED IN COLUMN 16

AVERAGE MONTHLY: 29.6   TOTAL FOR MONTH:   0.74    1 = FOG OR MIST
DPTR FM NORMAL:   0.8   DPTR FM NORMAL:    0.32    2 = FOG REDUCING VISIBILITY
HIGHEST:    67 ON  1    GRTST 24HR  0.53 ON 19-19      TO 1/4 MILE OR LESS
LOWEST:     -4 ON 26,25                            3 = THUNDER
                        SNOW, ICE PELLETS, HAIL    4 = ICE PELLETS
                        TOTAL MONTH:    M          5 = HAIL
                        GRTST 24HR    M  ON   M    6 = FREEZING RAIN OR DRIZZLE
                        GRTST DEPTH:  M  ON   M    7 = DUSTSTORM OR SANDSTORM:
                                                       VSBY 1/2 MILE OR LESS
                                                   8 = SMOKE OR HAZE
[NO. OF DAYS WITH]      [WEATHER - DAYS WITH]      9 = BLOWING SNOW
                                                   X = TORNADO
MAX 32 OR BELOW:   7    0.01 INCH OR MORE:   3
MAX 90 OR ABOVE:   0    0.10 INCH OR MORE:   2
MIN 32 OR BELOW:  28    0.50 INCH OR MORE:   1
MIN  0 OR BELOW:   4    1.00 INCH OR MORE:   0

[HDD (BASE 65) ]
TOTAL THIS MO.  1055    CLEAR  (SCALE 0-3)  19
DPTR FM NORMAL   -30    PTCLDY (SCALE 4-7)  11
TOTAL FM JUL 1  2249    CLOUDY (SCALE 8-10)  0
DPTR FM NORMAL  -229

[CDD (BASE 65) ]
TOTAL THIS MO.     0
DPTR FM NORMAL     0    [PRESSURE DATA]
TOTAL FM JAN 1  1175    HIGHEST SLP M ON M
DPTR FM NORMAL   386    LOWEST  SLP 29.45 ON 14

[REMARKS]
