000
CXUS55 KGLD 011635
CF6ITR
PRELIMINARY LOCAL CLIMATOLOGICAL DATA (WS FORM: F-6)

                                          STATION:   BURLINGTON CO
                                          MONTH:     NOVEMBER
                                          YEAR:      2012
                                          LATITUDE:   39 15 N
                                          LONGITUDE: 102 17 W

  TEMPERATURE IN F:       :PCPN:    SNOW:  WIND      :SUNSHINE: SKY     :PK WND
================================================================================
1   2   3   4   5  6A  6B    7    8   9   10  11  12  13   14  15   16   17  18
                                     12Z  AVG MX 2MIN
DY MAX MIN AVG DEP HDD CDD  WTR  SNW DPTH SPD SPD DIR MIN PSBL S-S WX    SPD DR
================================================================================

 1  76  36  56  11   9   0 0.00    M    M 11.9 25 190   M    M   0         M  M
 2  65  29  47   3  18   0 0.00    M    M 12.7 29 360   M    M   0        35 360
 3  64  27  46   2  19   0 0.00    M    M 11.0 20 210   M    M   0        25 210
 4  70  34  52   9  13   0 0.00    M    M 10.4 28 330   M    M   1        32 340
 5  63  37  50   7  15   0 0.00    M    M  9.3 17 320   M    M   3        22 320
 6  65  35  50   8  15   0 0.00    M    M  7.6 15  10   M    M   0        21  20
 7  77  36  57  15   8   0 0.00    M    M 10.1 17 200   M    M   0 8      25 310
 8  65  32  49   7  16   0 0.00    M    M 10.4 22  10   M    M   0 8      29  10
 9  71  27  49   8  16   0 0.00    M    M 11.0 21 130   M    M   0        25 140
10  71  25  48   7  17   0 0.00    M    M 22.3 46 220   M    M   4 8      56 240
11  34  16  25 -15  40   0    T    M    M 10.4 23 360   M    M   5        28 360
12  48   9  29 -11  36   0 0.00    M    M  9.0 16 200   M    M   0        21 210
13  52  21  37  -2  28   0 0.00    M    M  9.4 22  10   M    M   1        24  20
14  58  20  39   0  26   0 0.00    M    M  9.5 23 180   M    M   0        28 170
15  54  23  39   1  26   0 0.00    M    M  9.3 18 360   M    M   0        22  10
16  59  26  43   5  22   0 0.00    M    M 16.3 26 190   M    M   0        32 200
17  65  29  47   9  18   0 0.00    M    M 10.7 18  10   M    M   0        23 360
18  67  24  46   9  19   0 0.00    M    M  8.8 15 330   M    M   0        17 270
19  67  27  47  10  18   0 0.00    M    M  6.9 14 200   M    M   0        17 360
20  68  27  48  12  17   0 0.00    M    M 12.4 20 200   M    M   0        24 160
21  74  30  52  16  13   0 0.00    M    M 10.3 20 300   M    M   0        28 320
22  57  22  40   5  25   0 0.00    M    M 14.6 31  10   M    M   0 8      39 360
23  49  16  33  -2  32   0 0.00    M    M  8.9 17 210   M    M   0        22 220
24  75  29  52  18  13   0 0.00    M    M 10.1 18 250   M    M   0        26 250
25  56  19  38   4  27   0 0.00    M    M 10.5 21 160   M    M   0        25 150
26  37  17  27  -6  38   0 0.00    M    M  8.7 16  30   M    M   5        20  30
27  64  19  42   9  23   0 0.00    M    M 11.0 18 210   M    M   0        22 210
28  59  17  38   5  27   0 0.00    M    M 10.0 21 190   M    M   0        33 210
29  68  23  46  14  19   0 0.00    M    M  7.7 14 270   M    M   0        15 350
30  66  22  44  12  21   0 0.00    M    M 11.4 22 160   M    M   0        26 160
================================================================================
SM 1864  754       634   0    T     M    322.6          M       19
================================================================================
AV 62.1 25.1                              10.8 FASTST   M    M   1    MAX(MPH)
                                 MISC ---->  # 46 220               # 56  240
================================================================================
NOTES:
# LAST OF SEVERAL OCCURRENCES

COLUMN 17 PEAK WIND IN M.P.H.

PRELIMINARY LOCAL CLIMATOLOGICAL DATA (WS FORM: F-6) , PAGE 2

                                          STATION:  BURLINGTON CO
                                          MONTH:    NOVEMBER
                                          YEAR:     2012
                                          LATITUDE:   39 15 N
                                          LONGITUDE: 102 17 W

[TEMPERATURE DATA]      [PRECIPITATION DATA]       SYMBOLS USED IN COLUMN 16

AVERAGE MONTHLY: 43.6   TOTAL FOR MONTH:      T    1 = FOG OR MIST
DPTR FM NORMAL:   5.4   DPTR FM NORMAL:   -0.59    2 = FOG REDUCING VISIBILITY
HIGHEST:    77 ON  7    GRTST 24HR    T  ON 11-11      TO 1/4 MILE OR LESS
LOWEST:      9 ON 12                               3 = THUNDER
                        SNOW, ICE PELLETS, HAIL    4 = ICE PELLETS
                        TOTAL MONTH:    M          5 = HAIL
                        GRTST 24HR    M  ON   M    6 = FREEZING RAIN OR DRIZZLE
                        GRTST DEPTH:  M  ON   M    7 = DUSTSTORM OR SANDSTORM:
                                                       VSBY 1/2 MILE OR LESS
                                                   8 = SMOKE OR HAZE
[NO. OF DAYS WITH]      [WEATHER - DAYS WITH]      9 = BLOWING SNOW
                                                   X = TORNADO
MAX 32 OR BELOW:   0    0.01 INCH OR MORE:   0
MAX 90 OR ABOVE:   0    0.10 INCH OR MORE:   0
MIN 32 OR BELOW:  25    0.50 INCH OR MORE:   0
MIN  0 OR BELOW:   0    1.00 INCH OR MORE:   0

[HDD (BASE 65) ]
TOTAL THIS MO.   634    CLEAR  (SCALE 0-3)  27
DPTR FM NORMAL  -170    PTCLDY (SCALE 4-7)   3
TOTAL FM JUL 1  1194    CLOUDY (SCALE 8-10)  0
DPTR FM NORMAL  -199

[CDD (BASE 65) ]
TOTAL THIS MO.     0
DPTR FM NORMAL     0    [PRESSURE DATA]
TOTAL FM JAN 1  1175    HIGHEST SLP M ON M
DPTR FM NORMAL   386    LOWEST  SLP 29.33 ON 10

[REMARKS]
#FINAL-11-12#
