000
CXUS55 KGLD 041317
CF6ITR
PRELIMINARY LOCAL CLIMATOLOGICAL DATA (WS FORM: F-6)

                                          STATION:   BURLINGTON CO
                                          MONTH:     FEBRUARY
                                          YEAR:      2013
                                          LATITUDE:   39 15 N
                                          LONGITUDE: 102 17 W

  TEMPERATURE IN F:       :PCPN:    SNOW:  WIND      :SUNSHINE: SKY     :PK WND
================================================================================
1   2   3   4   5  6A  6B    7    8   9   10  11  12  13   14  15   16   17  18
                                     12Z  AVG MX 2MIN
DY MAX MIN AVG DEP HDD CDD  WTR  SNW DPTH SPD SPD DIR MIN PSBL S-S WX    SPD DR
================================================================================

 1  54  15  35   5  30   0 0.00    M    M  9.2 25 350   M    M   3 1      32 360
 2  55  20  38   8  27   0 0.00    M    M  8.4 18 320   M    M   0        21 310
 3  55  16  36   6  29   0 0.00    M    M 10.1 22 180   M    M   0        26 190
 4  57  22  40  10  25   0 0.00    M    M  9.5 20 220   M    M   0        25 230
 5  56  18  37   7  28   0 0.00    M    M  8.8 16 190   M    M   0        18 190
 6  63  22  43  13  22   0 0.00    M    M 13.8 25  30   M    M   2 8      32  30
 7  52  23  38   8  27   0 0.00    M    M 10.6 20 330   M    M   1        25 350
 8  58  24  41  11  24   0 0.00    M    M 23.5 40 170   M    M   1 8      49 190
 9  58  28  43  13  22   0 0.00    M    M   M   M   M   M    M   3 8       M  M
10  40  14  27  -3  38   0 0.00    M    M 14.6 32 330   M    M   3        38 320
11  35  11  23  -8  42   0 0.00    M    M  6.8 14 180   M    M   5        16 160
12  43   8  26  -5  39   0 0.00    M    M  9.6 25 320   M    M   1        33 320
13  53  13  33   2  32   0 0.00    M    M 11.5 28 310   M    M   0        32 320
14  38  12  25  -6  40   0    T    M    M 11.4 29  10   M    M   5 1      33 360
15  39   9  24  -7  41   0    T    M    M 10.4 24 350   M    M   5        31 320
16  58  20  39   8  26   0 0.00    M    M 13.3 29 320   M    M   1        35 320
17  62  20  41   9  24   0 0.00    M    M 14.7 33 360   M    M   0        49 350
18  44  11  28  -4  37   0    T    M    M 17.8 33 350   M    M   2        43 350
19  45   7  26  -6  39   0 0.00    M    M 17.7 32 160   M    M   0        39 150
20  28  23  26  -6  39   0 0.32    M    M 23.7 32 130   M    M   8 16     38 130
21  25   6  16 -17  49   0 0.07    M    M 13.7 23 130   M    M   9 18     29 130
22  33   4  19 -14  46   0 0.00    M    M  9.7 17 310   M    M   2        20 300
23  39  10  25  -8  40   0 0.00    M    M  9.2 15 140   M    M   1 12     17 150
24  30  26  28  -5  37   0 0.08    M    M 15.4 29  20   M    M  10 12     36  10
25  33  13  23 -11  42   0 0.00    M    M 14.6 24  10   M    M   5 1      78 220
26  36   7  22 -12  43   0 0.00    M    M 10.9 23 350   M    M   3        28 330
27  38  22  30  -4  35   0    T    M    M 18.9 33 330   M    M   3        40 330
28  42  14  28  -7  37   0 0.00    M    M 12.2 25 330   M    M   2        37 320
================================================================================
SM 1269  438       960   0  0.47    M    350.0          M       75
================================================================================
AV 45.3 15.6                              13.0 FASTST   M    M   3    MAX(MPH)
                                 MISC ---->  # 40 170               # 78  220
================================================================================
NOTES:
# LAST OF SEVERAL OCCURRENCES

COLUMN 17 PEAK WIND IN M.P.H.

PRELIMINARY LOCAL CLIMATOLOGICAL DATA (WS FORM: F-6) , PAGE 2

                                          STATION:  BURLINGTON CO
                                          MONTH:    FEBRUARY
                                          YEAR:     2013
                                          LATITUDE:   39 15 N
                                          LONGITUDE: 102 17 W

[TEMPERATURE DATA]      [PRECIPITATION DATA]       SYMBOLS USED IN COLUMN 16

AVERAGE MONTHLY: 30.5   TOTAL FOR MONTH:   0.47    1 = FOG OR MIST
DPTR FM NORMAL:  -1.1   DPTR FM NORMAL:    0.05    2 = FOG REDUCING VISIBILITY
HIGHEST:    63 ON  6    GRTST 24HR  0.32 ON 20-20      TO 1/4 MILE OR LESS
LOWEST:      4 ON 22                               3 = THUNDER
                        SNOW, ICE PELLETS, HAIL    4 = ICE PELLETS
                        TOTAL MONTH:    M          5 = HAIL
                        GRTST 24HR    M  ON   M    6 = FREEZING RAIN OR DRIZZLE
                        GRTST DEPTH:  M  ON   M    7 = DUSTSTORM OR SANDSTORM:
                                                       VSBY 1/2 MILE OR LESS
                                                   8 = SMOKE OR HAZE
[NO. OF DAYS WITH]      [WEATHER - DAYS WITH]      9 = BLOWING SNOW
                                                   X = TORNADO
MAX 32 OR BELOW:   3    0.01 INCH OR MORE:   3
MAX 90 OR ABOVE:   0    0.10 INCH OR MORE:   1
MIN 32 OR BELOW:  28    0.50 INCH OR MORE:   0
MIN  0 OR BELOW:   0    1.00 INCH OR MORE:   0

[HDD (BASE 65) ]
TOTAL THIS MO.   960    CLEAR  (SCALE 0-3)  20
DPTR FM NORMAL    24    PTCLDY (SCALE 4-7)   6
TOTAL FM JUL 1  4327    CLOUDY (SCALE 8-10)  2
DPTR FM NORMAL  -220

[CDD (BASE 65) ]
TOTAL THIS MO.     0
DPTR FM NORMAL     0    [PRESSURE DATA]
TOTAL FM JAN 1     0    HIGHEST SLP 30.45 ON 15
DPTR FM NORMAL     0    LOWEST  SLP 29.31 ON  9

[REMARKS]
#FINAL-02-13#
