000
CXUS55 KGLD 010800
CF6ITR
PRELIMINARY LOCAL CLIMATOLOGICAL DATA (WS FORM: F-6)

                                          STATION:   BURLINGTON CO
                                          MONTH:     OCTOBER
                                          YEAR:      2012
                                          LATITUDE:   39 15 N
                                          LONGITUDE: 102 17 W

  TEMPERATURE IN F:       :PCPN:    SNOW:  WIND      :SUNSHINE: SKY     :PK WND
================================================================================
1   2   3   4   5  6A  6B    7    8   9   10  11  12  13   14  15   16   17  18
                                     12Z  AVG MX 2MIN
DY MAX MIN AVG DEP HDD CDD  WTR  SNW DPTH SPD SPD DIR MIN PSBL S-S WX    SPD DR
================================================================================

 1  66  39  53  -4  12   0 0.01    M    M 12.7 26  20   M    M   2        33 360
 2  80  37  59   3   6   0 0.00    M    M 10.8 20 210   M    M   0        24 220
 3  87  42  65   9   0   0 0.00    M    M 11.7 33 360   M    M   0        43 360
 4  55  33  44 -12  21   0 0.00    M    M 10.7 24 350   M    M   0        36 340
 5  39  32  36 -19  29   0    T    M    M 10.4 23 120   M    M   8 1      29 120
 6  37  31  34 -21  31   0 0.11    M    M  9.0 16  70   M    M  10 16     20 120
 7  55  31  43 -11  22   0 0.00    M    M  7.0 16 200   M    M   6 1      21 200
 8  71  34  53  -1  12   0 0.00    M    M 10.3 18 260   M    M   0        22 260
 9  55  30  43 -11  22   0 0.00    M    M 12.2 25  30   M    M   3        31  20
10  66  27  47  -6  18   0 0.00    M    M 13.8 29 190   M    M   0 8      37 200
11  64  34  49  -4  16   0 0.00    M    M 12.3 23  40   M    M   0        26  40
12  64  32  48  -4  17   0 0.00    M    M 12.3 33 180   M    M   4        41 190
13  69  43  56   4   9   0    T    M    M 16.2 33 320   M    M   4 13     39 330
14  71  43  57   5   8   0 0.00    M    M 12.3 24 340   M    M   0        30 340
15  79  39  59   8   6   0 0.00    M    M  7.4 12 270   M    M   0        16 190
16  77  43  60   9   5   0 0.00    M    M 11.2 33 290   M    M   0        47 300
17  61  31  46  -4  19   0 0.00    M    M 18.4 41 320   M    M   1 8      51 320
18  59  32  46  -4  19   0 0.00    M    M 19.6 45 320   M    M   0 8      58 320
19  72  30  51   1  14   0 0.00    M    M  8.7 16 290   M    M   0        22 290
20  82  40  61  12   4   0 0.00    M    M 12.8 22 220   M    M   0        30 200
21  72  41  57   8   8   0 0.00    M    M 12.9 23  20   M    M   0        29  30
22  65  33  49   0  16   0 0.00    M    M 10.5 21 170   M    M   2 128    25 170
23  83  36  60  12   5   0 0.00    M    M 12.7 30 250   M    M   1 1      37 250
24  53  32  43  -5  22   0 0.09    M    M 14.7 31  10   M    M   9 1      37 350
25  43  29  36 -11  29   0    T    M    M 12.1 26  10   M    M   3 1      33 350
26  35  24  30 -17  35   0 0.05    M    M  5.7 17 200   M    M   8 1      22 200
27  50  24  37 -10  28   0 0.00    M    M  8.8 20 190   M    M   2 1      23 180
28  63  28  46   0  19   0 0.00    M    M 12.1 26 200   M    M   4        32 210
29  73  35  54   8  11   0 0.00    M    M  8.7 17 220   M    M   0        22 240
30  72  40  56  10   9   0 0.00    M    M 10.3 22 330   M    M   0        26 320
31  74  37  56  11   9   0 0.00    M    M 10.0 22 340   M    M   0        30 320
================================================================================
SM 1992 1062       481   0  0.26    M    358.3          M       67
================================================================================
AV 64.3 34.3                              11.6 FASTST   M    M   2    MAX(MPH)
                                 MISC ---->  # 45 320               # 58  320
================================================================================
NOTES:
# LAST OF SEVERAL OCCURRENCES

COLUMN 17 PEAK WIND IN M.P.H.

PRELIMINARY LOCAL CLIMATOLOGICAL DATA (WS FORM: F-6) , PAGE 2

                                          STATION:  BURLINGTON CO
                                          MONTH:    OCTOBER
                                          YEAR:     2012
                                          LATITUDE:   39 15 N
                                          LONGITUDE: 102 17 W

[TEMPERATURE DATA]      [PRECIPITATION DATA]       SYMBOLS USED IN COLUMN 16

AVERAGE MONTHLY: 49.3   TOTAL FOR MONTH:   0.26    1 = FOG OR MIST
DPTR FM NORMAL:  -1.6   DPTR FM NORMAL:   -0.89    2 = FOG REDUCING VISIBILITY
HIGHEST:    87 ON  3    GRTST 24HR  0.11 ON  6- 6      TO 1/4 MILE OR LESS
LOWEST:     24 ON 27,26                            3 = THUNDER
                        SNOW, ICE PELLETS, HAIL    4 = ICE PELLETS
                        TOTAL MONTH:    M          5 = HAIL
                        GRTST 24HR    M  ON   M    6 = FREEZING RAIN OR DRIZZLE
                        GRTST DEPTH:  M  ON   M    7 = DUSTSTORM OR SANDSTORM:
                                                       VSBY 1/2 MILE OR LESS
                                                   8 = SMOKE OR HAZE
[NO. OF DAYS WITH]      [WEATHER - DAYS WITH]      9 = BLOWING SNOW
                                                   X = TORNADO
MAX 32 OR BELOW:   0    0.01 INCH OR MORE:   4
MAX 90 OR ABOVE:   0    0.10 INCH OR MORE:   1
MIN 32 OR BELOW:  14    0.50 INCH OR MORE:   0
MIN  0 OR BELOW:   0    1.00 INCH OR MORE:   0

[HDD (BASE 65) ]
TOTAL THIS MO.   481    CLEAR  (SCALE 0-3)  22
DPTR FM NORMAL    38    PTCLDY (SCALE 4-7)   6
TOTAL FM JUL 1   560    CLOUDY (SCALE 8-10)  3
DPTR FM NORMAL   -29

[CDD (BASE 65) ]
TOTAL THIS MO.     0
DPTR FM NORMAL    -6    [PRESSURE DATA]
TOTAL FM JAN 1  1175    HIGHEST SLP M ON M
DPTR FM NORMAL   386    LOWEST  SLP 29.41 ON 16

[REMARKS]
#FINAL-10-12#
