000
CXUS55 KGLD 010800
CF6ITR
PRELIMINARY LOCAL CLIMATOLOGICAL DATA (WS FORM: F-6)

                                          STATION:   BURLINGTON CO
                                          MONTH:     JUNE
                                          YEAR:      2014
                                          LATITUDE:   39 15 N
                                          LONGITUDE: 102 17 W

  TEMPERATURE IN F:       :PCPN:    SNOW:  WIND      :SUNSHINE: SKY     :PK WND
================================================================================
1   2   3   4   5  6A  6B    7    8   9   10  11  12  13   14  15   16   17  18
                                     12Z  AVG MX 2MIN
DY MAX MIN AVG DEP HDD CDD  WTR  SNW DPTH SPD SPD DIR MIN PSBL S-S WX    SPD DR
================================================================================

 1  86  56  71   7   0   6 0.00    M    M 16.6 38 200   M    M   2 3      49 190
 2  83  54  69   5   0   4 0.16    M    M 10.7 20 150   M    M   1 13     26 150
 3  95  61  78  13   0  13 0.00    M    M 18.4 32 180   M    M   0 1      39 180
 4  82  57  70   5   0   5 0.19    M    M 13.5 32 290   M    M   4 13     44 290
 5  79  60  70   5   0   5 0.06    M    M 10.1 43 170   M    M   4 138    51 180
 6  84  50  67   1   0   2 0.24    M    M 14.9 36 270   M    M   4 13     45 310
 7  62  50  56 -10   9   0 0.00    M    M  9.9 24  30   M    M   8 1      30  30
 8  66  50  58  -8   7   0 0.38    M    M 21.0 36 300   M    M  10 123    49 230
 9  61  43  52 -15  13   0 0.62    M    M 18.6 32 330   M    M   6 1      42 350
10  84  41  63  -4   2   0 0.00    M    M 10.5 20 200   M    M   1 12     25 200
11  88  56  72   5   0   7 0.08    M    M 12.8 47 320   M    M   0 38     61 320
12  71  50  61  -7   4   0 0.00    M    M 10.4 16 160   M    M   2        20 350
13  88  52  70   2   0   5 0.00    M    M 25.7 38 180   M    M   0        47 180
14  83  52  68   0   0   3 0.25    M    M 16.2 27  70   M    M   0 38     33  60
15  78  46  62  -6   3   0 0.00    M    M 18.8 64 320   M    M   0 38     78 320
16  93  62  78   9   0  13 0.00    M    M 14.1 25 160   M    M   0        32 160
17  94  50  72   3   0   7 0.00    M    M 12.6 23 220   M    M   0        31 200
18  87  56  72   3   0   7    T    M    M 13.3 40 340   M    M   0 38     50 330
19  85  50  68  -2   0   3 0.00    M    M 10.0 21 120   M    M   0        25 130
20  96  61  79   9   0  14 0.00    M    M 12.8 31 180   M    M   0 8      37 180
21  91  59  75   5   0  10 0.16    M    M 16.3 35 280   M    M   0 38     43 290
22  85  57  71   1   0   6 0.14    M    M  7.1 20  10   M    M   2 3      27  10
23  80  53  67  -4   0   2 0.02    M    M  7.2 22  30   M    M   1 3      29  30
24  79  55  67  -4   0   2 0.00    M    M 10.3 23 110   M    M   4 3      29  90
25  89  56  73   2   0   8 0.01    M    M  9.8 23 150   M    M   1 3      29 150
26  92  60  76   4   0  11 0.01    M    M 18.5 31 120   M    M   2 3      41  40
27  81  57  69  -3   0   4 0.04    M    M  9.7 33 260   M    M   6 123    45 250
28  85  51  68  -4   0   3    T    M    M  7.3 18 130   M    M   3 38     24 130
29  93  64  79   7   0  14    T    M    M 11.5 28 120   M    M   3 138    35 130
30  92  59  76   4   0  11    T    M    M 14.1 24  10   M    M   0 1      33 320
================================================================================
SM 2512 1628        38 165  2.36    M    402.7          M       64
================================================================================
AV 83.7 54.3                              13.4 FASTST   M    M   2    MAX(MPH)
                                 MISC ---->  # 64 320               # 78  320
================================================================================
NOTES:
# LAST OF SEVERAL OCCURRENCES

COLUMN 17 PEAK WIND IN M.P.H.

PRELIMINARY LOCAL CLIMATOLOGICAL DATA (WS FORM: F-6) , PAGE 2

                                          STATION:  BURLINGTON CO
                                          MONTH:    JUNE
                                          YEAR:     2014
                                          LATITUDE:   39 15 N
                                          LONGITUDE: 102 17 W

[TEMPERATURE DATA]      [PRECIPITATION DATA]       SYMBOLS USED IN COLUMN 16

AVERAGE MONTHLY: 69.0   TOTAL FOR MONTH:   2.36    1 = FOG OR MIST
DPTR FM NORMAL:   0.5   DPTR FM NORMAL:   -0.52    2 = FOG REDUCING VISIBILITY
HIGHEST:    96 ON 20    GRTST 24HR  1.00 ON  8- 9      TO 1/4 MILE OR LESS
LOWEST:     41 ON 10                               3 = THUNDER
                        SNOW, ICE PELLETS, HAIL    4 = ICE PELLETS
                        TOTAL MONTH:    M          5 = HAIL
                        GRTST 24HR    M  ON   M    6 = FREEZING RAIN OR DRIZZLE
                        GRTST DEPTH:  M  ON   M    7 = DUSTSTORM OR SANDSTORM:
                                                       VSBY 1/2 MILE OR LESS
                                                   8 = SMOKE OR HAZE
[NO. OF DAYS WITH]      [WEATHER - DAYS WITH]      9 = BLOWING SNOW
                                                   X = TORNADO
MAX 32 OR BELOW:   0    0.01 INCH OR MORE:  14
MAX 90 OR ABOVE:   8    0.10 INCH OR MORE:   8
MIN 32 OR BELOW:   0    0.50 INCH OR MORE:   1
MIN  0 OR BELOW:   0    1.00 INCH OR MORE:   0

[HDD (BASE 65) ]
TOTAL THIS MO.    38    CLEAR  (SCALE 0-3)  22
DPTR FM NORMAL    -8    PTCLDY (SCALE 4-7)   7
TOTAL FM JUL 1  6028    CLOUDY (SCALE 8-10)  1
DPTR FM NORMAL   -89

[CDD (BASE 65) ]
TOTAL THIS MO.   165
DPTR FM NORMAL    14    [PRESSURE DATA]
TOTAL FM JAN 1   204    HIGHEST SLP M ON M
DPTR FM NORMAL    24    LOWEST  SLP 29.41 ON 14

[REMARKS]
#FINAL-06-14#
