000
CXUS55 KGLD 011732
CF6ITR
PRELIMINARY LOCAL CLIMATOLOGICAL DATA (WS FORM: F-6)

                                          STATION:   BURLINGTON CO
                                          MONTH:     MARCH
                                          YEAR:      2014
                                          LATITUDE:   39 15 N
                                          LONGITUDE: 102 17 W

  TEMPERATURE IN F:       :PCPN:    SNOW:  WIND      :SUNSHINE: SKY     :PK WND
================================================================================
1   2   3   4   5  6A  6B    7    8   9   10  11  12  13   14  15   16   17  18
                                     12Z  AVG MX 2MIN
DY MAX MIN AVG DEP HDD CDD  WTR  SNW DPTH SPD SPD DIR MIN PSBL S-S WX    SPD DR
================================================================================

 1  24   0  12 -23  53   0    T    M    M 15.1 22  70   M    M  10 128    26  80
 2  10   0   5 -30  60   0 0.00    M    M  7.6 16 160   M    M   8 18     19 170
 3  56   4  30  -6  35   0 0.00    M    M 15.0 25 220   M    M   0        30 210
 4  64  26  45   9  20   0 0.00    M    M  9.7 23  10   M    M   0        28  20
 5  54  31  43   7  22   0    T    M    M 10.5 23 360   M    M   5 1      28  10
 6  71  27  49  12  16   0 0.00    M    M 12.9 22 230   M    M   0        24 240
 7  50  28  39   2  26   0 0.10    M    M 19.2 31  50   M    M   6 1      38  50
 8  54  27  41   4  24   0 0.00    M    M 10.3 20 360   M    M   6 1      25 330
 9  75  29  52  14  13   0 0.00    M    M 12.9 23 240   M    M   0        28 220
10  73  28  51  13  14   0 0.00    M    M 12.5 29 180   M    M   0        33 180
11  53  24  39   1  26   0    T    M    M 20.7 40  10   M    M   5 18     50 360
12  53  20  37  -2  28   0 0.00    M    M 10.5 18 300   M    M   0        24 290
13  67  20  44   5  21   0 0.00    M    M 12.2 26 200   M    M   0        35 220
14  61  23  42   3  23   0 0.00    M    M 12.0 22 220   M    M   0        27 220
15  58  27  43   3  22   0 0.02    M    M 21.4 38 330   M    M   3 1      51 350
16  54  30  42   2  23   0 0.01    M    M 11.3 23  10   M    M   5        29  10
17  70  38  54  14  11   0 0.00    M    M 19.1 38 330   M    M   0        46 320
18  43  24  34  -6  31   0 0.03    M    M 24.2 45 330   M    M   6 18     58 340
19  55  16  36  -5  29   0 0.00    M    M 10.8 20 240   M    M   0        27 270
20  67  23  45   4  20   0 0.00    M    M  9.5 23 180   M    M   0        28 180
21  51  29  40  -1  25   0 0.00    M    M 15.0 25 360   M    M   1        32 360
22  32  16  24 -18  41   0 0.04    M    M 13.7 22  50   M    M   9 1      26 120
23  52  13  33  -9  32   0 0.00    M    M 14.8 32 200   M    M   4 1      38 200
24  46  22  34  -8  31   0 0.00    M    M 13.2 25 360   M    M   3        32 360
25  56  24  40  -2  25   0 0.00    M    M 14.8 28 180   M    M   3        33 180
26  73  36  55  12  10   0 0.00    M    M 18.7 33 260   M    M   1 8      39 270
27  56  32  44   1  21   0 0.00    M    M 13.2 26 330   M    M   3 8      33 330
28  58  23  41  -2  24   0 0.01    M    M 10.4 30 340   M    M   3 1      40 330
29  70  23  47   4  18   0 0.00    M    M 17.2 35 200   M    M   0        41 210
30  69  38  54  10  11   0 0.00    M    M 12.5 25 270   M    M   0        34 240
31  59  23  41  -3  24   0 0.00    M    M 22.5 46 320   M    M   1 8      62 320
================================================================================
SM 1734  724       779   0  0.21    M    443.4          M       82
================================================================================
AV 55.9 23.4                              14.3 FASTST   M    M   3    MAX(MPH)
                                 MISC ---->  # 46 320               # 62  320
================================================================================
NOTES:
# LAST OF SEVERAL OCCURRENCES

COLUMN 17 PEAK WIND IN M.P.H.

PRELIMINARY LOCAL CLIMATOLOGICAL DATA (WS FORM: F-6) , PAGE 2

                                          STATION:  BURLINGTON CO
                                          MONTH:    MARCH
                                          YEAR:     2014
                                          LATITUDE:   39 15 N
                                          LONGITUDE: 102 17 W

[TEMPERATURE DATA]      [PRECIPITATION DATA]       SYMBOLS USED IN COLUMN 16

AVERAGE MONTHLY: 39.6   TOTAL FOR MONTH:   0.21    1 = FOG OR MIST
DPTR FM NORMAL:  -0.1   DPTR FM NORMAL:   -0.68    2 = FOG REDUCING VISIBILITY
HIGHEST:    75 ON  9    GRTST 24HR  0.10 ON  7- 7      TO 1/4 MILE OR LESS
LOWEST:      0 ON  2, 1                            3 = THUNDER
                        SNOW, ICE PELLETS, HAIL    4 = ICE PELLETS
                        TOTAL MONTH:    M          5 = HAIL
                        GRTST 24HR    M  ON   M    6 = FREEZING RAIN OR DRIZZLE
                        GRTST DEPTH:  M  ON   M    7 = DUSTSTORM OR SANDSTORM:
                                                       VSBY 1/2 MILE OR LESS
                                                   8 = SMOKE OR HAZE
[NO. OF DAYS WITH]      [WEATHER - DAYS WITH]      9 = BLOWING SNOW
                                                   X = TORNADO
MAX 32 OR BELOW:   3    0.01 INCH OR MORE:   6
MAX 90 OR ABOVE:   0    0.10 INCH OR MORE:   1
MIN 32 OR BELOW:  28    0.50 INCH OR MORE:   0
MIN  0 OR BELOW:   2    1.00 INCH OR MORE:   0

[HDD (BASE 65) ]
TOTAL THIS MO.   779    CLEAR  (SCALE 0-3)  18
DPTR FM NORMAL    -5    PTCLDY (SCALE 4-7)  11
TOTAL FM JUL 1  5316    CLOUDY (SCALE 8-10)  2
DPTR FM NORMAL   -15

[CDD (BASE 65) ]
TOTAL THIS MO.     0
DPTR FM NORMAL     0    [PRESSURE DATA]
TOTAL FM JAN 1     0    HIGHEST SLP 30.54 ON 22
DPTR FM NORMAL     0    LOWEST  SLP 29.17 ON 17

[REMARKS]
#FINAL-03-14#
