000
CXUS55 KGLD 011713
CF6ITR
PRELIMINARY LOCAL CLIMATOLOGICAL DATA (WS FORM: F-6)

                                          STATION:   BURLINGTON CO
                                          MONTH:     MARCH
                                          YEAR:      2016
                                          LATITUDE:   39 15 N
                                          LONGITUDE: 102 17 W

  TEMPERATURE IN F:       :PCPN:    SNOW:  WIND      :SUNSHINE: SKY     :PK WND
================================================================================
1   2   3   4   5  6A  6B    7    8   9   10  11  12  13   14  15   16   17  18
                                     12Z  AVG MX 2MIN
DY MAX MIN AVG DEP HDD CDD  WTR  SNW DPTH SPD SPD DIR MIN PSBL S-S WX    SPD DR
================================================================================

 1  55  26  41   6  24   0 0.00    M    M 12.4 22 330   M    M   2        28 330
 2  66  30  48  13  17   0 0.00    M    M 15.3 36 320   M    M   1        45 310
 3  62  24  43   7  22   0 0.00    M    M 11.2 22 190   M    M   0        25 190
 4  67  28  48  12  17   0 0.00    M    M 11.3 26  10   M    M   1        36  20
 5  67  27  47  11  18   0 0.00    M    M 19.5 37 180   M    M   0        46 180
 6  73  36  55  18  10   0 0.00    M    M 10.3 20 180   M    M   0        24 180
 7  69  34  52  15  13   0 0.00    M    M 17.9 40 220   M    M   0        52 240
 8  59  27  43   6  22   0 0.00    M    M 10.4 22 350   M    M   1        28 350
 9  65  23  44   6  21   0 0.06    M    M  8.3 21 270   M    M   4        32 280
10  65  25  45   7  20   0 0.00    M    M  8.9 16 200   M    M   1        21 300
11  71  37  54  16  11   0 0.00    M    M 17.9 30 160   M    M   0        36 160
12  69  34  52  13  13   0 0.00    M    M 20.7 36 170   M    M   2        44 180
13  71  34  53  14  12   0 0.00    M    M 11.4 33 340   M    M   3 1      42 340
14  77  33  55  16  10   0 0.00    M    M 13.8 32 360   M    M   0        43 280
15  54  23  39  -1  26   0 0.00    M    M 20.9 43 320   M    M   4        51 330
16  52  27  40   0  25   0    T    M    M 12.4 28 340   M    M   6        36 320
17  55  28  42   2  23   0 0.03    M    M 10.1 30  30   M    M   5 1      37  30
18  34  21  28 -12  37   0 0.09    M    M 12.1 25  40   M    M   9 18     29  50
19  43  15  29 -12  36   0 0.00    M    M 11.3 25 340   M    M   4        33 320
20  54  13  34  -7  31   0 0.00    M    M 11.6 21 220   M    M   0        26 210
21  78  30  54  13  11   0 0.00    M    M 12.6 22 230   M    M   0        27 220
22  79  40  60  18   5   0 0.00    M    M 13.4 30 240   M    M   0        35 230
23  43  25  34  -8  31   0 0.89    M    M 24.7 47 340   M    M   8 128    66 340
24  49  20  35  -7  30   0 0.00    M    M  9.7 18 320   M    M   1        25 340
25  56  31  44   2  21   0    T    M    M 13.8 28 340   M    M   4        35  20
26  40  19  30 -13  35   0 0.00    M    M 14.3 26 350   M    M   6        36 360
27  58  18  38  -5  27   0 0.00    M    M 10.0 20 240   M    M   0        22 240
28  67  25  46   3  19   0 0.00    M    M 12.5 24 170   M    M   0        31 170
29  78  43  61  18   4   0 0.00    M    M 23.2 46 170   M    M   1        52 170
30  59  31  45   1  20   0    T    M    M 18.7 35 320   M    M   3 18     39 310
31  48  21  35  -9  30   0    T    M    M 17.2 32 330   M    M   2        40 330
================================================================================
SM 1883  848       641   0  1.07    M    437.8          M       68
================================================================================
AV 60.7 27.4                              14.1 FASTST   M    M   2    MAX(MPH)
                                 MISC ---->  # 47 340               # 66  340
================================================================================
NOTES:
# LAST OF SEVERAL OCCURRENCES

COLUMN 17 PEAK WIND IN M.P.H.

PRELIMINARY LOCAL CLIMATOLOGICAL DATA (WS FORM: F-6) , PAGE 2

                                          STATION:  BURLINGTON CO
                                          MONTH:    MARCH
                                          YEAR:     2016
                                          LATITUDE:   39 15 N
                                          LONGITUDE: 102 17 W

[TEMPERATURE DATA]      [PRECIPITATION DATA]       SYMBOLS USED IN COLUMN 16

AVERAGE MONTHLY: 44.0   TOTAL FOR MONTH:   1.07    1 = FOG OR MIST
DPTR FM NORMAL:   4.3   DPTR FM NORMAL:    0.18    2 = FOG REDUCING VISIBILITY
HIGHEST:    79 ON 22    GRTST 24HR  0.89 ON 23-23      TO 1/4 MILE OR LESS
LOWEST:     13 ON 20                               3 = THUNDER
                        SNOW, ICE PELLETS, HAIL    4 = ICE PELLETS
                        TOTAL MONTH:    M          5 = HAIL
                        GRTST 24HR    M  ON   M    6 = FREEZING RAIN OR DRIZZLE
                        GRTST DEPTH:  M  ON   M    7 = DUSTSTORM OR SANDSTORM:
                                                       VSBY 1/2 MILE OR LESS
                                                   8 = SMOKE OR HAZE
[NO. OF DAYS WITH]      [WEATHER - DAYS WITH]      9 = BLOWING SNOW
                                                   X = TORNADO
MAX 32 OR BELOW:   0    0.01 INCH OR MORE:   4
MAX 90 OR ABOVE:   0    0.10 INCH OR MORE:   1
MIN 32 OR BELOW:  23    0.50 INCH OR MORE:   1
MIN  0 OR BELOW:   0    1.00 INCH OR MORE:   0

[HDD (BASE 65) ]
TOTAL THIS MO.   641    CLEAR  (SCALE 0-3)  21
DPTR FM NORMAL  -143    PTCLDY (SCALE 4-7)   9
TOTAL FM JUL 1  4538    CLOUDY (SCALE 8-10)  1
DPTR FM NORMAL  -793

[CDD (BASE 65) ]
TOTAL THIS MO.     0
DPTR FM NORMAL     0    [PRESSURE DATA]
TOTAL FM JAN 1     0    HIGHEST SLP M ON M
DPTR FM NORMAL     0    LOWEST  SLP 29.25 ON 23

[REMARKS]
#FINAL-03-16#
