000
CXUS55 KGLD 031805
CF6ITR
PRELIMINARY LOCAL CLIMATOLOGICAL DATA (WS FORM: F-6)

                                          STATION:   BURLINGTON CO
                                          MONTH:     NOVEMBER
                                          YEAR:      2016
                                          LATITUDE:   39 15 N
                                          LONGITUDE: 102 17 W

  TEMPERATURE IN F:       :PCPN:    SNOW:  WIND      :SUNSHINE: SKY     :PK WND
================================================================================
1   2   3   4   5  6A  6B    7    8   9   10  11  12  13   14  15   16   17  18
                                     12Z  AVG MX 2MIN
DY MAX MIN AVG DEP HDD CDD  WTR  SNW DPTH SPD SPD DIR MIN PSBL S-S WX    SPD DR
================================================================================

 1  67  38  53   8  12   0 0.00    M    M  7.7 13 360   M    M   0        15 130
 2  67  36  52   8  13   0 0.00    M    M  9.9 18 350   M    M   0        22 350
 3  72  35  54  10  11   0 0.00    M    M  8.5 13 270   M    M   0        17 230
 4  70  35  53  10  12   0 0.00    M    M 11.9 18 190   M    M   0        22 190
 5  73  40  57  14   8   0 0.00    M    M 16.3 26 200   M    M   0        31 170
 6  63  47  55  13  10   0 0.00    M    M 14.7 22 180   M    M   5 12     27 170
 7  65  32  49   7  16   0 0.00    M    M 12.1 24  30   M    M   3 1      31  20
 8  63  28  46   4  19   0 0.00    M    M  7.1 14 190   M    M   0        15 190
 9  68  31  50   9  15   0 0.00    M    M 13.1 20 200   M    M   0        24 220
10  73  28  51  10  14   0 0.00    M    M 12.8 21  30   M    M   0        26  40
11  55  28  42   2  23   0 0.00    M    M  8.0 17 280   M    M   0         0  M
12  62  30  46   6  19   0 0.00    M    M 15.3 24 190   M    M   0        30 180
13  71  31  51  12  14   0 0.00    M    M 13.2 30 330   M    M   0        36 320
14  73  32  53  14  12   0 0.00    M    M 11.1 22 320   M    M   0 8      27 250
15  74  40  57  19   8   0 0.00    M    M 11.1 22 200   M    M   0        27 190
16  80  46  63  25   2   0 0.00    M    M 15.6 23 240   M    M   0        28 240
17  46  29  38   0  27   0 0.16    M    M 16.2 33 320   M    M   6 18     43 320
18  34  13  24 -13  41   0    T    M    M 16.5 32 340   M    M   2 8      45 340
19  49  14  32  -5  33   0 0.00    M    M 12.8 28 170   M    M   0        32 170
20  70  26  48  12  17   0 0.00    M    M  9.3 16 200   M    M   0        18 320
21  63  34  49  13  16   0 0.00    M    M 11.6 26 140   M    M   2        32 140
22  45  32  39   4  26   0 0.08    M    M 19.3 32 340   M    M   9 12     43 340
23  53  25  39   4  26   0 0.00    M    M  9.8 20 160   M    M   0        25 160
24  50  22  36   2  29   0 0.00    M    M 16.4 45 320   M    M   0        54 330
25  56  20  38   4  27   0 0.00    M    M 12.7 24 230   M    M   0        28 230
26  61  19  40   7  25   0 0.00    M    M 10.1 16 170   M    M   0        19 320
27  60  34  47  14  18   0 0.02    M    M 17.4 45 230   M    M   4        54 230
28  52  25  39   6  26   0 0.00    M    M 14.2 35 320   M    M   2        43 320
29  39  25  32   0  33   0    T    M    M 21.4 47 330   M    M   6        60 320
30  44  17  31  -1  34   0 0.00    M    M 12.9 31 310   M    M   1        37 330
================================================================================
SM 1818  892       586   0  0.26    M    389.0          M       40
================================================================================
AV 60.6 29.7                              13.0 FASTST   M    M   1    MAX(MPH)
                                 MISC ---->  # 47 330               # 60  320
================================================================================
NOTES:
# LAST OF SEVERAL OCCURRENCES

COLUMN 17 PEAK WIND IN M.P.H.

PRELIMINARY LOCAL CLIMATOLOGICAL DATA (WS FORM: F-6) , PAGE 2

                                          STATION:  BURLINGTON CO
                                          MONTH:    NOVEMBER
                                          YEAR:     2016
                                          LATITUDE:   39 15 N
                                          LONGITUDE: 102 17 W

[TEMPERATURE DATA]      [PRECIPITATION DATA]       SYMBOLS USED IN COLUMN 16

AVERAGE MONTHLY: 45.2   TOTAL FOR MONTH:   0.26    1 = FOG OR MIST
DPTR FM NORMAL:   7.0   DPTR FM NORMAL:   -0.33    2 = FOG REDUCING VISIBILITY
HIGHEST:    80 ON 16    GRTST 24HR  0.16 ON 17-17      TO 1/4 MILE OR LESS
LOWEST:     13 ON 18                               3 = THUNDER
                        SNOW, ICE PELLETS, HAIL    4 = ICE PELLETS
                        TOTAL MONTH:    M          5 = HAIL
                        GRTST 24HR    M  ON   M    6 = FREEZING RAIN OR DRIZZLE
                        GRTST DEPTH:  M  ON   M    7 = DUSTSTORM OR SANDSTORM:
                                                       VSBY 1/2 MILE OR LESS
                                                   8 = SMOKE OR HAZE
[NO. OF DAYS WITH]      [WEATHER - DAYS WITH]      9 = BLOWING SNOW
                                                   X = TORNADO
MAX 32 OR BELOW:   0    0.01 INCH OR MORE:   3
MAX 90 OR ABOVE:   0    0.10 INCH OR MORE:   1
MIN 32 OR BELOW:  20    0.50 INCH OR MORE:   0
MIN  0 OR BELOW:   0    1.00 INCH OR MORE:   0

[HDD (BASE 65) ]
TOTAL THIS MO.   586    CLEAR  (SCALE 0-3)  24
DPTR FM NORMAL  -218    PTCLDY (SCALE 4-7)   5
TOTAL FM JUL 1   848    CLOUDY (SCALE 8-10)  1
DPTR FM NORMAL  -545

[CDD (BASE 65) ]
TOTAL THIS MO.     0
DPTR FM NORMAL     0    [PRESSURE DATA]
TOTAL FM JAN 1  1027    HIGHEST SLP 30.64 ON 18
DPTR FM NORMAL   238    LOWEST  SLP 29.24 ON 28

[REMARKS]
#FINAL-11-16#
