000
CXUS55 KGLD 010800
CF6ITR
PRELIMINARY LOCAL CLIMATOLOGICAL DATA (WS FORM: F-6)

                                          STATION:   BURLINGTON CO
                                          MONTH:     MAY
                                          YEAR:      2017
                                          LATITUDE:   39 15 N
                                          LONGITUDE: 102 17 W

  TEMPERATURE IN F:       :PCPN:    SNOW:  WIND      :SUNSHINE: SKY     :PK WND
================================================================================
1   2   3   4   5  6A  6B    7    8   9   10  11  12  13   14  15   16   17  18
                                     12Z  AVG MX 2MIN
DY MAX MIN AVG DEP HDD CDD  WTR  SNW DPTH SPD SPD DIR MIN PSBL S-S WX    SPD DR
================================================================================

 1  68  30  49  -4  16   0    T    M    M 12.7 26 330   M    M   M        33 320
 2  60  33  47  -6  18   0 0.00    M    M   M  18 150   M    M   M        22 150
 3  58  33  46  -8  19   0 0.11    M    M 12.2 29 350   M    M   4 1      37 350
 4  70  31  51  -3  14   0 0.00    M    M  6.9 14 350   M    M   0        22 310
 5  79  40  60   6   5   0 0.00    M    M  6.3 13 200   M    M   0        15 190
 6  81  45  63   8   2   0 0.00    M    M 14.1 24 160   M    M   0        33 160
 7  86  50  68  13   0   3 0.01    M    M 14.1 29 220   M    M   1 3      36 210
 8  80  53  67  11   0   2 0.18    M    M 10.7 24 270   M    M   3 13     30 290
 9  72  48  60   4   5   0 1.72    M    M  8.0 38 270   M    M   7 13     47 260
10  69  49  59   3   6   0 0.25    M    M 13.5 24  40   M    M   5 13     31  20
11  61  41  51  -6  14   0 0.56    M    M 10.8 22  50   M    M   7 12     27  50
12  68  37  53  -4  12   0 0.00    M    M  9.7 20 150   M    M   0        25 150
13  82  46  64   6   1   0 0.00    M    M 17.4 25 180   M    M   0        32 180
14  81  49  65   7   0   0 0.00    M    M 10.4 25 310   M    M   0        34 290
15  84  57  71  13   0   6 0.07    M    M 17.1 32 180   M    M   1 3      41 180
16  78  50  64   5   1   0 0.01    M    M 13.6 45 320   M    M   1 3      57 320
17  71  48  60   1   5   0 0.13    M    M 15.0 26  60   M    M   4 13     34  70
18  50  45  48 -12  17   0 0.07    M    M 17.1 28  60   M    M  10 123    34  70
19  50  37  44 -16  21   0 0.39    M    M 12.8 21 340   M    M  10 1      26 350
20  57  36  47 -13  18   0 0.00    M    M 14.7 26 330   M    M   6        33 330
21  68  38  53  -7  12   0 0.55    M    M  8.3 28 340   M    M   3 13     35 350
22  71  43  57  -4   8   0 0.26    M    M 12.2 41 320   M    M   5 13     58 320
23  62  37  50 -11  15   0 0.00    M    M 13.5 25 350   M    M   3        35 360
24  76  34  55  -7  10   0 0.00    M    M 11.3 21 170   M    M   0        25 170
25  84  49  67   5   0   2 0.01    M    M 11.6 30  20   M    M   1 3      42  20
26  74  49  62   0   3   0 0.22    M    M 11.7 32 320   M    M   3 13     39 320
27  66  47  57  -6   8   0 0.14    M    M 12.7 28 320   M    M   6 1      35 330
28  74  45  60  -3   5   0 0.00    M    M 10.4 23 320   M    M   1        27 330
29  73  48  61  -2   4   0 0.13    M    M  9.2 40 300   M    M   3 138    51 300
30  80  45  63  -1   2   0 0.00    M    M  7.7 22 190   M    M   1 3      26 200
31  83  48  66   2   0   1 0.15    M    0 11.3 29  60   M    M   2 3      42  60
================================================================================
SM 2216 1341       241  14  4.96    M    357.0          M       87
================================================================================
AV 71.5 43.3                              11.9 FASTST   M    M   3    MAX(MPH)
                                 MISC ---->  # 45 320               # 58  320
================================================================================
NOTES:
# LAST OF SEVERAL OCCURRENCES

COLUMN 17 PEAK WIND IN M.P.H.

PRELIMINARY LOCAL CLIMATOLOGICAL DATA (WS FORM: F-6) , PAGE 2

                                          STATION:  BURLINGTON CO
                                          MONTH:    MAY
                                          YEAR:     2017
                                          LATITUDE:   39 15 N
                                          LONGITUDE: 102 17 W

[TEMPERATURE DATA]      [PRECIPITATION DATA]       SYMBOLS USED IN COLUMN 16

AVERAGE MONTHLY: 57.4   TOTAL FOR MONTH:   4.96    1 = FOG OR MIST
DPTR FM NORMAL:  -1.2   DPTR FM NORMAL:    2.38    2 = FOG REDUCING VISIBILITY
HIGHEST:    86 ON  7    GRTST 24HR  1.72 ON  9- 9      TO 1/4 MILE OR LESS
LOWEST:     30 ON  1                               3 = THUNDER
                        SNOW, ICE PELLETS, HAIL    4 = ICE PELLETS
                        TOTAL MONTH:    M          5 = HAIL
                        GRTST 24HR    M  ON   M    6 = FREEZING RAIN OR DRIZZLE
                        GRTST DEPTH:   0           7 = DUSTSTORM OR SANDSTORM:
                                                       VSBY 1/2 MILE OR LESS
                                                   8 = SMOKE OR HAZE
[NO. OF DAYS WITH]      [WEATHER - DAYS WITH]      9 = BLOWING SNOW
                                                   X = TORNADO
MAX 32 OR BELOW:   0    0.01 INCH OR MORE:  18
MAX 90 OR ABOVE:   0    0.10 INCH OR MORE:  13
MIN 32 OR BELOW:   2    0.50 INCH OR MORE:   3
MIN  0 OR BELOW:   0    1.00 INCH OR MORE:   1

[HDD (BASE 65) ]
TOTAL THIS MO.   241    CLEAR  (SCALE 0-3)  19
DPTR FM NORMAL    14    PTCLDY (SCALE 4-7)   8
TOTAL FM JUL 1  5041    CLOUDY (SCALE 8-10)  2
DPTR FM NORMAL -1030

[CDD (BASE 65) ]
TOTAL THIS MO.    14
DPTR FM NORMAL   -14    [PRESSURE DATA]
TOTAL FM JAN 1    17    HIGHEST SLP M ON M
DPTR FM NORMAL   -12    LOWEST  SLP 29.27 ON 16

[REMARKS]
#FINAL-05-17#
