000
CXUS55 KGLD 010800
CF6ITR
PRELIMINARY LOCAL CLIMATOLOGICAL DATA (WS FORM: F-6)

                                          STATION:   BURLINGTON CO
                                          MONTH:     JULY
                                          YEAR:      2017
                                          LATITUDE:   39 15 N
                                          LONGITUDE: 102 17 W

  TEMPERATURE IN F:       :PCPN:    SNOW:  WIND      :SUNSHINE: SKY     :PK WND
================================================================================
1   2   3   4   5  6A  6B    7    8   9   10  11  12  13   14  15   16   17  18
                                     12Z  AVG MX 2MIN
DY MAX MIN AVG DEP HDD CDD  WTR  SNW DPTH SPD SPD DIR MIN PSBL S-S WX    SPD DR
================================================================================

 1  88  56  72  -1   0   7 0.00    M    M 15.3 26 210   M    M   1        35 190
 2  95  57  76   3   0  11 0.00    M    M  9.2 32  70   M    M   0        42  70
 3  87  58  73   0   0   8 0.25    M    M  8.7 46 300   M    M   0 3      56 290
 4  88  55  72  -1   0   7 0.00    M    M  9.5 16 120   M    M   0        22 110
 5  93  60  77   3   0  12 0.00    M    M  8.1 16 130   M    M   0        21 130
 6 100  63  82   8   0  17 0.14    M    M 11.4 26  30   M    M   1 3      31  30
 7  92  60  76   2   0  11 0.00    M    M  8.2 21 140   M    M   1        26 140
 8  92  59  76   2   0  11 0.00    M    M  8.2 17 220   M    M   2        20 200
 9  96  61  79   5   0  14 0.00    M    M  8.8 16 190   M    M   0 8      19 190
10 100  64  82   8   0  17 0.00    M    M 11.1 24 150   M    M   0        31 140
11  98  66  82   8   0  17 0.01    M    M  8.2 32 230   M    M   0 38     38 230
12  93  65  79   4   0  14 1.40    M    M 12.5 31 280   M    M   2 13     43 280
13  84  64  74  -1   0   9 0.03    M    M  5.9 16 340   M    M   5 1      22 340
14  87  61  74  -1   0   9 0.00    M    M  7.2 16 130   M    M   1 1      21 110
15  84  64  74  -1   0   9 0.19    M    M  9.2 24 130   M    M   6 13     31 160
16  82  63  73  -2   0   8 0.37    M    M 11.0 23 200   M    M   5 13     29 200
17  91  64  78   3   0  13 0.06    M    M  9.3 28 180   M    M   1 3      33 170
18  96  61  79   4   0  14 0.00    M    M  6.3 22  10   M    M   0        28  10
19  98  67  83   8   0  18 0.00    M    M 12.9 29 190   M    M   0        35 180
20  96  64  80   5   0  15 0.00    M    M  7.5 17 330   M    M   0        20 330
21  98  62  80   5   0  15 0.00    M    M  9.7 35 320   M    M   1 3      40 330
22  86  60  73  -2   0   8 0.00    M    M  9.6 23 320   M    M   1        29 320
23  91  54  73  -2   0   8 0.00    M    M  9.1 18 120   M    M   0        24 120
24  94  62  78   3   0  13 0.00    M    M 13.7 24 170   M    M   0        33 160
25  98  68  83   8   0  18 0.00    M    M 13.4 21 180   M    M   1 3      31 180
26  87  68  78   3   0  13 0.00    M    M 13.2 23  10   M    M   2        29  10
27  83  65  74  -1   0   9    T    M    M  8.3 15 150   M    M   7 1      18 130
28  90  61  76   1   0  11 0.97    M    M 13.5 39 330   M    M   6 1238   50 320
29  84  62  73  -2   0   8 0.03    M    M  7.6 26 180   M    M   1 3      34 180
30  82  62  72  -3   0   7 0.60    M    M  8.6 24 360   M    M   3 13     35 360
31  85  63  74  -1   0   9 0.00    M    M  5.3 13 120   M    M   4 1      17 140
================================================================================
SM 2818 1919         0 360  4.05    M    300.5          M       51
================================================================================
AV 90.9 61.9                               9.7 FASTST   M    M   2    MAX(MPH)
                                 MISC ---->  # 46 300               # 56  290
================================================================================
NOTES:
# LAST OF SEVERAL OCCURRENCES

COLUMN 17 PEAK WIND IN M.P.H.

PRELIMINARY LOCAL CLIMATOLOGICAL DATA (WS FORM: F-6) , PAGE 2

                                          STATION:  BURLINGTON CO
                                          MONTH:    JULY
                                          YEAR:     2017
                                          LATITUDE:   39 15 N
                                          LONGITUDE: 102 17 W

[TEMPERATURE DATA]      [PRECIPITATION DATA]       SYMBOLS USED IN COLUMN 16

AVERAGE MONTHLY: 76.4   TOTAL FOR MONTH:   4.05    1 = FOG OR MIST
DPTR FM NORMAL:   1.9   DPTR FM NORMAL:    0.92    2 = FOG REDUCING VISIBILITY
HIGHEST:   100 ON 10, 6 GRTST 24HR  1.40 ON 12-12      TO 1/4 MILE OR LESS
LOWEST:     54 ON 23                               3 = THUNDER
                        SNOW, ICE PELLETS, HAIL    4 = ICE PELLETS
                        TOTAL MONTH:    M          5 = HAIL
                        GRTST 24HR    M  ON   M    6 = FREEZING RAIN OR DRIZZLE
                        GRTST DEPTH:  M  ON   M    7 = DUSTSTORM OR SANDSTORM:
                                                       VSBY 1/2 MILE OR LESS
                                                   8 = SMOKE OR HAZE
[NO. OF DAYS WITH]      [WEATHER - DAYS WITH]      9 = BLOWING SNOW
                                                   X = TORNADO
MAX 32 OR BELOW:   0    0.01 INCH OR MORE:  11
MAX 90 OR ABOVE:  18    0.10 INCH OR MORE:   7
MIN 32 OR BELOW:   0    0.50 INCH OR MORE:   3
MIN  0 OR BELOW:   0    1.00 INCH OR MORE:   1

[HDD (BASE 65) ]
TOTAL THIS MO.     0    CLEAR  (SCALE 0-3)  24
DPTR FM NORMAL    -5    PTCLDY (SCALE 4-7)   7
TOTAL FM JUL 1     0    CLOUDY (SCALE 8-10)  0
DPTR FM NORMAL    -5

[CDD (BASE 65) ]
TOTAL THIS MO.   360
DPTR FM NORMAL    63    [PRESSURE DATA]
TOTAL FM JAN 1   554    HIGHEST SLP M ON M
DPTR FM NORMAL    77    LOWEST  SLP 29.65 ON 11

[REMARKS]
#FINAL-07-17#
