000
CXUS55 KGLD 010800
CF6ITR
PRELIMINARY LOCAL CLIMATOLOGICAL DATA (WS FORM: F-6)

                                          STATION:   BURLINGTON CO
                                          MONTH:     SEPTEMBER
                                          YEAR:      2012
                                          LATITUDE:   39 15 N
                                          LONGITUDE: 102 17 W

  TEMPERATURE IN F:       :PCPN:    SNOW:  WIND      :SUNSHINE: SKY     :PK WND
================================================================================
1   2   3   4   5  6A  6B    7    8   9   10  11  12  13   14  15   16   17  18
                                     12Z  AVG MX 2MIN
DY MAX MIN AVG DEP HDD CDD  WTR  SNW DPTH SPD SPD DIR MIN PSBL S-S WX    SPD DR
================================================================================

 1  96  56  76   8   0  11 0.00    M    M 14.3 25 170   M    M   0 8      33 160
 2  92  59  76   8   0  11 0.00    M    M 11.2 24  10   M    M   0        30  20
 3  86  64  75   7   0  10 0.02    M    M  9.2 23 280   M    M   3        26 290
 4  95  57  76   8   0  11 0.11    M    M  7.1 18 320   M    M   1 3      24 260
 5  84  54  69   2   0   4 0.00    M    M 12.2 25 360   M    M   0        31 360
 6  96  56  76   9   0  11 0.00    M    M  8.0 18 330   M    M   0        23 320
 7  74  46  60  -7   5   0 0.00    M    M 15.1 28  10   M    M   2 8      38  20
 8  82  44  63  -3   2   0 0.00    M    M  6.5 16 340   M    M   0        22 340
 9  86  44  65  -1   0   0 0.00    M    M 12.6 22 160   M    M   0        29 170
10  93  51  72   6   0   7 0.00    M    M 14.1 22 200   M    M   0        30 180
11  96  49  73   8   0   8 0.00    M    M  9.1 33 360   M    M   0 8      43  10
12  67  50  59  -6   6   0 0.17    M    M 18.5 33  30   M    M   4 1      39  30
13  68  44  56  -8   9   0 0.00    M    M  7.3 14 190   M    M   4 1      16 190
14  78  41  60  -4   5   0 0.00    M    M  9.0 16 170   M    M   0        20 190
15  81  43  62  -2   3   0 0.00    M    M 10.4 16 200   M    M   0        22 200
16  91  42  67   4   0   2 0.00    M    M 11.2 21 190   M    M   0        25  10
17  64  42  53 -10  12   0    T    M    M 11.9 24  10   M    M   1        30  10
18  81  42  62   0   3   0 0.00    M    M  9.3 21 310   M    M   0        29 320
19  88  48  68   6   0   3 0.00    M    M 11.5 24 320   M    M   0        28  20
20  85  43  64   2   1   0 0.00    M    M 10.2 23 220   M    M   0 8      29 220
21  83  45  64   3   1   0 0.00    M    M  8.1 17 330   M    M   0        32 330
22  74  43  59  -2   6   0 0.00    M    M 10.4 18 130   M    M   0        25 140
23  75  44  60   0   5   0 0.00    M    M 14.9 28 190   M    M   0        33 180
24  87  44  66   6   0   1 0.00    M    M  8.4 20 290   M    M   1        24 330
25  79  43  61   1   4   0 0.00    M    M  8.9 18  80   M    M   2        24 120
26  74  55  65   6   0   0 0.12    M    M 10.9 26 110   M    M   6 3      31 110
27  66  53  60   1   5   0 0.38    M    M  7.7 16 110   M    M   8 123    20 140
28  69  53  61   3   4   0 0.00    M    M  5.5 17 100   M    M   6 1      20 110
29  71  52  62   4   3   0 0.00    M    M  9.5 17 180   M    M   5 1      22 150
30  82  50  66   9   0   1 0.07    M    M 10.4 31  30   M    M   1 13     39  20
================================================================================
SM 2443 1457        74  80  0.87    M    313.4          M       44
================================================================================
AV 81.4 48.6                              10.4 FASTST   M    M   1    MAX(MPH)
                                 MISC ---->  # 33 360               # 43   10
================================================================================
NOTES:
# LAST OF SEVERAL OCCURRENCES

COLUMN 17 PEAK WIND IN M.P.H.

PRELIMINARY LOCAL CLIMATOLOGICAL DATA (WS FORM: F-6) , PAGE 2

                                          STATION:  BURLINGTON CO
                                          MONTH:    SEPTEMBER
                                          YEAR:     2012
                                          LATITUDE:   39 15 N
                                          LONGITUDE: 102 17 W

[TEMPERATURE DATA]      [PRECIPITATION DATA]       SYMBOLS USED IN COLUMN 16

AVERAGE MONTHLY: 65.0   TOTAL FOR MONTH:   0.87    1 = FOG OR MIST
DPTR FM NORMAL:   1.7   DPTR FM NORMAL:   -0.27    2 = FOG REDUCING VISIBILITY
HIGHEST:    96 ON 11, 6 GRTST 24HR  0.50 ON 26-27      TO 1/4 MILE OR LESS
LOWEST:     41 ON 14                               3 = THUNDER
                        SNOW, ICE PELLETS, HAIL    4 = ICE PELLETS
                        TOTAL MONTH:    M          5 = HAIL
                        GRTST 24HR    M  ON   M    6 = FREEZING RAIN OR DRIZZLE
                        GRTST DEPTH:  M  ON   M    7 = DUSTSTORM OR SANDSTORM:
                                                       VSBY 1/2 MILE OR LESS
                                                   8 = SMOKE OR HAZE
[NO. OF DAYS WITH]      [WEATHER - DAYS WITH]      9 = BLOWING SNOW
                                                   X = TORNADO
MAX 32 OR BELOW:   0    0.01 INCH OR MORE:   6
MAX 90 OR ABOVE:   7    0.10 INCH OR MORE:   4
MIN 32 OR BELOW:   0    0.50 INCH OR MORE:   0
MIN  0 OR BELOW:   0    1.00 INCH OR MORE:   0

[HDD (BASE 65) ]
TOTAL THIS MO.    74    CLEAR  (SCALE 0-3)  24
DPTR FM NORMAL   -56    PTCLDY (SCALE 4-7)   6
TOTAL FM JUL 1    79    CLOUDY (SCALE 8-10)  0
DPTR FM NORMAL   -67

[CDD (BASE 65) ]
TOTAL THIS MO.    80
DPTR FM NORMAL     3    [PRESSURE DATA]
TOTAL FM JAN 1  1175    HIGHEST SLP M ON M
DPTR FM NORMAL   392    LOWEST  SLP 29.65 ON 11

[REMARKS]
#FINAL-09-12#
