000
CXUS55 KGLD 202247
CF6ITR
PRELIMINARY LOCAL CLIMATOLOGICAL DATA (WS FORM: F-6)

                                          STATION:   BURLINGTON CO
                                          MONTH:     MAY
                                          YEAR:      2012
                                          LATITUDE:   39 15 N
                                          LONGITUDE: 102 17 W

  TEMPERATURE IN F:       :PCPN:    SNOW:  WIND      :SUNSHINE: SKY     :PK WND
================================================================================
1   2   3   4   5  6A  6B    7    8   9   10  11  12  13   14  15   16   17  18
                                     12Z  AVG MX 2MIN
DY MAX MIN AVG DEP HDD CDD  WTR  SNW DPTH SPD SPD DIR MIN PSBL S-S WX    SPD DR
================================================================================

 1  82  53  68  15   0   3 0.00    M    M  9.3 23 170   M    M   3 12     26 170
 2  80  43  62   9   3   0 0.00    M    M  9.2 21  10   M    M   0        29 360
 3  81  46  64  10   1   0 0.00    M    M  7.8 18  10   M    M   0 8      23  10
 4  89  49  69  15   0   4 0.00    M    M  8.3 16 170   M    M   0 8      18 170
 5  86  47  67  13   0   2 0.00    M    M 14.4 35  10   M    M   1        43  10
 6  66  46  56   1   9   0 0.00    M    M 17.4 35  10   M    M   4        44  10
 7  55  44  50  -5  15   0 0.06    M    M  7.5 20  10   M    M   9        22  10
 8  68  40  54  -2  11   0 0.00    M    M  6.2 10 150   M    M   3        15  80
 9  78  38  58   2   7   0 0.00    M    M 11.1 20 170   M    M   0        25 220
10  85  43  64   8   1   0 0.00    M    M 12.4 24 180   M    M   0        31 200
11  62  39  51  -6  14   0 0.00    M    M 17.5 29  30   M    M   4        38  30
12  49  38  44 -13  21   0 0.08    M    M  6.9 14  80   M    M  10 1      16  70
13  68  41  55  -3  10   0 0.00    M    M  4.5 13 160   M    M   5 1      17 150
14  78  40  59   1   6   0 0.00    M    M  6.7 12 240   M    M   0        22 160
15  85  43  64   6   1   0 0.00    M    M  7.6 15  50   M    M   0        18  80
16  87  45  66   7   0   1 0.00    M    M 16.8 31 170   M    M   0        38 190
17  85  51  68   9   0   3 0.00    M    M 12.9 30 180   M    M   1 3      36 230
18  93  48  71  11   0   6 0.00    M    M 15.1 33 170   M    M   0        43 160
19  64  40  52  -8  13   0 0.11    M    M 16.1 32  40   M    M   5 13     38  40
20  74  37  56  -4   9   0 0.00    M    M  9.0 21 140   M    M   0 1      23 130
21  82  46  64   4   1   0 0.00    M    M 18.0 29 180   M    M   0        37 180
22  94  54  74  13   0   9 0.00    M    M 17.3 25 180   M    M   0        33 180
23  79  49  64   3   1   0 0.12    M    M 21.0 36  30   M    M   1 13     45  30
24  72  44  58  -4   7   0 0.04    M    M 10.3 23  60   M    M   3 3      31 360
25  75  48  62   0   3   0 0.00    M    M 17.3 26  90   M    M   6 1      35  90
26  95  56  76  14   0  11 0.00    M    M 27.6 46 180   M    M   1 1      59 170
27  86  46  66   3   0   1 0.00    M    M 14.3 30 220   M    M   0        38 230
28  80  38  59  -4   6   0 0.00    M    M  8.4 25 210   M    M   0        33 230
29  80  41  61  -2   4   0 0.00    M    M  9.7 17  40   M    M   0        29 140
30  89  47  68   4   0   3 0.00    M    M 14.0 36  30   M    M   0        45  10
31  76  39  58  -6   7   0 0.00    M    M 10.1 24 170   M    M   3        26 360
================================================================================
SM 2423 1379       150  43  0.41    M    384.7          M       59
================================================================================
AV 78.2 44.5                              12.4 FASTST   M    M   2    MAX(MPH)
                                 MISC ---->  # 46 180               # 59  170
================================================================================
NOTES:
# LAST OF SEVERAL OCCURRENCES

COLUMN 17 PEAK WIND IN M.P.H.

PRELIMINARY LOCAL CLIMATOLOGICAL DATA (WS FORM: F-6) , PAGE 2

                                          STATION:  BURLINGTON CO
                                          MONTH:    MAY
                                          YEAR:     2012
                                          LATITUDE:   39 15 N
                                          LONGITUDE: 102 17 W

[TEMPERATURE DATA]      [PRECIPITATION DATA]       SYMBOLS USED IN COLUMN 16

AVERAGE MONTHLY: 61.3   TOTAL FOR MONTH:   0.41    1 = FOG OR MIST
DPTR FM NORMAL:   2.7   DPTR FM NORMAL:   -2.17    2 = FOG REDUCING VISIBILITY
HIGHEST:    95 ON 26    GRTST 24HR  0.16 ON 23-24      TO 1/4 MILE OR LESS
LOWEST:     37 ON 20                               3 = THUNDER
                        SNOW, ICE PELLETS, HAIL    4 = ICE PELLETS
                        TOTAL MONTH:    M          5 = HAIL
                        GRTST 24HR    M  ON   M    6 = FREEZING RAIN OR DRIZZLE
                        GRTST DEPTH:  M  ON   M    7 = DUSTSTORM OR SANDSTORM:
                                                       VSBY 1/2 MILE OR LESS
                                                   8 = SMOKE OR HAZE
[NO. OF DAYS WITH]      [WEATHER - DAYS WITH]      9 = BLOWING SNOW
                                                   X = TORNADO
MAX 32 OR BELOW:   0    0.01 INCH OR MORE:   5
MAX 90 OR ABOVE:   3    0.10 INCH OR MORE:   2
MIN 32 OR BELOW:   0    0.50 INCH OR MORE:   0
MIN  0 OR BELOW:   0    1.00 INCH OR MORE:   0

[HDD (BASE 65) ]
TOTAL THIS MO.   150    CLEAR  (SCALE 0-3)  23
DPTR FM NORMAL   -77    PTCLDY (SCALE 4-7)   6
TOTAL FM JUL 1  5190    CLOUDY (SCALE 8-10)  2
DPTR FM NORMAL  -881

[CDD (BASE 65) ]
TOTAL THIS MO.    43
DPTR FM NORMAL    15    [PRESSURE DATA]
TOTAL FM JAN 1    57    HIGHEST SLP M ON M
DPTR FM NORMAL    28    LOWEST  SLP 29.31 ON 23

[REMARKS]
#FINAL-05-12#
