000
CXUS55 KGLD 010800
CF6ITR
PRELIMINARY LOCAL CLIMATOLOGICAL DATA (WS FORM: F-6)

                                          STATION:   BURLINGTON CO
                                          MONTH:     AUGUST
                                          YEAR:      2012
                                          LATITUDE:   39 15 N
                                          LONGITUDE: 102 17 W

  TEMPERATURE IN F:       :PCPN:    SNOW:  WIND      :SUNSHINE: SKY     :PK WND
================================================================================
1   2   3   4   5  6A  6B    7    8   9   10  11  12  13   14  15   16   17  18
                                     12Z  AVG MX 2MIN
DY MAX MIN AVG DEP HDD CDD  WTR  SNW DPTH SPD SPD DIR MIN PSBL S-S WX    SPD DR
================================================================================

 1  99  66  83   9   0  18 0.00    M    M  9.0 25 330   M    M   0        40 240
 2  92  62  77   3   0  12 0.31    M    M  8.9 36 330   M    M   3 13     45 330
 3  95  62  79   5   0  14 0.00    M    M  9.7 24 290   M    M   0 3      32 290
 4  80  55  68  -6   0   3 0.00    M    M 10.7 28  10   M    M   1        37 360
 5  89  52  71  -3   0   6 0.00    M    M 13.0 23 180   M    M   0 8      32 200
 6  99  65  82   8   0  17 0.00    M    M  9.9 17 180   M    M   0        22 180
 7  93  63  78   4   0  13 0.66    M    M 10.8 49 290   M    M   0 13     64 290
 8  95  61  78   4   0  13 0.00    M    M  9.1 21 360   M    M   0        28 360
 9  86  57  72  -2   0   7 0.00    M    M  7.7 14 120   M    M   0        17 120
10  87  55  71  -2   0   6 0.00    M    M 11.6 23 180   M    M   0        29 180
11  94  63  79   6   0  14    T    M    M 11.1 28 340   M    M   1        35 350
12  87  56  72  -1   0   7 0.00    M    M 11.5 22 360   M    M   0        30  20
13  86  52  69  -4   0   4 0.20    M    M 11.8 29 200   M    M   2 13     39 200
14  87  57  72  -1   0   7 0.00    M    M  8.6 16 130   M    M   3        21 130
15  97  60  79   7   0  14 0.00    M    M 12.3 24  40   M    M   0        30 260
16  73  54  64  -8   1   0 0.00    M    M  9.0 21  30   M    M   0        29  20
17  81  50  66  -6   0   1 0.00    M    M 11.4 20 160   M    M   0        26 160
18  83  51  67  -5   0   2 0.11    M    M 12.3 25 310   M    M   0 3      38 340
19  79  43  61 -11   4   0 0.00    M    M  6.5 13  80   M    M   0        20 120
20  80  54  67  -5   0   2 0.00    M    M 13.3 28 180   M    M   0        37 180
21  88  54  71   0   0   6 0.00    M    M 10.5 18 160   M    M   1        24 180
22  93  60  77   6   0  12 0.10    M    M 14.7 33 310   M    M   0 138    45 290
23  87  62  75   4   0  10 0.00    M    M  8.2 22  40   M    M   1 18     28  40
24  78  61  70  -1   0   5 0.00    M    M  6.6 15  90   M    M   6 1      20  90
25  82  52  67  -3   0   2 0.00    M    M  7.6 20  10   M    M   2        32 110
26  93  60  77   7   0  12 0.00    M    M 11.2 18 150   M    M   0        24 180
27  96  57  77   7   0  12 0.00    M    M 11.7 20 180   M    M   0        26 170
28  97  60  79   9   0  14 0.00    M    M 12.7 21 180   M    M   0        28 170
29  97  60  79  10   0  14 0.00    M    M 15.3 25 190   M    M   0        37 200
30  96  60  78   9   0  13 0.00    M    M 15.1 30 210   M    M   0        39 210
31  94  55  75   6   0  10 0.00    M    M 11.2 24 130   M    M   0        44 130
================================================================================
SM 2763 1779         5 270  1.38    M    333.0          M       20
================================================================================
AV 89.1 57.4                              10.7 FASTST   M    M   1    MAX(MPH)
                                 MISC ---->  # 49 290               # 64  290
================================================================================
NOTES:
# LAST OF SEVERAL OCCURRENCES

COLUMN 17 PEAK WIND IN M.P.H.

PRELIMINARY LOCAL CLIMATOLOGICAL DATA (WS FORM: F-6) , PAGE 2

                                          STATION:  BURLINGTON CO
                                          MONTH:    AUGUST
                                          YEAR:     2012
                                          LATITUDE:   39 15 N
                                          LONGITUDE: 102 17 W

[TEMPERATURE DATA]      [PRECIPITATION DATA]       SYMBOLS USED IN COLUMN 16

AVERAGE MONTHLY: 73.3   TOTAL FOR MONTH:   1.38    1 = FOG OR MIST
DPTR FM NORMAL:   1.2   DPTR FM NORMAL:   -1.03    2 = FOG REDUCING VISIBILITY
HIGHEST:    99 ON  6, 1 GRTST 24HR  0.66 ON  7- 7      TO 1/4 MILE OR LESS
LOWEST:     43 ON 19                               3 = THUNDER
                        SNOW, ICE PELLETS, HAIL    4 = ICE PELLETS
                        TOTAL MONTH:    M          5 = HAIL
                        GRTST 24HR    M  ON   M    6 = FREEZING RAIN OR DRIZZLE
                        GRTST DEPTH:  M  ON   M    7 = DUSTSTORM OR SANDSTORM:
                                                       VSBY 1/2 MILE OR LESS
                                                   8 = SMOKE OR HAZE
[NO. OF DAYS WITH]      [WEATHER - DAYS WITH]      9 = BLOWING SNOW
                                                   X = TORNADO
MAX 32 OR BELOW:   0    0.01 INCH OR MORE:   5
MAX 90 OR ABOVE:  15    0.10 INCH OR MORE:   5
MIN 32 OR BELOW:   0    0.50 INCH OR MORE:   1
MIN  0 OR BELOW:   0    1.00 INCH OR MORE:   0

[HDD (BASE 65) ]
TOTAL THIS MO.     5    CLEAR  (SCALE 0-3)  28
DPTR FM NORMAL    -6    PTCLDY (SCALE 4-7)   3
TOTAL FM JUL 1     5    CLOUDY (SCALE 8-10)  0
DPTR FM NORMAL   -11

[CDD (BASE 65) ]
TOTAL THIS MO.   270
DPTR FM NORMAL    41    [PRESSURE DATA]
TOTAL FM JAN 1  1095    HIGHEST SLP M ON M
DPTR FM NORMAL   389    LOWEST  SLP 29.67 ON  3

[REMARKS]
#FINAL-08-12#
