000
CXUS55 KGLD 010800
CF6ITR
PRELIMINARY LOCAL CLIMATOLOGICAL DATA (WS FORM: F-6)

                                          STATION:   BURLINGTON CO
                                          MONTH:     JULY
                                          YEAR:      2012
                                          LATITUDE:   39 15 N
                                          LONGITUDE: 102 17 W

  TEMPERATURE IN F:       :PCPN:    SNOW:  WIND      :SUNSHINE: SKY     :PK WND
================================================================================
1   2   3   4   5  6A  6B    7    8   9   10  11  12  13   14  15   16   17  18
                                     12Z  AVG MX 2MIN
DY MAX MIN AVG DEP HDD CDD  WTR  SNW DPTH SPD SPD DIR MIN PSBL S-S WX    SPD DR
================================================================================

 1  95  65  80   7   0  15 0.01    M    M 15.0 40 160   M    M   0 38     48 160
 2  99  60  80   7   0  15 0.00    M    M 11.3 16 170   M    M   0 8      31 160
 3  97  65  81   8   0  16 0.00    M    M 10.4 23 170   M    M   0 8      31 160
 4 100  65  83  10   0  18 0.01    M    M 12.4 26 150   M    M   1 38     33 160
 5  97  66  82   8   0  17 0.00    M    M 15.5 28 170   M    M   1 38     38 170
 6  98  67  83   9   0  18 0.00    M    M 12.4 23 210   M    M   1 8      29 180
 7  91  66  79   5   0  14 0.44    M    M 10.5 21 270   M    M   3 13     29 360
 8  77  61  69  -5   0   4 0.16    M    M  8.9 20  40   M    M   7 13     23  60
 9  79  57  68  -6   0   3 0.00    M    M  8.1 20  50   M    M   6 18     24  60
10  83  49  66  -8   0   1 0.00    M    M  6.6 17 120   M    M   1 1      21 110
11  87  58  73  -1   0   8 0.00    M    M  9.0 17 140   M    M   0        23 140
12  93  63  78   3   0  13 0.00    M    M 10.5 16 150   M    M   0        21 150
13  96  62  79   4   0  14 0.00    M    M  8.4 21  60   M    M   0        24  60
14  96  59  78   3   0  13 0.00    M    M  9.2 21 140   M    M   0        26 150
15 100  63  82   7   0  17 0.00    M    M 13.8 28 160   M    M   0        38 150
16  97  61  79   4   0  14 0.00    M    M 11.7 23 140   M    M   0        30 140
17  97  59  78   3   0  13 0.00    M    M  9.7 22 350   M    M   0        32 350
18  98  62  80   5   0  15 0.00    M    M  7.1 16  90   M    M   0        21 150
19 101  63  82   7   0  17 0.00    M    M  8.5 23 130   M    M   0        31 140
20 101  63  82   7   0  17 0.00    M    M  9.3 20 150   M    M   0        26 150
21 102  63  83   8   0  18 0.00    M    M 12.2 23 150   M    M   0        35 160
22 101  69  85  10   0  20 0.00    M    M 15.6 25 160   M    M   0        36 140
23  99  64  82   7   0  17 0.00    M    M 12.5 21 140   M    M   0        30 170
24 102  60  81   6   0  16 0.00    M    M  8.6 18 190   M    M   0        25 190
25  93  67  80   5   0  15 0.00    M    M 12.3 23  40   M    M   0        31  20
26  94  59  77   2   0  12 0.00    M    M  6.5 13  50   M    M   0        18  30
27  97  58  78   3   0  13 0.00    M    M 11.0 23 180   M    M   1        30 180
28 100  66  83   8   0  18 0.04    M    M 10.1 24 340   M    M   3 3      36 320
29 100  66  83   8   0  18 0.08    M    M 11.0 45 320   M    M   1 13     53 320
30  94  64  79   4   0  14 0.60    M    M  7.9 47 300   M    M   1 13     62 300
31  94  68  81   6   0  16    T    M    M 13.9 37 220   M    M   1 38     46 270
================================================================================
SM 2958 1938         0 439  1.34    M    329.9          M       27
================================================================================
AV 95.4 62.5                              10.6 FASTST   M    M   1    MAX(MPH)
                                 MISC ---->  # 47 300               # 62  300
================================================================================
NOTES:
# LAST OF SEVERAL OCCURRENCES

COLUMN 17 PEAK WIND IN M.P.H.

PRELIMINARY LOCAL CLIMATOLOGICAL DATA (WS FORM: F-6) , PAGE 2

                                          STATION:  BURLINGTON CO
                                          MONTH:    JULY
                                          YEAR:     2012
                                          LATITUDE:   39 15 N
                                          LONGITUDE: 102 17 W

[TEMPERATURE DATA]      [PRECIPITATION DATA]       SYMBOLS USED IN COLUMN 16

AVERAGE MONTHLY: 79.0   TOTAL FOR MONTH:   1.34    1 = FOG OR MIST
DPTR FM NORMAL:   4.5   DPTR FM NORMAL:   -1.79    2 = FOG REDUCING VISIBILITY
HIGHEST:   102 ON 24,21 GRTST 24HR  0.67 ON 29-30      TO 1/4 MILE OR LESS
LOWEST:     49 ON 10                               3 = THUNDER
                        SNOW, ICE PELLETS, HAIL    4 = ICE PELLETS
                        TOTAL MONTH:    M          5 = HAIL
                        GRTST 24HR    M  ON   M    6 = FREEZING RAIN OR DRIZZLE
                        GRTST DEPTH:  M  ON   M    7 = DUSTSTORM OR SANDSTORM:
                                                       VSBY 1/2 MILE OR LESS
                                                   8 = SMOKE OR HAZE
[NO. OF DAYS WITH]      [WEATHER - DAYS WITH]      9 = BLOWING SNOW
                                                   X = TORNADO
MAX 32 OR BELOW:   0    0.01 INCH OR MORE:   7
MAX 90 OR ABOVE:  27    0.10 INCH OR MORE:   3
MIN 32 OR BELOW:   0    0.50 INCH OR MORE:   1
MIN  0 OR BELOW:   0    1.00 INCH OR MORE:   0

[HDD (BASE 65) ]
TOTAL THIS MO.     0    CLEAR  (SCALE 0-3)  28
DPTR FM NORMAL    -5    PTCLDY (SCALE 4-7)   3
TOTAL FM JUL 1     0    CLOUDY (SCALE 8-10)  0
DPTR FM NORMAL    -5

[CDD (BASE 65) ]
TOTAL THIS MO.   439
DPTR FM NORMAL   142    [PRESSURE DATA]
TOTAL FM JAN 1   825    HIGHEST SLP M ON M
DPTR FM NORMAL   348    LOWEST  SLP 29.61 ON 24

[REMARKS]
#FINAL-07-12#
