000
CXUS55 KGLD 010800
CF6ITR
PRELIMINARY LOCAL CLIMATOLOGICAL DATA (WS FORM: F-6)

                                          STATION:   BURLINGTON CO
                                          MONTH:     JUNE
                                          YEAR:      2012
                                          LATITUDE:   39 15 N
                                          LONGITUDE: 102 17 W

  TEMPERATURE IN F:       :PCPN:    SNOW:  WIND      :SUNSHINE: SKY     :PK WND
================================================================================
1   2   3   4   5  6A  6B    7    8   9   10  11  12  13   14  15   16   17  18
                                     12Z  AVG MX 2MIN
DY MAX MIN AVG DEP HDD CDD  WTR  SNW DPTH SPD SPD DIR MIN PSBL S-S WX    SPD DR
================================================================================

 1  82  45  64   0   1   0 0.00    M    M 13.5 24 170   M    M   0 8      29  20
 2  92  51  72   8   0   7 0.39    M    M 12.1 26 150   M    M   1 3      35 190
 3  91  55  73   8   0   8 0.00    M    M  9.0 22 300   M    M   1 3      26 290
 4  89  60  75  10   0  10 1.16    M    M  8.6 32  10   M    M   2 3      52  70
 5  86  56  71   6   0   6 0.00    M    M 15.3 31 150   M    M   1        37 140
 6  83  56  70   4   0   5 0.00    M    M 18.8 29 140   M    M   1        35 140
 7  80  59  70   4   0   5 0.00    M    M 20.6 32 180   M    M   6        47 190
 8  89  63  76  10   0  11 0.00    M    M 19.0 33 160   M    M   4        41 160
 9  99  61  80  13   0  15 0.00    M    M 19.8 32 160   M    M   1 1      39 170
10  78  54  66  -1   0   1 0.00    M    M 16.7 37 350   M    M   1        47 340
11  80  49  65  -2   0   0 0.00    M    M  9.2 22  10   M    M   1        28 360
12  87  50  69   1   0   4    T    M    M 21.0 40 160   M    M   1 38     53 160
13  94  51  73   5   0   8 0.00    M    M 16.2 32 170   M    M   0 1      37 170
14  92  62  77   9   0  12 0.02    M    M 12.7 33  80   M    M   1 38     45  80
15  89  58  74   6   0   9 0.47    M    M 17.6 31 310   M    M   3 138    38 300
16  81  57  69   0   0   4 0.03    M    M  7.5 23 280   M    M   2 3      32 290
17  96  58  77   8   0  12 0.00    M    M  9.9 21 240   M    M   0        25 250
18 102  61  82  13   0  17 0.00    M    M 13.0 33 170   M    M   0 8      43 170
19  98  66  82  12   0  17 0.00    M    M 15.3 35 170   M    M   0 8      46 170
20  80  57  69  -1   0   4 0.00    M    M 18.5 33 170   M    M   3 8      41 170
21  82  55  69  -1   0   4 0.00    M    M 12.7 25 150   M    M   3 8      31 150
22  95  60  78   8   0  13 0.00    M    M 24.8 33 160   M    M   3 8      44 170
23 103  68  86  15   0  21 0.00    M    M 11.7 29 180   M    M   0 8      38 180
24 105  70  88  17   0  23 0.00    M    M 14.7 26 160   M    M   0 8      35 150
25 103  59  81  10   0  16 0.00    M    M 16.0 32 180   M    M   0 8      40 190
26 106  71  89  17   0  24 0.00    M    M 15.0 22 190   M    M   0 8      31 220
27 106  68  87  15   0  22 0.00    M    M 11.1 31 360   M    M   0 8      38 360
28 100  65  83  11   0  18 0.01    M    M  8.2 26 340   M    M   0 38     36 340
29 100  59  80   8   0  15 0.00    M    M  8.0 25 260   M    M   0 38     30 260
30  98  68  83  11   0  18 0.00    M    M 11.5 28 130   M    M   0 38     37 130
================================================================================
SM 2766 1772         1 329  2.08    M    428.0          M       35
================================================================================
AV 92.2 59.1                              14.3 FASTST   M    M   1    MAX(MPH)
                                 MISC ---->  # 40 160               # 53  160
================================================================================
NOTES:
# LAST OF SEVERAL OCCURRENCES

COLUMN 17 PEAK WIND IN M.P.H.

PRELIMINARY LOCAL CLIMATOLOGICAL DATA (WS FORM: F-6) , PAGE 2

                                          STATION:  BURLINGTON CO
                                          MONTH:    JUNE
                                          YEAR:     2012
                                          LATITUDE:   39 15 N
                                          LONGITUDE: 102 17 W

[TEMPERATURE DATA]      [PRECIPITATION DATA]       SYMBOLS USED IN COLUMN 16

AVERAGE MONTHLY: 75.6   TOTAL FOR MONTH:   2.08    1 = FOG OR MIST
DPTR FM NORMAL:   7.1   DPTR FM NORMAL:   -0.80    2 = FOG REDUCING VISIBILITY
HIGHEST:   106 ON 27,26 GRTST 24HR  1.16 ON  4- 4      TO 1/4 MILE OR LESS
LOWEST:     45 ON  1                               3 = THUNDER
                        SNOW, ICE PELLETS, HAIL    4 = ICE PELLETS
                        TOTAL MONTH:    M          5 = HAIL
                        GRTST 24HR    M  ON   M    6 = FREEZING RAIN OR DRIZZLE
                        GRTST DEPTH:  M  ON   M    7 = DUSTSTORM OR SANDSTORM:
                                                       VSBY 1/2 MILE OR LESS
                                                   8 = SMOKE OR HAZE
[NO. OF DAYS WITH]      [WEATHER - DAYS WITH]      9 = BLOWING SNOW
                                                   X = TORNADO
MAX 32 OR BELOW:   0    0.01 INCH OR MORE:   6
MAX 90 OR ABOVE:  17    0.10 INCH OR MORE:   3
MIN 32 OR BELOW:   0    0.50 INCH OR MORE:   1
MIN  0 OR BELOW:   0    1.00 INCH OR MORE:   1

[HDD (BASE 65) ]
TOTAL THIS MO.     1    CLEAR  (SCALE 0-3)  28
DPTR FM NORMAL   -45    PTCLDY (SCALE 4-7)   2
TOTAL FM JUL 1  5191    CLOUDY (SCALE 8-10)  0
DPTR FM NORMAL  -926

[CDD (BASE 65) ]
TOTAL THIS MO.   329
DPTR FM NORMAL   178    [PRESSURE DATA]
TOTAL FM JAN 1   386    HIGHEST SLP M ON M
DPTR FM NORMAL   206    LOWEST  SLP 29.33 ON  9

[REMARKS]
#FINAL-06-12#
