000
CXUS55 KGLD 061303
CF6ITR
PRELIMINARY LOCAL CLIMATOLOGICAL DATA (WS FORM: F-6)

                                          STATION:   BURLINGTON CO
                                          MONTH:     MARCH
                                          YEAR:      2012
                                          LATITUDE:   39 15 N
                                          LONGITUDE: 102 17 W

  TEMPERATURE IN F:       :PCPN:    SNOW:  WIND      :SUNSHINE: SKY     :PK WND
================================================================================
1   2   3   4   5  6A  6B    7    8   9   10  11  12  13   14  15   16   17  18
                                     12Z  AVG MX 2MIN
DY MAX MIN AVG DEP HDD CDD  WTR  SNW DPTH SPD SPD DIR MIN PSBL S-S WX    SPD DR
================================================================================

 1  51  26  39   4  26   0    T    M    M 12.3 24 340   M    M   3 1      32  10
 2  43  14  29  -6  36   0 0.00    M    M 12.7 28 330   M    M   3        33 340
 3  45  14  30  -6  35   0 0.00    M    M 15.4 33 310   M    M   4        41 310
 4  63  28  46  10  19   0 0.00    M    M 13.7 30 320   M    M   0        47 330
 5  73  24  49  13  16   0 0.00    M    M 12.2 24 210   M    M   0        29 210
 6  74  29  52  15  13   0 0.00    M    M 15.2 30 220   M    M   0        36 220
 7  54  31  43   6  22   0 0.00    M    M 15.1 29 320   M    M   4        35 350
 8  48  19  34  -3  31   0 0.00    M    M 10.6 23  10   M    M   0        31  30
 9  59  18  39   1  26   0 0.00    M    M 13.8 23 200   M    M   0        28 200
10  64  33  49  11  16   0 0.03    M    M 21.1 32 200   M    M   1        38 200
11  47  34  41   3  24   0 0.00    M    M 13.0 24 200   M    M   7 1      29 190
12  73  33  53  14  12   0 0.00    M    M  9.5 17 180   M    M   0        22 200
13  77  30  54  15  11   0 0.00    M    M 13.2 25 210   M    M   0        35 220
14  77  31  54  15  11   0 0.00    M    M 10.6 21 170   M    M   0        25 180
15  76  35  56  16   9   0 0.00    M    M 11.8 23  10   M    M   0        26 320
16  82  36  59  19   6   0 0.00    M    M 12.7 28 210   M    M   0        44 220
17  83  39  61  21   4   0 0.00    M    M 15.3 30 200   M    M   0        37 200
18  79  40  60  20   5   0 0.00    M    M 25.3 47 170   M    M   2        56 180
19  59  31  45   4  20   0 0.00    M    M  9.0 18 250   M    M   2        26 270
20  54  31  43   2  22   0 0.00    M    M 18.8 36  10   M    M   5        45 360
21  61  30  46   5  19   0    T    M    M 14.9 30  20   M    M   8        39  20
22  54  41  48   6  17   0 0.59    M    M 10.3 31 350   M    M   8 1      45 360
23  71  34  53  11  12   0 0.00    M    M  6.3 14 190   M    M   1        17 180
24  77  36  57  15   8   0 0.00    M    M 10.9 18 130   M    M   0        23 110
25  73  45  59  17   6   0 0.00    M    M  7.8 20 170   M    M   4 12     25 170
26  83  49  66  23   0   1 0.00    M    M 24.1 47 190   M    M   0        55 190
27  69  35  52   9  13   0 0.00    M    M  7.2 15 130   M    M   0        18 130
28  76  38  57  14   8   0 0.00    M    M  7.4 16 140   M    M   2        21 140
29  72  37  55  12  10   0 0.00    M    M 12.5 31 340   M    M   1 12     41 330
30  77  35  56  12   9   0 0.00    M    M  8.4 16 220   M    M   0        20 230
31  82  37  60  16   5   0 0.00    M    M 11.0 20  50   M    M   0        24  60
================================================================================
SM 2076  993       471   1  0.62    M    402.1          M       55
================================================================================
AV 67.0 32.0                              13.0 FASTST   M    M   2    MAX(MPH)
                                 MISC ---->  # 47 170               # 56  180
================================================================================
NOTES:
# LAST OF SEVERAL OCCURRENCES

COLUMN 17 PEAK WIND IN M.P.H.

PRELIMINARY LOCAL CLIMATOLOGICAL DATA (WS FORM: F-6) , PAGE 2

                                          STATION:  BURLINGTON CO
                                          MONTH:    MARCH
                                          YEAR:     2012
                                          LATITUDE:   39 15 N
                                          LONGITUDE: 102 17 W

[TEMPERATURE DATA]      [PRECIPITATION DATA]       SYMBOLS USED IN COLUMN 16

AVERAGE MONTHLY: 49.5   TOTAL FOR MONTH:   0.62    1 = FOG OR MIST
DPTR FM NORMAL:   9.8   DPTR FM NORMAL:   -0.27    2 = FOG REDUCING VISIBILITY
HIGHEST:    83 ON 26,17 GRTST 24HR  0.59 ON 21-22      TO 1/4 MILE OR LESS
LOWEST:     14 ON  3, 2                            3 = THUNDER
                        SNOW, ICE PELLETS, HAIL    4 = ICE PELLETS
                        TOTAL MONTH:    M          5 = HAIL
                        GRTST 24HR    M  ON   M    6 = FREEZING RAIN OR DRIZZLE
                        GRTST DEPTH:  M  ON   M    7 = DUSTSTORM OR SANDSTORM:
                                                       VSBY 1/2 MILE OR LESS
                                                   8 = SMOKE OR HAZE
[NO. OF DAYS WITH]      [WEATHER - DAYS WITH]      9 = BLOWING SNOW
                                                   X = TORNADO
MAX 32 OR BELOW:   0    0.01 INCH OR MORE:   2
MAX 90 OR ABOVE:   0    0.10 INCH OR MORE:   1
MIN 32 OR BELOW:  14    0.50 INCH OR MORE:   1
MIN  0 OR BELOW:   0    1.00 INCH OR MORE:   0

[HDD (BASE 65) ]
TOTAL THIS MO.   471    CLEAR  (SCALE 0-3)  23
DPTR FM NORMAL  -313    PTCLDY (SCALE 4-7)   8
TOTAL FM JUL 1  4700    CLOUDY (SCALE 8-10)  0
DPTR FM NORMAL  -631

[CDD (BASE 65) ]
TOTAL THIS MO.     1
DPTR FM NORMAL     1    [PRESSURE DATA]
TOTAL FM JAN 1     1    HIGHEST SLP 30.57 ON  8
DPTR FM NORMAL     1    LOWEST  SLP 29.32 ON 18

[REMARKS]
#FINAL-03-12#
