000
CXUS55 KGLD 010828
CF6ITR
PRELIMINARY LOCAL CLIMATOLOGICAL DATA (WS FORM: F-6)

                                          STATION:   BURLINGTON CO
                                          MONTH:     JANUARY
                                          YEAR:      2012
                                          LATITUDE:   39 15 N
                                          LONGITUDE: 102 17 W

  TEMPERATURE IN F:       :PCPN:    SNOW:  WIND      :SUNSHINE: SKY     :PK WND
================================================================================
1   2   3   4   5  6A  6B    7    8   9   10  11  12  13   14  15   16   17  18
                                     12Z  AVG MX 2MIN
DY MAX MIN AVG DEP HDD CDD  WTR  SNW DPTH SPD SPD DIR MIN PSBL S-S WX    SPD DR
================================================================================

 1  39  15  27  -2  38   0 0.00    M    M  8.3 14 330   M    M   2        17 340
 2  53  13  33   4  32   0 0.00    M    M  8.1 16 260   M    M   0        18 260
 3  60  25  43  14  22   0 0.00    M    M 11.5 21 360   M    M   0 8      26 360
 4  60  22  41  12  24   0 0.00    M    M 11.2 36 230   M    M   0         M  M
 5  71  31  51  22  14   0 0.00    M    M 10.1 18 300   M    M   0        29 220
 6  47  17  32   3  33   0 0.00    M    M 11.8 26  30   M    M   0 8      30  30
 7  40  18  29   0  36   0    T    M    M 13.4 32 160   M    M   3 1      38 160
 8  40  20  30   1  35   0 0.01    M    M  7.2 14 230   M    M   4 1      17 230
 9  51  18  35   6  30   0 0.00    M    M  8.7 13 290   M    M   0        14 290
10  57  22  40  11  25   0 0.00    M    M  9.0 16 250   M    M   0        20 260
11  40   9  25  -4  40   0    T    M    M 22.7 36 360   M    M   5 8      46 360
12  39   6  23  -6  42   0 0.00    M    M 16.0 32 330   M    M   2        41 330
13  49  16  33   4  32   0 0.00    M    M 10.3 24 320   M    M   2        28 320
14  50  16  33   3  32   0 0.00    M    M 12.3 23 200   M    M   0        29 210
15  65  26  46  16  19   0 0.00    M    M 10.1 20 240   M    M   0        24 240
16  46  14  30   0  35   0    T    M    M 11.0 24  10   M    M   2 1      31 350
17  30  -3  14 -16  51   0 0.00    M    M 10.6 20 190   M    M   1        25 350
18  53  12  33   3  32   0 0.00    M    M 11.7 17 240   M    M   0        22 240
19  54  18  36   6  29   0 0.00    M    M 12.9 25 180   M    M   0        31 170
20  53  14  34   4  31   0 0.00    M    M  9.9 26 350   M    M   3        35 360
21  55  15  35   5  30   0 0.00    M    M 20.5 33 180   M    M   0        40 190
22  48  18  33   3  32   0    T    M    M 20.4 46 340   M    M   4        60 340
23  50  16  33   3  32   0 0.00    M    M 11.8 17 160   M    M   0        21 150
24  45  18  32   2  33   0 0.00    M    M 12.3 29 360   M    M   4        37 340
25  53  12  33   3  32   0 0.00    M    M 12.3 28 340   M    M   0        35 340
26  53  20  37   7  28   0 0.00    M    M 11.8 32 330   M    M   0        41 330
27  44  11  28  -2  37   0    T    M    M 18.0 32  10   M    M   3        40 350
28  43  10  27  -3  38   0 0.00    M    M 10.8 21 320   M    M   0        29 320
29  63  15  39   9  26   0 0.00    M    M 10.3 22 310   M    M   0        26 310
30  67  28  48  18  17   0 0.00    M    M  9.4 16 200   M    M   0        20 190
31  52  23  38   8  27   0 0.00    M    M  8.0 15  20   M    M   0        21  10
================================================================================
SM 1570  515       964   0  0.01    M    372.4          M       35
================================================================================
AV 50.6 16.6                              12.0 FASTST   M    M   1    MAX(MPH)
                                 MISC ---->  # 46 340                10000  M
================================================================================
NOTES:
# LAST OF SEVERAL OCCURRENCES

COLUMN 17 PEAK WIND IN M.P.H.

PRELIMINARY LOCAL CLIMATOLOGICAL DATA (WS FORM: F-6) , PAGE 2

                                          STATION:  BURLINGTON CO
                                          MONTH:    JANUARY
                                          YEAR:     2012
                                          LATITUDE:   39 15 N
                                          LONGITUDE: 102 17 W

[TEMPERATURE DATA]      [PRECIPITATION DATA]       SYMBOLS USED IN COLUMN 16

AVERAGE MONTHLY: 33.6   TOTAL FOR MONTH:   0.01    1 = FOG OR MIST
DPTR FM NORMAL:   4.2   DPTR FM NORMAL:   -0.37    2 = FOG REDUCING VISIBILITY
HIGHEST:    71 ON  5    GRTST 24HR  0.01 ON  8- 8      TO 1/4 MILE OR LESS
LOWEST:     -3 ON 17                               3 = THUNDER
                        SNOW, ICE PELLETS, HAIL    4 = ICE PELLETS
                        TOTAL MONTH:    M          5 = HAIL
                        GRTST 24HR    M  ON   M    6 = FREEZING RAIN OR DRIZZLE
                        GRTST DEPTH:  M  ON   M    7 = DUSTSTORM OR SANDSTORM:
                                                       VSBY 1/2 MILE OR LESS
                                                   8 = SMOKE OR HAZE
[NO. OF DAYS WITH]      [WEATHER - DAYS WITH]      9 = BLOWING SNOW
                                                   X = TORNADO
MAX 32 OR BELOW:   1    0.01 INCH OR MORE:   1
MAX 90 OR ABOVE:   0    0.10 INCH OR MORE:   0
MIN 32 OR BELOW:  31    0.50 INCH OR MORE:   0
MIN  0 OR BELOW:   1    1.00 INCH OR MORE:   0

[HDD (BASE 65) ]
TOTAL THIS MO.   964    CLEAR  (SCALE 0-3)  26
DPTR FM NORMAL  -135    PTCLDY (SCALE 4-7)   5
TOTAL FM JUL 1  3244    CLOUDY (SCALE 8-10)  0
DPTR FM NORMAL  -367

[CDD (BASE 65) ]
TOTAL THIS MO.     0
DPTR FM NORMAL     0    [PRESSURE DATA]
TOTAL FM JAN 1     0    HIGHEST SLP M ON M
DPTR FM NORMAL     0    LOWEST  SLP 29.18 ON 22

[REMARKS]
#FINAL-01-12#
