000
CXUS55 KGLD 011255
CF6ITR
PRELIMINARY LOCAL CLIMATOLOGICAL DATA (WS FORM: F-6)

                                          STATION:   BURLINGTON CO
                                          MONTH:     APRIL
                                          YEAR:      2012
                                          LATITUDE:   39 15 N
                                          LONGITUDE: 102 17 W

  TEMPERATURE IN F:       :PCPN:    SNOW:  WIND      :SUNSHINE: SKY     :PK WND
================================================================================
1   2   3   4   5  6A  6B    7    8   9   10  11  12  13   14  15   16   17  18
                                     12Z  AVG MX 2MIN
DY MAX MIN AVG DEP HDD CDD  WTR  SNW DPTH SPD SPD DIR MIN PSBL S-S WX    SPD DR
================================================================================

 1  87  45  66  22   0   1 0.00    M    M 10.4 18 180   M    M   0        26 200
 2  62  37  50   6  15   0 0.12    M    M 26.7 40 360   M    M   3 1      53 360
 3  40  33  37  -8  28   0 1.03    M    M 17.8 31 350   M    M   9 1      43 350
 4  51  34  43  -2  22   0 0.38    M    M  9.7 20  10   M    M   7 12     26  70
 5  60  34  47   2  18   0 0.00    M    M 10.9 25 170   M    M   6 12     29 170
 6  67  44  56  11   9   0 0.00    M    M 25.5 37 170   M    M   6 1      45 170
 7  61  33  47   1  18   0 0.00    M    M 11.7 24 360   M    M   0        30  10
 8  72  35  54   8  11   0 0.00    M    M  9.9 18 210   M    M   0        22 210
 9  64  35  50   4  15   0 0.00    M    M  8.5 15  90   M    M   2 12     23 120
10  59  43  51   5  14   0 0.00    M    M 15.1 23 140   M    M   9 12     29 120
11  56  46  51   5  14   0 0.00    M    M 21.6 32 140   M    M  10 1      39 150
12  79  44  62  15   3   0 0.00    M    M 21.3 37 200   M    M   5 1      43 200
13  68  37  53   6  12   0 0.02    M    M 11.1 23 230   M    M   1 38     29 230
14  76  40  58  11   7   0 0.00    M    M 14.7 41 210   M    M   3 12     55 210
15  55  32  44  -4  21   0 0.11    M    M 21.3 43 330   M    M   7 1      54 320
16  59  29  44  -4  21   0 0.07    M    M 11.4 17 160   M    M   3 3      21 160
17  73  37  55   7  10   0 0.00    M    M 13.0 28 210   M    M   0        37 200
18  73  39  56   8   9   0 0.00    M    M 10.9 21 160   M    M   0        25 150
19  66  41  54   5  11   0    T    M    M 14.5 30 350   M    M   2        39 350
20  65  34  50   1  15   0 0.00    M    M  9.5 20  10   M    M   2 12     24 360
21  73  42  58   9   7   0 0.00    M    M 12.1 28 350   M    M   1        33 350
22  66  37  52   2  13   0 0.00    M    M  8.5 16 180   M    M   0        20 180
23  82  41  62  12   3   0 0.00    M    M 10.0 20 200   M    M   0        23 210
24  92  51  72  22   0   7 0.00    M    M 12.7 14 260   M    M   0        21 310
25  86  48  67  16   0   2 0.00    M    M 10.3 21  30   M    M   0        29 140
26  78  57  68  17   0   3 0.04    M    M 21.9 54 160   M    M   4 8      62 160
27  68  44  56   4   9   0 1.35    M    M 15.3 41 160   M    M   7 13     49 160
28  61  37  49  -3  16   0 0.00    M    M 10.5 20 360   M    M   4        25 350
29  69  40  55   3  10   0 0.04    M    M 10.9 52 180   M    M   3 13     59 190
30  71  41  56   3   9   0 0.00    M    M 10.8 22 170   M    M   2 12      M  M
================================================================================
SM 2039 1190       340  13  3.16    M    418.5          M       96
================================================================================
AV 68.0 39.7                              13.9 FASTST   M    M   3    MAX(MPH)
                                 MISC ---->  # 54 160               # 62  160
================================================================================
NOTES:
# LAST OF SEVERAL OCCURRENCES

COLUMN 17 PEAK WIND IN M.P.H.

PRELIMINARY LOCAL CLIMATOLOGICAL DATA (WS FORM: F-6) , PAGE 2

                                          STATION:  BURLINGTON CO
                                          MONTH:    APRIL
                                          YEAR:     2012
                                          LATITUDE:   39 15 N
                                          LONGITUDE: 102 17 W

[TEMPERATURE DATA]      [PRECIPITATION DATA]       SYMBOLS USED IN COLUMN 16

AVERAGE MONTHLY: 53.8   TOTAL FOR MONTH:   3.16    1 = FOG OR MIST
DPTR FM NORMAL:   5.9   DPTR FM NORMAL:    1.70    2 = FOG REDUCING VISIBILITY
HIGHEST:    92 ON 24    GRTST 24HR  1.35 ON 27-27      TO 1/4 MILE OR LESS
LOWEST:     29 ON 16                               3 = THUNDER
                        SNOW, ICE PELLETS, HAIL    4 = ICE PELLETS
                        TOTAL MONTH:    M          5 = HAIL
                        GRTST 24HR    M  ON   M    6 = FREEZING RAIN OR DRIZZLE
                        GRTST DEPTH:  M  ON   M    7 = DUSTSTORM OR SANDSTORM:
                                                       VSBY 1/2 MILE OR LESS
                                                   8 = SMOKE OR HAZE
[NO. OF DAYS WITH]      [WEATHER - DAYS WITH]      9 = BLOWING SNOW
                                                   X = TORNADO
MAX 32 OR BELOW:   0    0.01 INCH OR MORE:   9
MAX 90 OR ABOVE:   1    0.10 INCH OR MORE:   5
MIN 32 OR BELOW:   2    0.50 INCH OR MORE:   2
MIN  0 OR BELOW:   0    1.00 INCH OR MORE:   2

[HDD (BASE 65) ]
TOTAL THIS MO.   340    CLEAR  (SCALE 0-3)  18
DPTR FM NORMAL  -173    PTCLDY (SCALE 4-7)   9
TOTAL FM JUL 1  5040    CLOUDY (SCALE 8-10)  3
DPTR FM NORMAL  -804

[CDD (BASE 65) ]
TOTAL THIS MO.    13
DPTR FM NORMAL    12    [PRESSURE DATA]
TOTAL FM JAN 1    14    HIGHEST SLP 30.35 ON  7
DPTR FM NORMAL    13    LOWEST  SLP 29.22 ON  1

[REMARKS]
#FINAL-04-12#
