000
CXUS55 KGLD 010800
CF6ITR
PRELIMINARY LOCAL CLIMATOLOGICAL DATA (WS FORM: F-6)

                                          STATION:   BURLINGTON CO
                                          MONTH:     MAY
                                          YEAR:      2014
                                          LATITUDE:   39 15 N
                                          LONGITUDE: 102 17 W

  TEMPERATURE IN F:       :PCPN:    SNOW:  WIND      :SUNSHINE: SKY     :PK WND
================================================================================
1   2   3   4   5  6A  6B    7    8   9   10  11  12  13   14  15   16   17  18
                                     12Z  AVG MX 2MIN
DY MAX MIN AVG DEP HDD CDD  WTR  SNW DPTH SPD SPD DIR MIN PSBL S-S WX    SPD DR
================================================================================

 1  59  28  44  -9  21   0 0.00    M    M 14.5 29 330   M    M   2        37 330
 2  76  27  52  -1  13   0 0.00    M    M  8.8 22 320   M    M   1        27 310
 3  84  37  61   7   4   0 0.00    M    M  9.2 21 320   M    M   0        27 320
 4  90  42  66  12   0   1 0.00    M    M 11.2 22 160   M    M   0        25 160
 5  81  42  62   8   3   0 0.00    M    M 11.3 23 130   M    M   0        29 120
 6  84  41  63   8   2   0 0.00    M    M  8.0 24 100   M    M   0        30  90
 7  82  44  63   8   2   0 0.00    M    M 12.9 29 190   M    M   0 138    34 190
 8  58  37  48  -8  17   0    T    M    M 15.1 30 320   M    M   5 1      36 320
 9  72  32  52  -4  13   0    T    M    M 11.5 35 260   M    M   1        45 240
10  78  42  60   4   5   0 0.00    M    M 12.9 31  60   M    M   3        39  50
11  56  33  45 -12  20   0 0.21    M    M 21.4 33 360   M    M   9 138    44 350
12  44  31  38 -19  27   0 0.08    M    M 20.8 35 360   M    M   7 1      46 350
13  55  30  43 -15  22   0 0.00    M    M 12.8 24 330   M    M   4        29 330
14  63  30  47 -11  18   0    T    M    M 11.6 33  10   M    M   3        42  10
15  63  32  48 -10  17   0 0.00    M    M 12.1 24 360   M    M   3        33 350
16  68  37  53  -6  12   0 0.00    M    M 12.9 30  20   M    M   3        37  20
17  67  41  54  -5  11   0    T    M    M 14.1 29 140   M    M   5        36 130
18  81  42  62   2   3   0 0.00    M    M 24.7 36 180   M    M   0        44 180
19  87  49  68   8   0   3 0.00    M    M 11.5 21 340   M    M   0        26 330
20  81  52  67   7   0   2 0.00    M    M 15.3 23  60   M    M   2 3      29  80
21  81  53  67   7   0   2 0.31    M    M 15.1 30 130   M    M   4 3      35 130
22  77  53  65   4   0   0 0.11    M    M 11.4 41 190   M    M   4 13     47 180
23  70  54  62   1   3   0 0.02    M    M 11.4 21 160   M    M   7 1      25 160
24  72  52  62   0   3   0 0.00    M    M 14.0 24 170   M    M   5 12     29 170
25  79  49  64   2   1   0 0.00    M    M 10.9 22 130   M    M   1 1      25 120
26  80  50  65   3   0   0 0.01    M    M  7.8 22 290   M    M   2 3      29 150
27  86  50  68   5   0   3 0.00    M    M  8.9 16  30   M    M   0        20  20
28  88  53  71   8   0   6 0.00    M    M  8.8 18 130   M    M   0        23 130
29  91  56  74  11   0   9 0.00    M    M 11.5 21 110   M    M   0        26 130
30  89  55  72   8   0   7 0.84    M    M 16.1 33 270   M    M   3 13     40 140
31  83  58  71   7   0   6    T    M    M  7.0 30 190   M    M   4 123    36 180
================================================================================
SM 2325 1332       217  39  1.58    M    395.5          M       78
================================================================================
AV 75.0 43.0                              12.8 FASTST   M    M   3    MAX(MPH)
                                 MISC ---->  # 41 190               # 47  180
================================================================================
NOTES:
# LAST OF SEVERAL OCCURRENCES

COLUMN 17 PEAK WIND IN M.P.H.

PRELIMINARY LOCAL CLIMATOLOGICAL DATA (WS FORM: F-6) , PAGE 2

                                          STATION:  BURLINGTON CO
                                          MONTH:    MAY
                                          YEAR:     2014
                                          LATITUDE:   39 15 N
                                          LONGITUDE: 102 17 W

[TEMPERATURE DATA]      [PRECIPITATION DATA]       SYMBOLS USED IN COLUMN 16

AVERAGE MONTHLY: 59.0   TOTAL FOR MONTH:   1.58    1 = FOG OR MIST
DPTR FM NORMAL:   0.4   DPTR FM NORMAL:   -1.00    2 = FOG REDUCING VISIBILITY
HIGHEST:    91 ON 29    GRTST 24HR  0.84 ON 30-30      TO 1/4 MILE OR LESS
LOWEST:     27 ON  2                               3 = THUNDER
                        SNOW, ICE PELLETS, HAIL    4 = ICE PELLETS
                        TOTAL MONTH:    M          5 = HAIL
                        GRTST 24HR    M  ON   M    6 = FREEZING RAIN OR DRIZZLE
                        GRTST DEPTH:  M  ON   M    7 = DUSTSTORM OR SANDSTORM:
                                                       VSBY 1/2 MILE OR LESS
                                                   8 = SMOKE OR HAZE
[NO. OF DAYS WITH]      [WEATHER - DAYS WITH]      9 = BLOWING SNOW
                                                   X = TORNADO
MAX 32 OR BELOW:   0    0.01 INCH OR MORE:   7
MAX 90 OR ABOVE:   2    0.10 INCH OR MORE:   4
MIN 32 OR BELOW:   7    0.50 INCH OR MORE:   1
MIN  0 OR BELOW:   0    1.00 INCH OR MORE:   0

[HDD (BASE 65) ]
TOTAL THIS MO.   217    CLEAR  (SCALE 0-3)  19
DPTR FM NORMAL   -10    PTCLDY (SCALE 4-7)  11
TOTAL FM JUL 1  5990    CLOUDY (SCALE 8-10)  1
DPTR FM NORMAL   -81

[CDD (BASE 65) ]
TOTAL THIS MO.    39
DPTR FM NORMAL    11    [PRESSURE DATA]
TOTAL FM JAN 1    39    HIGHEST SLP M ON M
DPTR FM NORMAL    10    LOWEST  SLP 29.40 ON  7

[REMARKS]
#FINAL-05-14#
