000
CXUS55 KGLD 041524
CF6ITR
PRELIMINARY LOCAL CLIMATOLOGICAL DATA (WS FORM: F-6)

                                          STATION:   BURLINGTON CO
                                          MONTH:     DECEMBER
                                          YEAR:      2016
                                          LATITUDE:   39 15 N
                                          LONGITUDE: 102 17 W

  TEMPERATURE IN F:       :PCPN:    SNOW:  WIND      :SUNSHINE: SKY     :PK WND
================================================================================
1   2   3   4   5  6A  6B    7    8   9   10  11  12  13   14  15   16   17  18
                                     12Z  AVG MX 2MIN
DY MAX MIN AVG DEP HDD CDD  WTR  SNW DPTH SPD SPD DIR MIN PSBL S-S WX    SPD DR
================================================================================

 1  44  12  28  -4  37   0 0.00    M    M  8.2 15 190   M    M   1        20 200
 2  42  14  28  -3  37   0 0.00    M    M  6.1 13 170   M    M   5        16 170
 3  43  18  31   0  34   0 0.00    M    M  9.5 17 200   M    M   2        22 210
 4  49  16  33   3  32   0 0.00    M    M 12.4 23 220   M    M   0        30 230
 5  61  18  40  10  25   0 0.00    M    M 13.8 35 360   M    M   1        43 360
 6  33   7  20 -10  45   0 0.00    M    M  7.3 15 350   M    M   3        20 360
 7  24  -3  11 -19  54   0    T    M    M 13.3 22  80   M    M   7 8      27  80
 8  21  -5   8 -22  57   0 0.00    M    M  9.7 17 160   M    M   1        21 160
 9  44   5  25  -4  40   0 0.00    M    M 11.7 24 200   M    M   0        26 200
10  56  17  37   8  28   0 0.00    M    M  8.7 21 200   M    M   0        23 210
11  40  18  29   0  36   0    T    M    M  9.5 21 350   M    M   3 1      27 350
12  49  13  31   2  34   0 0.00    M    M  8.4 16  40   M    M   0        18  40
13  40   5  23  -6  42   0 0.00    M    M  9.1 20 190   M    M   0        23 190
14  25  12  19  -9  46   0 0.00    M    M 10.4 30  20   M    M   3        38  20
15  35  10  23  -5  42   0 0.00    M    M 19.3 36 190   M    M   0        40 190
16  33   7  20  -8  45   0    T    M    M 13.2 26 360   M    M   1        32 360
17   7 -15  -4 -32  69   0 0.14    M    M 23.8 30  10   M    M   7 18     38  10
18  25 -14   6 -22  59   0 0.00    M    M   M   M   M   M    M   0         M  M
19  40  -3  19  -9  46   0 0.00    M    M 13.8 15 230   M    M   0        17 230
20  45  24  35   7  30   0 0.00    M    M   M   M   M   M    M   0         M  M
21  45  25  35   7  30   0 0.00    M    M  8.1 10 360   M    M   1        12 360
22  37  24  31   3  34   0    T    M    M 16.6 31 190   M    M   8 18     37 190
23  52  21  37   9  28   0 0.04    M    M 10.9 26 320   M    M   3 16     33 330
24  54  28  41  13  24   0 0.00    M    M 17.9 31 180   M    M   0        35 180
25  50  15  33   5  32   0 0.16    M    M 19.7 51 220   M    M   4 123    62 210
26  39  10  25  -3  40   0 0.00    M    M  6.8 14 210   M    M   0        16 210
27  50  16  33   5  32   0 0.00    M    M 10.4 17 250   M    M   0        20 240
28  48  24  36   8  29   0 0.00    M    M 13.9 26 320   M    M   1        35 360
29  45  15  30   2  35   0 0.00    M    M 12.0 20 220   M    M   0        23 220
30  66  25  46  18  19   0 0.00    M    M 11.9 21 210   M    M   0        24 210
31  43  16  30   2  35   0 0.00    M    M 10.9 22  10   M    M   0        26  10
================================================================================
SM 1285  375      1176   0  0.34    M    347.3          M       51
================================================================================
AV 41.5 12.1                              12.0 FASTST   M    M   2    MAX(MPH)
                                 MISC ---->  # 51 220               # 62  210
================================================================================
NOTES:
# LAST OF SEVERAL OCCURRENCES

COLUMN 17 PEAK WIND IN M.P.H.

PRELIMINARY LOCAL CLIMATOLOGICAL DATA (WS FORM: F-6) , PAGE 2

                                          STATION:  BURLINGTON CO
                                          MONTH:    DECEMBER
                                          YEAR:     2016
                                          LATITUDE:   39 15 N
                                          LONGITUDE: 102 17 W

[TEMPERATURE DATA]      [PRECIPITATION DATA]       SYMBOLS USED IN COLUMN 16

AVERAGE MONTHLY: 26.8   TOTAL FOR MONTH:   0.34    1 = FOG OR MIST
DPTR FM NORMAL:  -2.1   DPTR FM NORMAL:   -0.09    2 = FOG REDUCING VISIBILITY
HIGHEST:    66 ON 30    GRTST 24HR  0.16 ON 25-25      TO 1/4 MILE OR LESS
LOWEST:    -15 ON 17                               3 = THUNDER
                        SNOW, ICE PELLETS, HAIL    4 = ICE PELLETS
                        TOTAL MONTH:    M          5 = HAIL
                        GRTST 24HR    M  ON   M    6 = FREEZING RAIN OR DRIZZLE
                        GRTST DEPTH:  M  ON   M    7 = DUSTSTORM OR SANDSTORM:
                                                       VSBY 1/2 MILE OR LESS
                                                   8 = SMOKE OR HAZE
[NO. OF DAYS WITH]      [WEATHER - DAYS WITH]      9 = BLOWING SNOW
                                                   X = TORNADO
MAX 32 OR BELOW:   5    0.01 INCH OR MORE:   3
MAX 90 OR ABOVE:   0    0.10 INCH OR MORE:   2
MIN 32 OR BELOW:  31    0.50 INCH OR MORE:   0
MIN  0 OR BELOW:   5    1.00 INCH OR MORE:   0

[HDD (BASE 65) ]
TOTAL THIS MO.  1176    CLEAR  (SCALE 0-3)  26
DPTR FM NORMAL    57    PTCLDY (SCALE 4-7)   5
TOTAL FM JUL 1  2024    CLOUDY (SCALE 8-10)  0
DPTR FM NORMAL  -488

[CDD (BASE 65) ]
TOTAL THIS MO.     0
DPTR FM NORMAL     0    [PRESSURE DATA]
TOTAL FM JAN 1  1027    HIGHEST SLP 30.78 ON  8
DPTR FM NORMAL   238    LOWEST  SLP 29.13 ON 25

[REMARKS]
#FINAL-12-16#
