000
CXUS55 KGLD 020120
CF6ITR
PRELIMINARY LOCAL CLIMATOLOGICAL DATA (WS FORM: F-6)

                                          STATION:   BURLINGTON CO
                                          MONTH:     AUGUST
                                          YEAR:      2017
                                          LATITUDE:   39 15 N
                                          LONGITUDE: 102 17 W

  TEMPERATURE IN F:       :PCPN:    SNOW:  WIND      :SUNSHINE: SKY     :PK WND
================================================================================
1   2   3   4   5  6A  6B    7    8   9   10  11  12  13   14  15   16   17  18
                                     12Z  AVG MX 2MIN
DY MAX MIN AVG DEP HDD CDD  WTR  SNW DPTH SPD SPD DIR MIN PSBL S-S WX    SPD DR
================================================================================

 1  88  59  74   0   0   9 0.00    M    M 10.0 18  40   M    M   1        24  40
 2  85  56  71  -3   0   6    T    M    M 10.9 28 170   M    M   1 38     33 170
 3  75  57  66  -8   0   1 0.03    M    M  8.7 20 330   M    M   4 3      24 320
 4  81  56  69  -5   0   4 0.00    M    M 15.5 25 170   M    M   5        31 170
 5  85  62  74   0   0   9 0.00    M    M  8.8 17  40   M    M   0 1      25  20
 6  80  58  69  -5   0   4 2.03    M    M  6.4 37  10   M    M   4 13     56 360
 7  71  58  65  -9   0   0 0.22    M    M  6.7 18  60   M    M   6 13     24  60
 8  67  55  61 -13   4   0 0.01    M    M 11.3 20 150   M    M   8 1      24 150
 9  84  54  69  -5   0   4 0.00    M    M  6.4 13  20   M    M   2 12     16  80
10  81  59  70  -3   0   5 0.34    M    M  8.9 24  30   M    M   6 123    30  30
11  74  59  67  -6   0   2 0.00    M    M  7.0 14 180   M    M   8        17 160
12  83  58  71  -2   0   6 0.27    M    M 12.4 28 150   M    M   5 13     32 150
13  87  56  72  -1   0   7 0.13    M    M  8.2 23 190   M    M   2 3      40  20
14  89  60  75   2   0  10 0.64    M    M 11.5 29 210   M    M   0 38     35  60
15  86  60  73   1   0   8 0.00    M    M  9.8 23 160   M    M   1 12     29 150
16  79  54  67  -5   0   2    T    M    M 10.0 23 320   M    M   2        30 310
17  86  53  70  -2   0   5 0.00    M    M  8.9 23 190   M    M   1        28 220
18  86  58  72   0   0   7 0.00    M    M  9.4 17 310   M    M   0        20  60
19  93  61  77   5   0  12 0.00    M    M 12.7 20 200   M    M   0        24 200
20  93  60  77   5   0  12 0.00    M    M  8.4 16 190   M    M   0        20 180
21  90  59  75   4   0  10 0.00    M    M  8.4 18  20   M    M   0        23  10
22  79  58  69  -2   0   4 0.00    M    M  9.8 18  40   M    M   3 1      22  40
23  87  55  71   0   0   6 0.00    M    M 15.8 26 190   M    M   2        33 190
24  84  59  72   1   0   7 0.00    M    M 10.5 17 180   M    M   0 1      22 180
25  88  58  73   3   0   8 0.00    M    M 12.0 17 170   M    M   0        29 190
26  91  59  75   5   0  10 0.00    M    M  9.6 23 170   M    M   0 3      28 160
27  87  58  73   3   0   8 0.00    M    M  9.9 18  50   M    M   0        23  80
28  84  52  68  -2   0   3 0.00    M    M  7.7 13 170   M    M   0 1      16 150
29  89  52  71   2   0   6 0.00    M    M 10.6 17 150   M    M   0        22 160
30  88  55  72   3   0   7 0.00    M    M 10.5 21 150   M    M   0        26 150
31  86  53  70   1   0   5 0.00    M    M 13.5 23 130   M    M   0        29 130
================================================================================
SM 2606 1771         4 187  3.67    M    310.2          M       61
================================================================================
AV 84.1 57.1                              10.0 FASTST   M    M   2    MAX(MPH)
                                 MISC ---->  # 37  10               # 56  360
================================================================================
NOTES:
# LAST OF SEVERAL OCCURRENCES

COLUMN 17 PEAK WIND IN M.P.H.

PRELIMINARY LOCAL CLIMATOLOGICAL DATA (WS FORM: F-6) , PAGE 2

                                          STATION:  BURLINGTON CO
                                          MONTH:    AUGUST
                                          YEAR:     2017
                                          LATITUDE:   39 15 N
                                          LONGITUDE: 102 17 W

[TEMPERATURE DATA]      [PRECIPITATION DATA]       SYMBOLS USED IN COLUMN 16

AVERAGE MONTHLY: 70.6   TOTAL FOR MONTH:   3.67    1 = FOG OR MIST
DPTR FM NORMAL:  -1.5   DPTR FM NORMAL:    1.26    2 = FOG REDUCING VISIBILITY
HIGHEST:    93 ON 20,19 GRTST 24HR  2.03 ON  6- 6      TO 1/4 MILE OR LESS
LOWEST:     52 ON 29,28                            3 = THUNDER
                        SNOW, ICE PELLETS, HAIL    4 = ICE PELLETS
                        TOTAL MONTH:    M          5 = HAIL
                        GRTST 24HR    M  ON   M    6 = FREEZING RAIN OR DRIZZLE
                        GRTST DEPTH:  M  ON   M    7 = DUSTSTORM OR SANDSTORM:
                                                       VSBY 1/2 MILE OR LESS
                                                   8 = SMOKE OR HAZE
[NO. OF DAYS WITH]      [WEATHER - DAYS WITH]      9 = BLOWING SNOW
                                                   X = TORNADO
MAX 32 OR BELOW:   0    0.01 INCH OR MORE:   8
MAX 90 OR ABOVE:   4    0.10 INCH OR MORE:   6
MIN 32 OR BELOW:   0    0.50 INCH OR MORE:   2
MIN  0 OR BELOW:   0    1.00 INCH OR MORE:   1

[HDD (BASE 65) ]
TOTAL THIS MO.     4    CLEAR  (SCALE 0-3)  22
DPTR FM NORMAL    -7    PTCLDY (SCALE 4-7)   9
TOTAL FM JUL 1     4    CLOUDY (SCALE 8-10)  0
DPTR FM NORMAL   -12

[CDD (BASE 65) ]
TOTAL THIS MO.   187
DPTR FM NORMAL   -42    [PRESSURE DATA]
TOTAL FM JAN 1   741    HIGHEST SLP 30.26 ON  3
DPTR FM NORMAL    35    LOWEST  SLP 29.64 ON 15

[REMARKS]
#FINAL-08-17#
