000
CXUS55 KGLD 010800
CF6ITR
PRELIMINARY LOCAL CLIMATOLOGICAL DATA (WS FORM: F-6)

                                          STATION:   BURLINGTON CO
                                          MONTH:     JULY
                                          YEAR:      2016
                                          LATITUDE:   39 15 N
                                          LONGITUDE: 102 17 W

  TEMPERATURE IN F:       :PCPN:    SNOW:  WIND      :SUNSHINE: SKY     :PK WND
================================================================================
1   2   3   4   5  6A  6B    7    8   9   10  11  12  13   14  15   16   17  18
                                     12Z  AVG MX 2MIN
DY MAX MIN AVG DEP HDD CDD  WTR  SNW DPTH SPD SPD DIR MIN PSBL S-S WX    SPD DR
================================================================================

 1  72  63  68  -5   0   3 0.30    M    M 12.6 23 150   M    M   9 138    26 150
 2  77  63  70  -3   0   5    T    M    M  8.7 17  40   M    M   7 1      22  30
 3  85  61  73   0   0   8 0.00    M    M  5.7 17 160   M    M   5 128    19 160
 4  94  58  76   3   0  11 0.00    M    M  9.2 16 200   M    M   0        25 340
 5  96  62  79   5   0  14 0.11    M    M  8.2 29 360   M    M   0 3      37  10
 6  97  60  79   5   0  14 0.00    M    M 13.4 23 160   M    M   0        29 140
 7  90  62  76   2   0  11 0.00    M    M  8.9 25  50   M    M   1 1238   31  50
 8  91  65  78   4   0  13 0.22    M    M 12.3 22 200   M    M   2 3      27 160
 9  95  63  79   5   0  14 0.00    M    M 12.7 22 140   M    M   0        27 150
10 100  67  84  10   0  19 0.00    M    M 15.0 26 170   M    M   0        37 150
11  88  60  74   0   0   9 0.00    M    M 14.1 29 330   M    M   0 8      34 320
12  91  53  72  -3   0   7 0.00    M    M 11.6 22 150   M    M   0 3      26 140
13  93  59  76   1   0  11    T    M    M  9.5 30  40   M    M   1 3      36  20
14  85  62  74  -1   0   9 0.01    M    M 10.7 26 150   M    M   1 38     31 150
15  90  60  75   0   0  10 0.04    M    M 16.0 35  80   M    M   3 38     42  80
16 100  57  79   4   0  14    T    M    M 18.1 33 150   M    M   0 12     40 150
17  93  60  77   2   0  12 0.04    M    M 12.2 40 230   M    M   1 38     51 230
18  97  60  79   4   0  14    T    M    M 10.8 24 170   M    M   1 138    32 150
19 100  63  82   7   0  17 0.00    M    M 15.0 28 150   M    M   0        34 160
20 103  61  82   7   0  17 0.00    M    M 10.9 31 300   M    M   0        38 300
21 100  63  82   7   0  17 0.22    M    M  8.3 33  60   M    M   1 38     43  60
22 100  69  85  10   0  20 0.00    M    M  8.5 25 180   M    M   1 38     31 180
23 100  65  83   8   0  18 0.00    M    M  8.2 28 310   M    M   0        35 300
24  92  63  78   3   0  13 0.68    M    M 12.2 40 300   M    M   1 13     49 330
25  82  59  71  -4   0   6 0.00    M    M 11.6 24 140   M    M   1        28 140
26  92  65  79   4   0  14    T    M    M 14.7 32 310   M    M   2 138    38 320
27  90  62  76   1   0  11 0.29    M    M 10.5 31 120   M    M   2 123    36 120
28  84  60  72  -3   0   7 0.02    M    M 13.2 29 180   M    M   1 3      34 180
29  82  59  71  -4   0   6 0.23    M    M  8.1 24 200   M    M   3 13     29 200
30  91  63  77   2   0  12 0.00    M    M 12.1 21 120   M    M   0        27 130
31  98  62  80   5   0  15 0.00    M    M 10.0 29 320   M    M   0        38 320
================================================================================
SM 2848 1909         0 371  2.16    M    353.0          M       43
================================================================================
AV 91.9 61.6                              11.4 FASTST   M    M   1    MAX(MPH)
                                 MISC ---->  # 40 230               # 51  230
================================================================================
NOTES:
# LAST OF SEVERAL OCCURRENCES

COLUMN 17 PEAK WIND IN M.P.H.

PRELIMINARY LOCAL CLIMATOLOGICAL DATA (WS FORM: F-6) , PAGE 2

                                          STATION:  BURLINGTON CO
                                          MONTH:    JULY
                                          YEAR:     2016
                                          LATITUDE:   39 15 N
                                          LONGITUDE: 102 17 W

[TEMPERATURE DATA]      [PRECIPITATION DATA]       SYMBOLS USED IN COLUMN 16

AVERAGE MONTHLY: 76.7   TOTAL FOR MONTH:   2.16    1 = FOG OR MIST
DPTR FM NORMAL:   2.2   DPTR FM NORMAL:   -0.97    2 = FOG REDUCING VISIBILITY
HIGHEST:   103 ON 20    GRTST 24HR  1.53 ON 30- 1      TO 1/4 MILE OR LESS
LOWEST:     53 ON 12                               3 = THUNDER
                        SNOW, ICE PELLETS, HAIL    4 = ICE PELLETS
                        TOTAL MONTH:    M          5 = HAIL
                        GRTST 24HR    M  ON   M    6 = FREEZING RAIN OR DRIZZLE
                        GRTST DEPTH:  M  ON   M    7 = DUSTSTORM OR SANDSTORM:
                                                       VSBY 1/2 MILE OR LESS
                                                   8 = SMOKE OR HAZE
[NO. OF DAYS WITH]      [WEATHER - DAYS WITH]      9 = BLOWING SNOW
                                                   X = TORNADO
MAX 32 OR BELOW:   0    0.01 INCH OR MORE:  11
MAX 90 OR ABOVE:  23    0.10 INCH OR MORE:   7
MIN 32 OR BELOW:   0    0.50 INCH OR MORE:   1
MIN  0 OR BELOW:   0    1.00 INCH OR MORE:   0

[HDD (BASE 65) ]
TOTAL THIS MO.     0    CLEAR  (SCALE 0-3)  27
DPTR FM NORMAL    -5    PTCLDY (SCALE 4-7)   3
TOTAL FM JUL 1     0    CLOUDY (SCALE 8-10)  1
DPTR FM NORMAL    -5

[CDD (BASE 65) ]
TOTAL THIS MO.   371
DPTR FM NORMAL    74    [PRESSURE DATA]
TOTAL FM JAN 1   677    HIGHEST SLP M ON M
DPTR FM NORMAL   200    LOWEST  SLP 29.46 ON 11

[REMARKS]
#FINAL-07-16#
