000
CXUS55 KGLD 010800
CF6ITR
PRELIMINARY LOCAL CLIMATOLOGICAL DATA (WS FORM: F-6)

                                          STATION:   BURLINGTON CO
                                          MONTH:     FEBRUARY
                                          YEAR:      2012
                                          LATITUDE:   39 15 N
                                          LONGITUDE: 102 17 W

  TEMPERATURE IN F:       :PCPN:    SNOW:  WIND      :SUNSHINE: SKY     :PK WND
================================================================================
1   2   3   4   5  6A  6B    7    8   9   10  11  12  13   14  15   16   17  18
                                     12Z  AVG MX 2MIN
DY MAX MIN AVG DEP HDD CDD  WTR  SNW DPTH SPD SPD DIR MIN PSBL S-S WX    SPD DR
================================================================================

 1  53  18  36   6  29   0 0.00    M    M  9.3 22 350   M    M   0        29 350
 2  54  24  39   9  26   0 0.19    M    M 14.8 32 170   M    M   5 1      38 160
 3  32  28  30   0  35   0 0.21    M    M 19.0 26  10   M    M  10 1      32 360
 4  31  12  22  -8  43   0    T    M    M 14.9 23 340   M    M   5 1      31 340
 5  35   9  22  -8  43   0 0.00    M    M  6.4 12 290   M    M   0        14 290
 6  33  11  22  -8  43   0 0.00    M    M   M   M   M   M    M   4 8       M  M
 7  27  11  19 -11  46   0 0.00    M    M 13.8 26  10   M    M  10        32  10
 8  30   6  18 -12  47   0 0.00    M    M  9.7 18 180   M    M   4        21 200
 9  42  22  32   2  33   0 0.00    M    M 10.0 17 320   M    M   4        21 260
10  28  13  21  -9  44   0    T    M    M 10.3 18  70   M    M   5 1      22  60
11  16   7  12 -19  53   0    T    M    M 12.0 23 170   M    M  10 18     26 170
12  36  15  26  -5  39   0 0.00    M    M 20.7 31 170   M    M   4 18     35 170
13  40  18  29  -2  36   0    T    M    M 13.8 28 320   M    M   6 1      32 330
14  52  23  38   7  27   0 0.00    M    M  9.3 15 180   M    M   0        17 330
15  38  21  30  -1  35   0 0.00    M    M 11.9 24 360   M    M   2 1      30 350
16  47  19  33   2  32   0 0.00    M    M  8.4 16 230   M    M   1        21 200
17  48  22  35   3  30   0 0.00    M    M  9.8 17  10   M    M   0        21  20
18  44  19  32   0  33   0 0.00    M    M 10.8 20 190   M    M   3        24 190
19  51  25  38   6  27   0 0.00    M    M 18.4 29 180   M    M   5 12     36 180
20  37  20  29  -3  36   0 0.03    M    M 22.3 43 330   M    M   5 12     54 320
21  53  17  35   2  30   0 0.00    M    M  8.2 25 280   M    M   0        31 270
22  65  34  50  17  15   0 0.00    M    M 13.3 28 320   M    M   2        33 310
23  47  21  34   1  31   0    T    M    M 21.0 37 330   M    M   3 1      49 330
24  45  15  30  -3  35   0 0.00    M    M 12.7 35 320   M    M   1        41 310
25  63  20  42   8  23   0 0.00    M    M 17.6 30 330   M    M   0        38 330
26  47  17  32  -2  33   0 0.00    M    M 12.9 30 320   M    M   0        37 330
27  47  13  30  -4  35   0 0.00    M    M 22.6 44 170   M    M   2        51 180
28  63  27  45  10  20   0    T    M    M 23.1 46 230   M    M   6 1      55 230
29  59  19  39   4  26   0 0.00    M    M 11.9 20 310   M    M   0 8      24 310
================================================================================
SM 1263  526       985   0  0.43    M    388.9          M       97
================================================================================
AV 43.6 18.1                              13.9 FASTST   M    M   3    MAX(MPH)
                                 MISC ---->  # 46 230               # 55  230
================================================================================
NOTES:
# LAST OF SEVERAL OCCURRENCES

COLUMN 17 PEAK WIND IN M.P.H.

PRELIMINARY LOCAL CLIMATOLOGICAL DATA (WS FORM: F-6) , PAGE 2

                                          STATION:  BURLINGTON CO
                                          MONTH:    FEBRUARY
                                          YEAR:     2012
                                          LATITUDE:   39 15 N
                                          LONGITUDE: 102 17 W

[TEMPERATURE DATA]      [PRECIPITATION DATA]       SYMBOLS USED IN COLUMN 16

AVERAGE MONTHLY: 30.8   TOTAL FOR MONTH:   0.43    1 = FOG OR MIST
DPTR FM NORMAL:  -0.8   DPTR FM NORMAL:    0.01    2 = FOG REDUCING VISIBILITY
HIGHEST:    65 ON 22    GRTST 24HR  0.24 ON  2- 3      TO 1/4 MILE OR LESS
LOWEST:      6 ON  8                               3 = THUNDER
                        SNOW, ICE PELLETS, HAIL    4 = ICE PELLETS
                        TOTAL MONTH:    M          5 = HAIL
                        GRTST 24HR    M  ON   M    6 = FREEZING RAIN OR DRIZZLE
                        GRTST DEPTH:  M  ON   M    7 = DUSTSTORM OR SANDSTORM:
                                                       VSBY 1/2 MILE OR LESS
                                                   8 = SMOKE OR HAZE
[NO. OF DAYS WITH]      [WEATHER - DAYS WITH]      9 = BLOWING SNOW
                                                   X = TORNADO
MAX 32 OR BELOW:   6    0.01 INCH OR MORE:   3
MAX 90 OR ABOVE:   0    0.10 INCH OR MORE:   2
MIN 32 OR BELOW:  28    0.50 INCH OR MORE:   0
MIN  0 OR BELOW:   0    1.00 INCH OR MORE:   0

[HDD (BASE 65) ]
TOTAL THIS MO.   985    CLEAR  (SCALE 0-3)  15
DPTR FM NORMAL    49    PTCLDY (SCALE 4-7)  11
TOTAL FM JUL 1  4229    CLOUDY (SCALE 8-10)  3
DPTR FM NORMAL  -348

[CDD (BASE 65) ]
TOTAL THIS MO.     0
DPTR FM NORMAL     0    [PRESSURE DATA]
TOTAL FM JAN 1     0    HIGHEST SLP M ON M
DPTR FM NORMAL     0    LOWEST  SLP 29.29 ON M

[REMARKS]
#FINAL-02-12#
