000
CXUS55 KGLD 010800
CF6ITR
PRELIMINARY LOCAL CLIMATOLOGICAL DATA (WS FORM: F-6)

                                          STATION:   BURLINGTON CO
                                          MONTH:     OCTOBER
                                          YEAR:      2011
                                          LATITUDE:   39 15 N
                                          LONGITUDE: 102 17 W

  TEMPERATURE IN F:       :PCPN:    SNOW:  WIND      :SUNSHINE: SKY     :PK WND
================================================================================
1   2   3   4   5  6A  6B    7    8   9   10  11  12  13   14  15   16   17  18
                                     12Z  AVG MX 2MIN
DY MAX MIN AVG DEP HDD CDD  WTR  SNW DPTH SPD SPD DIR MIN PSBL S-S WX    SPD DR
================================================================================

 1  79  38  59   2   6   0 0.00    M    M 10.9 20 140   M    M   0 8      24 170
 2  86  37  62   6   3   0 0.00    M    M  8.7 18 140   M    M   0 8      25 150
 3  89  45  67  11   0   2 0.00    M    M  8.8 16 150   M    M   0 8      30 150
 4  85  57  71  15   0   6 0.00    M    M 20.4 38 180   M    M   0        47 180
 5  76  56  66  11   0   1 0.00    M    M 25.1 36 180   M    M   1        47 170
 6  83  49  66  11   0   1    T    M    M 26.9 53 180   M    M   4 8      66 170
 7  75  42  59   5   6   0 0.04    M    M 10.3 23 170   M    M   4        32 200
 8  60  42  51  -3  14   0 0.27    M    M 12.6 28 290   M    M   7 18     32 290
 9  56  34  45  -9  20   0 0.00    M    M 12.5 24 310   M    M   6 18     28 310
10  68  30  49  -4  16   0 0.00    M    M  6.2 16 170   M    M   1 12     20 170
11  70  42  56   3   9   0 0.00    M    M  7.5 25 320   M    M   4 12     33 330
12  66  34  50  -2  15   0    T    M    M 15.0 33 340   M    M   1 8      44 330
13  77  32  55   3  10   0 0.00    M    M  9.3 20 220   M    M   0        25 200
14  65  31  48  -4  17   0 0.00    M    M  7.6 15 190   M    M   0        17 190
15  85  42  64  13   1   0 0.00    M    M 12.7 20 230   M    M   0        25 270
16  61  38  50  -1  15   0 0.00    M    M 10.6 20  30   M    M   0 8      25 310
17  52  32  42  -8  23   0 0.25    M    M 13.1 31 330   M    M   6 1      40 330
18  56  31  44  -6  21   0 0.00    M    M 13.2 29 350   M    M   1 8      40 360
19  59  27  43  -7  22   0 0.00    M    M  8.1 13 170   M    M   0        16 330
20  70  25  48  -1  17   0 0.00    M    M  8.6 16 320   M    M   0 8      23 330
21  77  35  56   7   9   0 0.00    M    M  8.7 18 210   M    M   0 8      23 200
22  72  36  54   5  11   0 0.00    M    M  8.8 21 330   M    M   1 8      31 320
23  73  36  55   7  10   0 0.00    M    M 10.1 20 320   M    M   0 8      24 350
24  83  39  61  13   4   0 0.00    M    M 11.6 20 190   M    M   0 8      28 210
25  63  40  52   5  13   0 0.00    M    M 14.4 24  30   M    M   2        29  10
26  40  23  32 -15  33   0 0.22    M    M 11.3 22  20   M    M   9 16     36 230
27  48  15  32 -15  33   0 0.00    M    M  7.4 13 350   M    M   0        23 350
28  56  23  40  -6  25   0 0.00    M    M  7.6 16 310   M    M   0        23 290
29  71  27  49   3  16   0 0.00    M    M  9.3 22  20   M    M   1        26  10
30  61  29  45  -1  20   0 0.00    M    M  8.5 18 250   M    M   0        25 260
31  74  35  55  10  10   0 0.00    M    M 11.4 20 170   M    M   0        25 170
================================================================================
SM 2136 1102       399  10  0.78    M    357.2          M       48
================================================================================
AV 68.9 35.5                              11.5 FASTST   M    M   2    MAX(MPH)
                                 MISC ---->  # 53 180               # 66  170
================================================================================
NOTES:
# LAST OF SEVERAL OCCURRENCES

COLUMN 17 PEAK WIND IN M.P.H.

PRELIMINARY LOCAL CLIMATOLOGICAL DATA (WS FORM: F-6) , PAGE 2

                                          STATION:  BURLINGTON CO
                                          MONTH:    OCTOBER
                                          YEAR:     2011
                                          LATITUDE:   39 15 N
                                          LONGITUDE: 102 17 W

[TEMPERATURE DATA]      [PRECIPITATION DATA]       SYMBOLS USED IN COLUMN 16

AVERAGE MONTHLY: 52.2   TOTAL FOR MONTH:   0.78    1 = FOG OR MIST
DPTR FM NORMAL:   1.3   DPTR FM NORMAL:   -0.37    2 = FOG REDUCING VISIBILITY
HIGHEST:    89 ON  3    GRTST 24HR  0.27 ON  8- 8      TO 1/4 MILE OR LESS
LOWEST:     15 ON 27                               3 = THUNDER
                        SNOW, ICE PELLETS, HAIL    4 = ICE PELLETS
                        TOTAL MONTH:    M          5 = HAIL
                        GRTST 24HR    M  ON   M    6 = FREEZING RAIN OR DRIZZLE
                        GRTST DEPTH:  M  ON   M    7 = DUSTSTORM OR SANDSTORM:
                                                       VSBY 1/2 MILE OR LESS
                                                   8 = SMOKE OR HAZE
[NO. OF DAYS WITH]      [WEATHER - DAYS WITH]      9 = BLOWING SNOW
                                                   X = TORNADO
MAX 32 OR BELOW:   0    0.01 INCH OR MORE:   4
MAX 90 OR ABOVE:   0    0.10 INCH OR MORE:   3
MIN 32 OR BELOW:  12    0.50 INCH OR MORE:   0
MIN  0 OR BELOW:   0    1.00 INCH OR MORE:   0

[HDD (BASE 65) ]
TOTAL THIS MO.   399    CLEAR  (SCALE 0-3)  24
DPTR FM NORMAL   -44    PTCLDY (SCALE 4-7)   6
TOTAL FM JUL 1   523    CLOUDY (SCALE 8-10)  1
DPTR FM NORMAL   -66

[CDD (BASE 65) ]
TOTAL THIS MO.    10
DPTR FM NORMAL     4    [PRESSURE DATA]
TOTAL FM JAN 1  1018    HIGHEST SLP M ON M
DPTR FM NORMAL   229    LOWEST  SLP 29.41 ON  6

[REMARKS]
#FINAL-10-11#
