000
CXUS55 KGLD 310800
CF6ITR
PRELIMINARY LOCAL CLIMATOLOGICAL DATA (WS FORM: F-6)

                                          STATION:   BURLINGTON CO
                                          MONTH:     DECEMBER
                                          YEAR:      2011
                                          LATITUDE:   39 15 N
                                          LONGITUDE: 102 17 W

  TEMPERATURE IN F:       :PCPN:    SNOW:  WIND      :SUNSHINE: SKY     :PK WND
================================================================================
1   2   3   4   5  6A  6B    7    8   9   10  11  12  13   14  15   16   17  18
                                     12Z  AVG MX 2MIN
DY MAX MIN AVG DEP HDD CDD  WTR  SNW DPTH SPD SPD DIR MIN PSBL S-S WX    SPD DR
================================================================================

 1  33  11  22 -10  43   0    T    M    M 17.5 33  20   M    M   7 1      43  20
 2  49  10  30  -1  35   0 0.00    M    M 17.1 37 200   M    M   0        45 200
 3  30   6  18 -13  47   0 0.03    M    M 17.2 33  10   M    M   8 12     41 360
 4  30   4  17 -13  48   0 0.00    M    M 10.6 25  30   M    M   5        30  10
 5  15  -8   4 -26  61   0    T    M    M  9.8 23  20   M    M   4 8      30  10
 6  25  -9   8 -22  57   0 0.00    M    M 10.5 20 240   M    M   0        22 230
 7  44  15  30   0  35   0 0.00    M    M  8.0 15 320   M    M   0        17 320
 8  38  15  27  -3  38   0 0.00    M    M  6.6 15  30   M    M   3 1      17  30
 9  40  19  30   1  35   0 0.00    M    M  6.1 13 210   M    M   5 12     15 270
10  46  17  32   3  33   0 0.00    M    M  7.2 12 180   M    M   0        26 320
11  49  17  33   4  32   0 0.00    M    M  9.5 16 170   M    M   0 8      18 170
12  40  19  30   1  35   0 0.00    M    M  6.7 12  60   M    M   0        14  60
13  38  26  32   3  33   0 0.00    M    M  5.3 15 170   M    M   8 12     18 140
14  50  23  37   9  28   0 0.00    M    M 10.3 20 340   M    M   3 128    26 340
15  44  17  31   3  34   0 0.00    M    M  8.8 15 180   M    M   0        20 180
16  46  17  32   4  33   0 0.00    M    M  9.4 21 340   M    M   0        26 330
17  54  17  36   8  29   0 0.00    M    M  8.9 14 220   M    M   0        16 210
18  59  19  39  11  26   0 0.00    M    M  7.4 14 260   M    M   0        16 310
19  33  24  29   1  36   0    T    M    M 21.3 32  20   M    M   7 12     38  10
20  39  21  30   2  35   0 0.00    M    M 10.3 18 250   M    M   4        23 250
21  47  20  34   6  31   0    T    M    M 12.0 21  30   M    M   3 1      25  20
22  30   2  16 -12  49   0 0.01    M    M 14.7 29  40   M    M   6 1      36  40
23  39   4  22  -6  43   0 0.00    M    M  9.8 17 240   M    M   0        20 250
24  42  15  29   1  36   0 0.00    M    M 10.9 16 310   M    M   0        21 320
25  45  19  32   4  33   0 0.00    M    M  8.5 15 200   M    M   0        18 230
26  49  22  36   8  29   0 0.00    M    M 12.8 26 360   M    M   0        33 350
27  47  18  33   5  32   0 0.00    M    M 11.5 23 200   M    M   0        28 200
28  52  20  36   8  29   0 0.00    M    M 11.2 14 230   M    M   0        17 230
29  67  31  49  21  16   0 0.00    M    M 13.1 36 330   M    M   1        48 320
30  57  23  40  12  25   0 0.00    M    M 12.3 25 200   M    M   0        30 200
================================================================================
SM 1277  454      1076   0  0.04    M    325.3          M       64
================================================================================
AV 42.6 15.1                              10.8 FASTST   M    M   2    MAX(MPH)
                                 MISC ---->  # 37 200               # 48  320
================================================================================
NOTES:
# LAST OF SEVERAL OCCURRENCES

COLUMN 17 PEAK WIND IN M.P.H.

PRELIMINARY LOCAL CLIMATOLOGICAL DATA (WS FORM: F-6) , PAGE 2

                                          STATION:  BURLINGTON CO
                                          MONTH:    DECEMBER
                                          YEAR:     2011
                                          LATITUDE:   39 15 N
                                          LONGITUDE: 102 17 W

[TEMPERATURE DATA]      [PRECIPITATION DATA]       SYMBOLS USED IN COLUMN 16

AVERAGE MONTHLY: 28.8   TOTAL FOR MONTH:   0.04    1 = FOG OR MIST
DPTR FM NORMAL:   0.0   DPTR FM NORMAL:   -0.38    2 = FOG REDUCING VISIBILITY
HIGHEST:    67 ON 29    GRTST 24HR  0.03 ON  3- 3      TO 1/4 MILE OR LESS
LOWEST:     -9 ON  6                               3 = THUNDER
                        SNOW, ICE PELLETS, HAIL    4 = ICE PELLETS
                        TOTAL MONTH:    M          5 = HAIL
                        GRTST 24HR    M  ON   M    6 = FREEZING RAIN OR DRIZZLE
                        GRTST DEPTH:  M  ON   M    7 = DUSTSTORM OR SANDSTORM:
                                                       VSBY 1/2 MILE OR LESS
                                                   8 = SMOKE OR HAZE
[NO. OF DAYS WITH]      [WEATHER - DAYS WITH]      9 = BLOWING SNOW
                                                   X = TORNADO
MAX 32 OR BELOW:   5    0.01 INCH OR MORE:   2
MAX 90 OR ABOVE:   0    0.10 INCH OR MORE:   0
MIN 32 OR BELOW:  30    0.50 INCH OR MORE:   0
MIN  0 OR BELOW:   2    1.00 INCH OR MORE:   0

[HDD (BASE 65) ]
TOTAL THIS MO.  1076    CLEAR  (SCALE 0-3)  19
DPTR FM NORMAL    -9    PTCLDY (SCALE 4-7)  10
TOTAL FM JUL 1  2254    CLOUDY (SCALE 8-10)  1
DPTR FM NORMAL  -224

[CDD (BASE 65) ]
TOTAL THIS MO.     0
DPTR FM NORMAL     0    [PRESSURE DATA]
TOTAL FM JAN 1  1018    HIGHEST SLP M ON M
DPTR FM NORMAL   229    LOWEST  SLP 29.57 ON 29

[REMARKS]
