000
CXUS55 KGLD 011915
CF6ITR
PRELIMINARY LOCAL CLIMATOLOGICAL DATA (WS FORM: F-6)

                                          STATION:   BURLINGTON CO
                                          MONTH:     AUGUST
                                          YEAR:      2011
                                          LATITUDE:   39 15 N
                                          LONGITUDE: 102 17 W

  TEMPERATURE IN F:       :PCPN:    SNOW:  WIND      :SUNSHINE: SKY     :PK WND
================================================================================
1   2   3   4   5  6A  6B    7    8   9   10  11  12  13   14  15   16   17  18
                                     12Z  AVG MX 2MIN
DY MAX MIN AVG DEP HDD CDD  WTR  SNW DPTH SPD SPD DIR MIN PSBL S-S WX    SPD DR
================================================================================

 1  98  66  82   8   0  17 0.00    M    M 11.3 22 220   M    M   1        29 190
 2  88  67  78   4   0  13 0.17    M    M 11.7 20  10   M    M   2 1      25 350
 3  81  65  73  -1   0   8 0.25    M    M  4.4 14 190   M    M   5 1      17 210
 4  92  63  78   4   0  13 1.72    M    M  8.7 31 330   M    M   1 13     39 330
 5  86  59  73  -1   0   8 0.00    M    M  5.3 22 250   M    M   2 1      29 250
 6  90  62  76   2   0  11 0.00    M    M  7.7 14 100   M    M   0        17 110
 7  90  61  76   2   0  11    T    M    M  9.6 28 330   M    M   0 3      35 360
 8  89  59  74   0   0   9 0.00    M    M  6.7 17  60   M    M   0 1      23  70
 9  89  55  72  -2   0   7 0.00    M    M 13.5 25  40   M    M   0        33 110
10  81  58  70  -3   0   5 0.00    M    M 13.8 28 120   M    M   4        37 120
11  86  62  74   1   0   9 0.03    M    M 15.1 33 160   M    M   4 3      46 170
12  83  57  70  -3   0   5 0.00    M    M 12.1 20 350   M    M   0        25 340
13  82  54  68  -5   0   3 0.00    M    M  9.3 21 150   M    M   4 12     28 130
14  92  62  77   4   0  12    T    M    M 16.5 28 180   M    M   2 138    35 180
15  89  61  75   3   0  10 0.00    M    M  8.1 15 350   M    M   0 1      17 360
16  90  61  76   4   0  11 0.05    M    M 11.9 28 270   M    M   2 3      36 270
17  85  58  72   0   0   7 0.04    M    M 10.8 23 150   M    M   1        30 150
18 100  60  80   8   0  15 0.00    M    M  8.8 17 200   M    M   0        26 320
19  91  60  76   4   0  11 0.01    M    M  8.9 21  30   M    M   1 3      26 180
20  86  59  73   1   0   8 0.00    M    M  5.5 14 120   M    M   1 1      20 120
21  90  60  75   4   0  10 0.00    M    M 12.0 24 150   M    M   0        30 150
22  96  61  79   8   0  14 0.00    M    M  6.6 16 260   M    M   0        21 260
23 100  61  81  10   0  16 0.00    M    M  6.6 14 300   M    M   0        20 300
24  95  55  75   4   0  10 0.00    M    M 10.5 21 110   M    M   0        25 120
25  96  60  78   8   0  13 0.00    M    M 15.8 28 170   M    M   0        33 210
26  94  61  78   8   0  13 0.00    M    M  8.6 18 190   M    M   0        24  40
27  94  62  78   8   0  13 0.00    M    M  5.3 12  80   M    M   0        17 330
28  98  61  80  10   0  15 0.32    M    M  6.8 25  80   M    M   0 13     32  90
29  85  64  75   6   0  10 0.14    M    M 11.0 25 160   M    M   6 13     32 160
30  94  60  77   8   0  12 0.00    M    M  7.1 15 360   M    M   0 3      20  10
31  95  61  78   9   0  13 0.00    M    M 10.8 23 140   M    M   0        30 260
================================================================================
SM 2805 1875         0 332  2.73    M    300.8          M       36
================================================================================
AV 90.5 60.5                               9.7 FASTST   M    M   1    MAX(MPH)
                                 MISC ---->  # 33 160               # 46  170
================================================================================
NOTES:
# LAST OF SEVERAL OCCURRENCES

COLUMN 17 PEAK WIND IN M.P.H.

PRELIMINARY LOCAL CLIMATOLOGICAL DATA (WS FORM: F-6) , PAGE 2

                                          STATION:  BURLINGTON CO
                                          MONTH:    AUGUST
                                          YEAR:     2011
                                          LATITUDE:   39 15 N
                                          LONGITUDE: 102 17 W

[TEMPERATURE DATA]      [PRECIPITATION DATA]       SYMBOLS USED IN COLUMN 16

AVERAGE MONTHLY: 75.5   TOTAL FOR MONTH:   2.73    1 = FOG OR MIST
DPTR FM NORMAL:   3.4   DPTR FM NORMAL:    0.32    2 = FOG REDUCING VISIBILITY
HIGHEST:   100 ON 23,18 GRTST 24HR  1.72 ON  4- 4      TO 1/4 MILE OR LESS
LOWEST:     54 ON 13                               3 = THUNDER
                        SNOW, ICE PELLETS, HAIL    4 = ICE PELLETS
                        TOTAL MONTH:    M          5 = HAIL
                        GRTST 24HR    M  ON   M    6 = FREEZING RAIN OR DRIZZLE
                        GRTST DEPTH:  M  ON   M    7 = DUSTSTORM OR SANDSTORM:
                                                       VSBY 1/2 MILE OR LESS
                                                   8 = SMOKE OR HAZE
[NO. OF DAYS WITH]      [WEATHER - DAYS WITH]      9 = BLOWING SNOW
                                                   X = TORNADO
MAX 32 OR BELOW:   0    0.01 INCH OR MORE:   9
MAX 90 OR ABOVE:  18    0.10 INCH OR MORE:   5
MIN 32 OR BELOW:   0    0.50 INCH OR MORE:   1
MIN  0 OR BELOW:   0    1.00 INCH OR MORE:   1

[HDD (BASE 65) ]
TOTAL THIS MO.     0    CLEAR  (SCALE 0-3)  26
DPTR FM NORMAL   -11    PTCLDY (SCALE 4-7)   5
TOTAL FM JUL 1     0    CLOUDY (SCALE 8-10)  0
DPTR FM NORMAL   -16

[CDD (BASE 65) ]
TOTAL THIS MO.   332
DPTR FM NORMAL   103    [PRESSURE DATA]
TOTAL FM JAN 1   975    HIGHEST SLP 30.14 ON 17
DPTR FM NORMAL   269    LOWEST  SLP 29.65 ON  8

[REMARKS]
#FINAL-08-11#
