000
CXUS55 KGLD 022027
CF6ITR
PRELIMINARY LOCAL CLIMATOLOGICAL DATA (WS FORM: F-6)

                                          STATION:   BURLINGTON CO
                                          MONTH:     SEPTEMBER
                                          YEAR:      2011
                                          LATITUDE:   39 15 N
                                          LONGITUDE: 102 17 W

  TEMPERATURE IN F:       :PCPN:    SNOW:  WIND      :SUNSHINE: SKY     :PK WND
================================================================================
1   2   3   4   5  6A  6B    7    8   9   10  11  12  13   14  15   16   17  18
                                     12Z  AVG MX 2MIN
DY MAX MIN AVG DEP HDD CDD  WTR  SNW DPTH SPD SPD DIR MIN PSBL S-S WX    SPD DR
================================================================================

 1  97  59  78  10   0  13 0.00    M    M  8.4 20 170   M    M   0        31 180
 2  79  63  71   3   0   6 0.02    M    M  9.5 24  10   M    M   4 138    30  10
 3  74  52  63  -5   2   0 0.04    M    M 14.4 29 360   M    M   2 38     39 270
 4  72  44  58 -10   7   0 0.03    M    M  6.2 15  60   M    M   2 38     17  80
 5  80  44  62  -5   3   0 0.00    M    M 14.2 25 170   M    M   0 8      31 150
 6  83  45  64  -3   1   0 0.05    M    M 12.6 25 130   M    M   2 1      32 140
 7  68  55  62  -5   3   0 0.01    M    M  5.2 10 330   M    M   9 18     14 330
 8  80  46  63  -3   2   0 0.00    M    M  8.5 16  40   M    M   2 18     22  50
 9  77  42  60  -6   5   0 0.00    M    M  5.9 14  50   M    M   0 18     26  50
10  79  42  61  -5   4   0 0.00    M    M  4.9 12  20   M    M   0 18     15  50
11  86  47  67   2   0   2 0.00    M    M  9.6 17 210   M    M   0 18     22 190
12  89  49  69   4   0   4 0.00    M    M  8.3 18 330   M    M   0 8      24 350
13  75  53  64   0   1   0    T    M    M  8.3 17  70   M    M   2 8      20  70
14  63  46  55  -9  10   0 0.27    M    M 12.7 22 110   M    M   9 18     31 110
15  47  38  43 -21  22   0 0.22    M    M 17.8 28 150   M    M  10 1      33 160
16  56  44  50 -13  15   0 0.00    M    M  9.2 17 160   M    M  10 12     21 170
17  73  51  62  -1   3   0 0.38    M    M  8.5 23 340   M    M   6 13     31 330
18  75  46  61  -1   4   0 0.01    M    M  7.4 13 350   M    M   0        21 360
19  81  46  64   2   1   0 0.00    M    M  7.8 16 200   M    M   0 8      22 200
20  70  49  60  -2   5   0    T    M    M 11.3 28 360   M    M   0 8      38  10
21  65  43  54  -7  11   0 0.00    M    M  5.2 13 110   M    M   3        18 120
22  78  42  60  -1   5   0 0.00    M    M  8.2 17 260   M    M   0 8      23 360
23  84   M   M   M   M   M 0.00    M    M  6.6 14 360   M    M   0 8      17 300
24  85  49  67   7   0   2 0.00    M    M  9.7 20 320   M    M   0 8      23 360
25  84  44  64   4   1   0 0.00    M    M  7.4 15 320   M    M   0 18     20 320
26  87  45  66   7   0   1 0.00    M    M  5.5 14  10   M    M   0 18     20  10
27  85  44  65   6   0   0 0.00    M    M   M   M   M   M    M   0         M  M
28  90  50  70  12   0   5 0.00    M    M  8.1 16 330   M    M   0 8      22 330
29  70  39  55  -3  10   0 0.00    M    M 10.8 25  10   M    M   0 8      33  20
30  74  37  56  -1   9   0 0.00    M    M 12.5 23 190   M    M   0        30 170
================================================================================
SM 2306 1354       124  33  1.03    M    264.7          M       61
================================================================================
AV 76.9 46.7                               9.1 FASTST   M    M   2    MAX(MPH)
                                 MISC ---->  # 29 360               # 39  270
================================================================================
NOTES:
# LAST OF SEVERAL OCCURRENCES

COLUMN 17 PEAK WIND IN M.P.H.

PRELIMINARY LOCAL CLIMATOLOGICAL DATA (WS FORM: F-6) , PAGE 2

                                          STATION:  BURLINGTON CO
                                          MONTH:    SEPTEMBER
                                          YEAR:     2011
                                          LATITUDE:   39 15 N
                                          LONGITUDE: 102 17 W

[TEMPERATURE DATA]      [PRECIPITATION DATA]       SYMBOLS USED IN COLUMN 16

AVERAGE MONTHLY: 61.8   TOTAL FOR MONTH:   1.03    1 = FOG OR MIST
DPTR FM NORMAL:  -1.5   DPTR FM NORMAL:   -0.11    2 = FOG REDUCING VISIBILITY
HIGHEST:    97 ON  1    GRTST 24HR  0.48 ON 14-15      TO 1/4 MILE OR LESS
LOWEST:     37 ON 30                               3 = THUNDER
                        SNOW, ICE PELLETS, HAIL    4 = ICE PELLETS
                        TOTAL MONTH:    M          5 = HAIL
                        GRTST 24HR    M  ON   M    6 = FREEZING RAIN OR DRIZZLE
                        GRTST DEPTH:  M  ON   M    7 = DUSTSTORM OR SANDSTORM:
                                                       VSBY 1/2 MILE OR LESS
                                                   8 = SMOKE OR HAZE
[NO. OF DAYS WITH]      [WEATHER - DAYS WITH]      9 = BLOWING SNOW
                                                   X = TORNADO
MAX 32 OR BELOW:   0    0.01 INCH OR MORE:   9
MAX 90 OR ABOVE:   2    0.10 INCH OR MORE:   3
MIN 32 OR BELOW:   0    0.50 INCH OR MORE:   0
MIN  0 OR BELOW:   0    1.00 INCH OR MORE:   0

[HDD (BASE 65) ]
TOTAL THIS MO.   124    CLEAR  (SCALE 0-3)  23
DPTR FM NORMAL    -6    PTCLDY (SCALE 4-7)   3
TOTAL FM JUL 1   124    CLOUDY (SCALE 8-10)  4
DPTR FM NORMAL   -22

[CDD (BASE 65) ]
TOTAL THIS MO.    33
DPTR FM NORMAL   -44    [PRESSURE DATA]
TOTAL FM JAN 1  1008    HIGHEST SLP 30.37 ON 29
DPTR FM NORMAL   225    LOWEST  SLP 29.68 ON  2

[REMARKS]
#FINAL-09-11#
