000
CXUS55 KGLD 010800
CF6ITR
PRELIMINARY LOCAL CLIMATOLOGICAL DATA (WS FORM: F-6)

                                          STATION:   BURLINGTON CO
                                          MONTH:     NOVEMBER
                                          YEAR:      2011
                                          LATITUDE:   39 15 N
                                          LONGITUDE: 102 17 W

  TEMPERATURE IN F:       :PCPN:    SNOW:  WIND      :SUNSHINE: SKY     :PK WND
================================================================================
1   2   3   4   5  6A  6B    7    8   9   10  11  12  13   14  15   16   17  18
                                     12Z  AVG MX 2MIN
DY MAX MIN AVG DEP HDD CDD  WTR  SNW DPTH SPD SPD DIR MIN PSBL S-S WX    SPD DR
================================================================================

 1  58  35  47   2  18   0 0.00    M    M 13.1 29  40   M    M   1 1      35  30
 2  35  15  25 -19  40   0 0.13    M    M 18.8 30  10   M    M   6 1      39  10
 3  46  12  29 -15  36   0 0.00    M    M 13.3 24 160   M    M   0        30 160
 4  64  23  44   1  21   0 0.00    M    M 14.5 22 180   M    M   0        28 180
 5  63  34  49   6  16   0 0.02    M    M 21.7 41 170   M    M   3        51 160
 6  52  24  38  -4  27   0 0.00    M    M 10.0 21 160   M    M   1        25 190
 7  43  24  34  -8  31   0    T    M    M  9.3 23 110   M    M   6 1      26 110
 8  42  25  34  -8  31   0    T    M    M 11.5 20  10   M    M   7 12     23  10
 9  48  21  35  -6  30   0 0.00    M    M 10.4 21 310   M    M   0        24 330
10  62  21  42   1  23   0 0.00    M    M  9.7 14 250   M    M   0        22 270
11  64   M   M   M   M   M 0.00    M    M  8.3 13 150   M    M   0         M  M
12  71   M   M   M   M   M 0.00    M    M   M   M   M   M    M   0         M  M
13   M   M   M   M   M   M    M    M    M   M   M   M   M    M   M         M  M
14   M   M   M   M   M   M 0.00    M    M   M   M   M   M    M   0         M  M
15   M   M   M   M   M   M 0.00    M    M 10.7 21  30   M    M   2        30  30
16  42  13  28 -10  37   0 0.00    M    M  8.6 24 330   M    M   4        29 340
17  53  19  36  -2  29   0 0.00    M    M 14.3 23 200   M    M   0 8      28 200
18  69  28  49  12  16   0 0.00    M    M 12.1 21 220   M    M   0        25 220
19  55  17  36  -1  29   0 0.00    M    M 11.5 30 240   M    M   3 18     46 310
20  37  14  26 -10  39   0 0.00    M    M  8.6 18 170   M    M   2 12     21 180
21  46  12  29  -7  36   0 0.00    M    M  6.4 13 270   M    M   0        15 250
22  61  27  44   9  21   0 0.00    M    M  8.8 21 330   M    M   0        28 320
23  66  27  47  12  18   0 0.00    M    M 12.0 23 180   M    M   0        36 310
24  73  30  52  18  13   0 0.00    M    M  7.5 15 280   M    M   0        16 120
25  58  37  48  14  17   0    T    M    M 11.5 41 320   M    M   6        55 320
26  40  23  32  -1  33   0 0.02    M    M 25.7 44 340   M    M   2 1      55 330
27  56  15  36   3  29   0 0.00    M    M  9.5 17 340   M    M   0 8      22 340
28  68  28  48  15  17   0 0.00    M    M 14.3 32 330   M    M   0        41 330
29  51  23  37   5  28   0 0.00    M    M  9.6 18 220   M    M   1 8      23 220
30  62  28  45  13  20   0 0.00    M    M 11.5 20 350   M    M   0 8      26 350
================================================================================
SM 1485  575       655   0  0.17    M    323.2          M       44
================================================================================
AV 55.0 23.0                              12.0 FASTST   M    M   2    MAX(MPH)
                                 MISC ---->  # 44 340               # 55  320
================================================================================
NOTES:
# LAST OF SEVERAL OCCURRENCES

COLUMN 17 PEAK WIND IN M.P.H.

PRELIMINARY LOCAL CLIMATOLOGICAL DATA (WS FORM: F-6) , PAGE 2

                                          STATION:  BURLINGTON CO
                                          MONTH:    NOVEMBER
                                          YEAR:     2011
                                          LATITUDE:   39 15 N
                                          LONGITUDE: 102 17 W

[TEMPERATURE DATA]      [PRECIPITATION DATA]       SYMBOLS USED IN COLUMN 16

AVERAGE MONTHLY: 39.0   TOTAL FOR MONTH:   0.17    1 = FOG OR MIST
DPTR FM NORMAL:   0.8   DPTR FM NORMAL:   -0.42    2 = FOG REDUCING VISIBILITY
HIGHEST:    73 ON 24    GRTST 24HR  0.13 ON  2- 2      TO 1/4 MILE OR LESS
LOWEST:     12 ON 21, 3                            3 = THUNDER
                        SNOW, ICE PELLETS, HAIL    4 = ICE PELLETS
                        TOTAL MONTH:    M          5 = HAIL
                        GRTST 24HR    M  ON   M    6 = FREEZING RAIN OR DRIZZLE
                        GRTST DEPTH:  M  ON   M    7 = DUSTSTORM OR SANDSTORM:
                                                       VSBY 1/2 MILE OR LESS
                                                   8 = SMOKE OR HAZE
[NO. OF DAYS WITH]      [WEATHER - DAYS WITH]      9 = BLOWING SNOW
                                                   X = TORNADO
MAX 32 OR BELOW:   0    0.01 INCH OR MORE:   3
MAX 90 OR ABOVE:   0    0.10 INCH OR MORE:   1
MIN 32 OR BELOW:  22    0.50 INCH OR MORE:   0
MIN  0 OR BELOW:   0    1.00 INCH OR MORE:   0

[HDD (BASE 65) ]
TOTAL THIS MO.   655    CLEAR  (SCALE 0-3)  24
DPTR FM NORMAL  -149    PTCLDY (SCALE 4-7)   5
TOTAL FM JUL 1  1178    CLOUDY (SCALE 8-10)  0
DPTR FM NORMAL  -215

[CDD (BASE 65) ]
TOTAL THIS MO.     0
DPTR FM NORMAL     0    [PRESSURE DATA]
TOTAL FM JAN 1  1018    HIGHEST SLP M ON M
DPTR FM NORMAL   229    LOWEST  SLP 29.24 ON  5

[REMARKS]
#FINAL-11-11#
