000
CXUS55 KGLD 020551
CF6ITR
PRELIMINARY LOCAL CLIMATOLOGICAL DATA (WS FORM: F-6)

                                          STATION:   BURLINGTON CO
                                          MONTH:     MAY
                                          YEAR:      2011
                                          LATITUDE:   39 15 N
                                          LONGITUDE: 102 17 W

  TEMPERATURE IN F:       :PCPN:    SNOW:  WIND      :SUNSHINE: SKY     :PK WND
================================================================================
1   2   3   4   5  6A  6B    7    8   9   10  11  12  13   14  15   16   17  18
                                     12Z  AVG MX 2MIN
DY MAX MIN AVG DEP HDD CDD  WTR  SNW DPTH SPD SPD DIR MIN PSBL S-S WX    SPD DR
================================================================================

 1  56  32  44  -8  21   0 0.00    M    M  8.9 22  90   M    M   4        30 100
 2  58  28  43 -10  22   0 0.00    M    M 10.1 22 250   M    M   4        26 250
 3  70  32  51  -2  14   0 0.00    M    M 10.6 17 170   M    M   0        23 180
 4  70  34  52  -1  13   0 0.00    M    M 15.3 33  10   M    M   1        43 360
 5  67  31  49  -5  16   0 0.00    M    M  8.6 22 320   M    M   1        30 360
 6  83  42  63   9   2   0 0.00    M    M  9.2 25 190   M    M   0        31 190
 7  85  37  61   7   4   0 0.00    M    M 11.1 24 150   M    M   0        30 150
 8  90  48  69  14   0   4 0.00    M    M 13.9 28 230   M    M   1        35 220
 9  87  51  69  14   0   4 0.00    M    M 14.4 29 220   M    M   0        37 230
10  81  38  60   5   5   0 0.00    M    M 11.6 28 150   M    M   0        38 140
11  69  41  55  -1  10   0 0.13    M    M 18.1 33  30   M    M   5 3       M 210
12  47  38  43 -13  22   0 0.31    M    M 24.7 37 320   M    M  10 1      45 330
13  62  33  48  -8  17   0 0.00    M    M 15.0 25 350   M    M   3        33 350
14  58  28  43 -14  22   0 0.00    M    M 12.1 22  10   M    M   6        32  30
15  57  34  46 -11  19   0 0.00    M    M  9.9 20  40   M    M   7        25 350
16  68  31  50  -8  15   0 0.00    M    M 18.5 30 150   M    M   0        45 140
17  72  45  59   1   6   0 1.00    M    M 27.7 43 160   M    M   1 3      52 280
18  53  43  48 -10  17   0 0.21    M    M 14.9 32  40   M    M   9 123    38  40
19  66  42  54  -5  11   0 0.33    M    M  8.1 26 300   M    M   6 123    32 310
20  67  39  53  -6  12   0    T    M    M 10.7 22 310   M    M   2 1      28 320
21  73  41  57  -2   8   0 0.02    M    M  8.4 29 230   M    M   1 3      35 230
22  80  44  62   2   3   0 0.00    M    M 10.5 22 310   M    M   1        28 290
23  78  50  64   4   1   0 0.00    M    M 10.7 26  60   M    M   2 3      38  60
24  66  41  54  -7  11   0 0.43    M    M 18.3 39 330   M    M   6 13     47 340
25  61  40  51 -10  14   0 0.69    M    M 20.7 37 330   M    M   7 1      46 340
26  70  36  53  -8  12   0 0.00    M    M 18.1 33 150   M    M   0        43 150
27  71  42  57  -5   8   0 0.00    M    M 10.8 21 360   M    M   0        30 340
28  72  44  58  -4   7   0 0.00    M    M 14.3 24 110   M    M   7        31 110
29  91  53  72  10   0   7 0.00    M    M 15.1 30 120   M    M   5 12     37 190
30  89  44  67   4   0   2 0.00    M    M 19.1 41 300   M    M   1 8      52 350
31  81  40  61  -2   4   0 0.00    M    M 13.8 31 150   M    M   0        38 150
================================================================================
SM 2198 1222       316  17  3.12    M    433.2          M       90
================================================================================
AV 70.9 39.4                              14.0 FASTST   M    M   3    MAX(MPH)
                                 MISC ---->  # 43 160               # 52  280
================================================================================
NOTES:
# LAST OF SEVERAL OCCURRENCES

COLUMN 17 PEAK WIND IN M.P.H.

PRELIMINARY LOCAL CLIMATOLOGICAL DATA (WS FORM: F-6) , PAGE 2

                                          STATION:  BURLINGTON CO
                                          MONTH:    MAY
                                          YEAR:     2011
                                          LATITUDE:   39 15 N
                                          LONGITUDE: 102 17 W

[TEMPERATURE DATA]      [PRECIPITATION DATA]       SYMBOLS USED IN COLUMN 16

AVERAGE MONTHLY: 55.2   TOTAL FOR MONTH:   3.12    1 = FOG OR MIST
DPTR FM NORMAL:  -2.4   DPTR FM NORMAL:    0.24    2 = FOG REDUCING VISIBILITY
HIGHEST:    91 ON 29    GRTST 24HR  1.12 ON 24-25      TO 1/4 MILE OR LESS
LOWEST:     28 ON 14, 2                            3 = THUNDER
                        SNOW, ICE PELLETS, HAIL    4 = ICE PELLETS
                        TOTAL MONTH:    M          5 = HAIL
                        GRTST 24HR    M  ON   M    6 = FREEZING RAIN OR DRIZZLE
                        GRTST DEPTH:  M  ON   M    7 = DUSTSTORM OR SANDSTORM:
                                                       VSBY 1/2 MILE OR LESS
                                                   8 = SMOKE OR HAZE
[NO. OF DAYS WITH]      [WEATHER - DAYS WITH]      9 = BLOWING SNOW
                                                   X = TORNADO
MAX 32 OR BELOW:   0    0.01 INCH OR MORE:   8
MAX 90 OR ABOVE:   2    0.10 INCH OR MORE:   7
MIN 32 OR BELOW:   6    0.50 INCH OR MORE:   2
MIN  0 OR BELOW:   0    1.00 INCH OR MORE:   1

[HDD (BASE 65) ]
TOTAL THIS MO.   316    CLEAR  (SCALE 0-3)  18
DPTR FM NORMAL    58    PTCLDY (SCALE 4-7)  11
TOTAL FM JUL 1  5900    CLOUDY (SCALE 8-10)  2
DPTR FM NORMAL  -313

[CDD (BASE 65) ]
TOTAL THIS MO.    17
DPTR FM NORMAL   -11    [PRESSURE DATA]
TOTAL FM JAN 1    17    HIGHEST SLP 30.37 ON  2
DPTR FM NORMAL   -13    LOWEST  SLP 29.23 ON 29

[REMARKS]
#FINAL-05-11#
