000
CXUS55 KGLD 152207
CF6ITR
PRELIMINARY LOCAL CLIMATOLOGICAL DATA (WS FORM: F-6)

                                          STATION:   BURLINGTON CO
                                          MONTH:     APRIL
                                          YEAR:      2011
                                          LATITUDE:   39 15 N
                                          LONGITUDE: 102 17 W

  TEMPERATURE IN F:       :PCPN:    SNOW:  WIND      :SUNSHINE: SKY     :PK WND
================================================================================
1   2   3   4   5  6A  6B    7    8   9   10  11  12  13   14  15   16   17  18
                                     12Z  AVG MX 2MIN
DY MAX MIN AVG DEP HDD CDD  WTR  SNW DPTH SPD SPD DIR MIN PSBL S-S WX    SPD DR
================================================================================

 1  65  31  48   5  17   0 0.00    M    M  9.8 22 360   M    M   0        25 360
 2  85  41  63  20   2   0 0.00    M    M 15.1 30 220   M    M   0 8      39 220
 3  65  32  49   5  16   0 0.17    M    M 15.9 30 350   M    M   3 12     40 360
 4  51  24  38  -6  27   0 0.00    M    M 14.2 30 310   M    M   2        36 310
 5  79  30  55  11  10   0 0.00    M    M 12.5 28 220   M    M   0        36 200
 6  62  37  50   5  15   0 0.00    M    M 11.3 22  20   M    M   2        29  20
 7  64  42  53   8  12   0    T    M    M 13.1 31 340   M    M   5 128    41 340
 8  80  40  60  15   5   0 0.00    M    M 15.1 25 190   M    M   4 12     35 210
 9  84  38  61  15   4   0 0.00    M    M 20.7 45 210   M    M   0 8      55 210
10  59  34  47   1  18   0 0.03    M    M 13.4 33 310   M    M   5 18     45 300
11  64  33  49   3  16   0 0.00    M    M 12.1 24 310   M    M   0        31 320
12  75  35  55   8  10   0 0.00    M    M 11.7 20 180   M    M   0        24 180
13  63  36  50   3  15   0 0.00    M    M 16.4 26  20   M    M   1        35 340
14  33  27  30 -17  35   0 0.99    M    M   M   M   M   M    M   M 123     M  M
15  52  27  40  -8  25   0 0.00    M    M   M   M   M   M    M   0 123     M  M
16  67  26  47  -1  18   0 0.00    M    M  8.6 21 210   M    M   3        25 200
17  77  33  55   7  10   0 0.00    M    M  9.9 31 360   M    M   1        48  10
18  64  36  50   2  15   0 0.01    M    M 14.0 26 110   M    M   5 128    32 120
19  55  37  46  -3  19   0 0.16    M    M  8.1  M   M   M    M   7 12      M  M
20  51  35  43  -6  22   0 0.00    M    M 14.0 24 140   M    M   8        30 140
21  69  35  52   3  13   0 0.00    M    M 15.9 39 160   M    M   1 1      48 170
22  67  33  50   0  15   0 0.00    M    M  8.6 21 330   M    M   3 12     28 310
23  49  34  42  -8  23   0 0.00    M    M 10.4 20 350   M    M   8        24 360
24  53  34  44  -6  21   0 0.01    M    M 11.7 20  80   M    M   9 1      24  80
25  45  33  39 -12  26   0 0.31    M    M  6.7 15 110   M    M   8 1      26 130
26  60  33  47  -4  18   0 0.07    M    M  8.2 22 340   M    M   4 13     28 330
27  54  32  43  -8  22   0 0.34    M    M  9.7 22 320   M    M   6 1      29 330
28  68  29  49  -3  16   0 0.00    M    M 11.8 22 190   M    M   0        29 210
29  83  37  60   8   5   0 0.00    M    M 20.1 35 350   M    M   0        47 350
30  55  34  45  -7  20   0 0.00    M    M 15.6 33 320   M    M   4        44 310
================================================================================
SM 1898 1008       490   0  2.09    M    354.6          M       89
================================================================================
AV 63.3 33.6                              12.7 FASTST   M    M   3    MAX(MPH)
                                 MISC ---->  # 45 210               # 55  210
================================================================================
NOTES:
# LAST OF SEVERAL OCCURRENCES

COLUMN 17 PEAK WIND IN M.P.H.

PRELIMINARY LOCAL CLIMATOLOGICAL DATA (WS FORM: F-6) , PAGE 2

                                          STATION:  BURLINGTON CO
                                          MONTH:    APRIL
                                          YEAR:     2011
                                          LATITUDE:   39 15 N
                                          LONGITUDE: 102 17 W

[TEMPERATURE DATA]      [PRECIPITATION DATA]       SYMBOLS USED IN COLUMN 16

AVERAGE MONTHLY: 48.4   TOTAL FOR MONTH:   2.09    1 = FOG OR MIST
DPTR FM NORMAL:   0.7   DPTR FM NORMAL:    0.74    2 = FOG REDUCING VISIBILITY
HIGHEST:    85 ON  2    GRTST 24HR  0.99 ON 14-14      TO 1/4 MILE OR LESS
LOWEST:     24 ON  4                               3 = THUNDER
                        SNOW, ICE PELLETS, HAIL    4 = ICE PELLETS
                        TOTAL MONTH:    M          5 = HAIL
                        GRTST 24HR    M  ON   M    6 = FREEZING RAIN OR DRIZZLE
                        GRTST DEPTH:  M  ON   M    7 = DUSTSTORM OR SANDSTORM:
                                                       VSBY 1/2 MILE OR LESS
                                                   8 = SMOKE OR HAZE
[NO. OF DAYS WITH]      [WEATHER - DAYS WITH]      9 = BLOWING SNOW
                                                   X = TORNADO
MAX 32 OR BELOW:   0    0.01 INCH OR MORE:   9
MAX 90 OR ABOVE:   0    0.10 INCH OR MORE:   5
MIN 32 OR BELOW:   9    0.50 INCH OR MORE:   1
MIN  0 OR BELOW:   0    1.00 INCH OR MORE:   0

[HDD (BASE 65) ]
TOTAL THIS MO.   490    CLEAR  (SCALE 0-3)  15
DPTR FM NORMAL   -33    PTCLDY (SCALE 4-7)  12
TOTAL FM JUL 1  5584    CLOUDY (SCALE 8-10)  2
DPTR FM NORMAL  -371

[CDD (BASE 65) ]
TOTAL THIS MO.     0
DPTR FM NORMAL    -2    [PRESSURE DATA]
TOTAL FM JAN 1     0    HIGHEST SLP M ON M
DPTR FM NORMAL    -2    LOWEST  SLP 29.25 ON 29

[REMARKS]
#FINAL-04-11#
