000
CXUS55 KGLD 011945
CF6ITR
PRELIMINARY LOCAL CLIMATOLOGICAL DATA (WS FORM: F-6)

                                          STATION:   BURLINGTON CO
                                          MONTH:     APRIL
                                          YEAR:      2014
                                          LATITUDE:   39 15 N
                                          LONGITUDE: 102 17 W

  TEMPERATURE IN F:       :PCPN:    SNOW:  WIND      :SUNSHINE: SKY     :PK WND
================================================================================
1   2   3   4   5  6A  6B    7    8   9   10  11  12  13   14  15   16   17  18
                                     12Z  AVG MX 2MIN
DY MAX MIN AVG DEP HDD CDD  WTR  SNW DPTH SPD SPD DIR MIN PSBL S-S WX    SPD DR
================================================================================

 1  59  19  39  -5  26   0 0.00    M    M 18.4 35 160   M    M   0        42 160
 2  58  29  44   0  21   0 0.00    M    M 13.9 24  80   M    M   3 1      28  90
 3  39  25  32 -13  33   0 0.28    M    M 12.0 26  10   M    M   7 128    31  20
 4  56  23  40  -5  25   0 0.00    M    M 11.5 30 170   M    M   1        35 170
 5  61  27  44  -1  21   0 0.00    M    M 12.7 29 170   M    M   1        33 170
 6  62  34  48   3  17   0 0.00    M    M 11.9 26 330   M    M   3 1      33 330
 7  56  27  42  -4  23   0 0.00    M    M 19.1 41 320   M    M   2        49 360
 8  69  25  47   1  18   0 0.00    M    M 12.4 25 360   M    M   1        34  10
 9  81  41  61  15   4   0 0.00    M    M 10.7 23 280   M    M   0        27 270
10  66  43  55   9  10   0 0.00    M    M 12.4 23  30   M    M   0        30 340
11  79  41  60  14   5   0 0.00    M    M 14.1 25 180   M    M   0        33 190
12  80  48  64  17   1   0 0.00    M    M 11.9 23  60   M    M   1        28  40
13  53  24  39  -8  26   0 0.04    M    M 24.5 36  30   M    M   8 16     44  30
14  39  21  30 -17  35   0    T    M    M 15.6 24 320   M    M   3 1      36 310
15  65  24  45  -3  20   0 0.00    M    M 16.3 25 240   M    M   0        31 210
16  58  38  48   0  17   0 0.00    M    M 19.1 37 360   M    M   2        46  10
17  54  30  42  -6  23   0 0.00    M    M 16.2 26 180   M    M   7 1      32 190
18  77  36  57   9   8   0 0.00    M    M 19.0 28 160   M    M   0 18     33 170
19  73  45  59  10   6   0 0.00    M    M 14.6 26  20   M    M   1        33  20
20  73  44  59  10   6   0 0.00    M    M  8.8 16  60   M    M   1 1      22  50
21  70  43  57   8   8   0 0.00    M    M 12.9 25  40   M    M   0        30  40
22  84  43  64  14   1   0 0.00    M    M 22.0 39 170   M    M   0        45 180
23  83  47  65  15   0   0 0.00    M    M 25.0 41  10   M    M   2 8      55 360
24  66  40  53   3  12   0 0.00    M    M 14.2 36 330   M    M   1        50 340
25  78  31  55   4  10   0 0.00    M    M 11.7 25 140   M    M   0        33 150
26  85  41  63  12   2   0 0.00    M    M 16.2 31 210   M    M   0        40 210
27  63  37  50  -2  15   0 0.07    M    M   M   M   M   M    M   M 38      M  M
28  56  36  46  -6  19   0 0.00    M    M 28.7 48 320   M    M   4        58 320
29  48  33  41 -11  24   0    T    M    M 32.3 52 340   M    M   9 18     67 340
30  54  33  44  -9  21   0    T    M    M 23.6 39 340   M    M   6 1      53 330
================================================================================
SM 1945 1028       457   0  0.39    M    481.7          M       63
================================================================================
AV 64.8 34.3                              16.6 FASTST   M    M   2    MAX(MPH)
                                 MISC ---->  # 52 340               # 67  340
================================================================================
NOTES:
# LAST OF SEVERAL OCCURRENCES

COLUMN 17 PEAK WIND IN M.P.H.

PRELIMINARY LOCAL CLIMATOLOGICAL DATA (WS FORM: F-6) , PAGE 2

                                          STATION:  BURLINGTON CO
                                          MONTH:    APRIL
                                          YEAR:     2014
                                          LATITUDE:   39 15 N
                                          LONGITUDE: 102 17 W

[TEMPERATURE DATA]      [PRECIPITATION DATA]       SYMBOLS USED IN COLUMN 16

AVERAGE MONTHLY: 49.6   TOTAL FOR MONTH:   0.39    1 = FOG OR MIST
DPTR FM NORMAL:   1.7   DPTR FM NORMAL:   -1.07    2 = FOG REDUCING VISIBILITY
HIGHEST:    85 ON 26    GRTST 24HR  0.28 ON  3- 3      TO 1/4 MILE OR LESS
LOWEST:     19 ON  1                               3 = THUNDER
                        SNOW, ICE PELLETS, HAIL    4 = ICE PELLETS
                        TOTAL MONTH:    M          5 = HAIL
                        GRTST 24HR    M  ON   M    6 = FREEZING RAIN OR DRIZZLE
                        GRTST DEPTH:  M  ON   M    7 = DUSTSTORM OR SANDSTORM:
                                                       VSBY 1/2 MILE OR LESS
                                                   8 = SMOKE OR HAZE
[NO. OF DAYS WITH]      [WEATHER - DAYS WITH]      9 = BLOWING SNOW
                                                   X = TORNADO
MAX 32 OR BELOW:   0    0.01 INCH OR MORE:   3
MAX 90 OR ABOVE:   0    0.10 INCH OR MORE:   1
MIN 32 OR BELOW:  12    0.50 INCH OR MORE:   0
MIN  0 OR BELOW:   0    1.00 INCH OR MORE:   0

[HDD (BASE 65) ]
TOTAL THIS MO.   457    CLEAR  (SCALE 0-3)  22
DPTR FM NORMAL   -56    PTCLDY (SCALE 4-7)   5
TOTAL FM JUL 1  5773    CLOUDY (SCALE 8-10)  2
DPTR FM NORMAL   -71

[CDD (BASE 65) ]
TOTAL THIS MO.     0
DPTR FM NORMAL    -1    [PRESSURE DATA]
TOTAL FM JAN 1     0    HIGHEST SLP M ON M
DPTR FM NORMAL    -1    LOWEST  SLP 29.14 ON 26

[REMARKS]
#FINAL-04-14#
